Heray-Was-Here
Server : LiteSpeed
System : Linux server261.web-hosting.com 4.18.0-513.18.1.lve.el8.x86_64 #1 SMP Thu Feb 22 12:55:50 UTC 2024 x86_64
User : kinaybkk ( 1435)
PHP Version : 8.3.31
Disable Function : NONE
Directory :  /home/kinaybkk/access-logs/

Upload File :
current_dir [ Writeable ] document_root [ Writeable ]

 

Current File : /home/kinaybkk/access-logs/metrohometrader.com
49.13.167.123 - - [20/Jun/2026:08:10:15 -0400] "HEAD / HTTP/1.1" 301 0 "http://metrohometrader.com/" "Mozilla/5.0+(compatible; UptimeRobot/2.0; http://www.uptimerobot.com/)"
209.97.160.213 - - [20/Jun/2026:08:11:32 -0400] "POST / HTTP/1.1" 301 795 "-" "Mozilla/5.0 (Windows NT 10.0; Win64; x64) AppleWebKit/537.36"
209.97.160.213 - - [20/Jun/2026:08:11:34 -0400] "GET /wp-content/uploads/WPL/3/nx10.php HTTP/1.1" 301 795 "-" "Mozilla/5.0 (Windows NT 10.0; Win64; x64) AppleWebKit/537.36"
209.97.160.213 - - [20/Jun/2026:08:11:34 -0400] "GET /wp-content/uploads/WPL/8/nx10.php HTTP/1.1" 301 795 "-" "Mozilla/5.0 (Windows NT 10.0; Win64; x64) AppleWebKit/537.36"
209.97.160.213 - - [20/Jun/2026:08:11:35 -0400] "GET /wp-content/uploads/WPL/17/nx10.php HTTP/1.1" 301 795 "-" "Mozilla/5.0 (Windows NT 10.0; Win64; x64) AppleWebKit/537.36"
209.97.160.213 - - [20/Jun/2026:08:11:35 -0400] "GET /wp-content/uploads/WPL/14/nx10.php HTTP/1.1" 301 795 "-" "Mozilla/5.0 (Windows NT 10.0; Win64; x64) AppleWebKit/537.36"
209.97.160.213 - - [20/Jun/2026:08:11:35 -0400] "GET /wp-content/uploads/WPL/15/nx10.php HTTP/1.1" 301 795 "-" "Mozilla/5.0 (Windows NT 10.0; Win64; x64) AppleWebKit/537.36"
209.97.160.213 - - [20/Jun/2026:08:11:35 -0400] "GET /wp-content/uploads/WPL/20/nx10.php HTTP/1.1" 301 795 "-" "Mozilla/5.0 (Windows NT 10.0; Win64; x64) AppleWebKit/537.36"
209.97.160.213 - - [20/Jun/2026:08:11:35 -0400] "GET /wp-content/uploads/WPL/22/nx10.php HTTP/1.1" 301 795 "-" "Mozilla/5.0 (Windows NT 10.0; Win64; x64) AppleWebKit/537.36"
209.97.160.213 - - [20/Jun/2026:08:11:35 -0400] "GET /wp-content/uploads/WPL/21/nx10.php HTTP/1.1" 301 795 "-" "Mozilla/5.0 (Windows NT 10.0; Win64; x64) AppleWebKit/537.36"
209.97.160.213 - - [20/Jun/2026:08:11:35 -0400] "GET /wp-content/uploads/WPL/25/nx10.php HTTP/1.1" 301 795 "-" "Mozilla/5.0 (Windows NT 10.0; Win64; x64) AppleWebKit/537.36"
209.97.160.213 - - [20/Jun/2026:08:11:35 -0400] "GET /wp-content/uploads/WPL/23/nx10.php HTTP/1.1" 301 795 "-" "Mozilla/5.0 (Windows NT 10.0; Win64; x64) AppleWebKit/537.36"
209.97.160.213 - - [20/Jun/2026:08:11:35 -0400] "GET /wp-content/uploads/WPL/28/nx10.php HTTP/1.1" 301 795 "-" "Mozilla/5.0 (Windows NT 10.0; Win64; x64) AppleWebKit/537.36"
209.97.160.213 - - [20/Jun/2026:08:11:35 -0400] "GET /wp-content/uploads/WPL/29/nx10.php HTTP/1.1" 301 795 "-" "Mozilla/5.0 (Windows NT 10.0; Win64; x64) AppleWebKit/537.36"
103.87.250.79 - - [20/Jun/2026:08:20:04 -0400] "POST / HTTP/1.1" 301 795 "-" "Mozilla/5.0 (Windows NT 10.0; Win64; x64) AppleWebKit/537.36"
103.87.250.79 - - [20/Jun/2026:08:20:10 -0400] "GET /wp-content/uploads/WPL/1/Nx3.php HTTP/1.1" 301 795 "-" "Mozilla/5.0 (Windows NT 10.0; Win64; x64) AppleWebKit/537.36"
103.87.250.79 - - [20/Jun/2026:08:20:10 -0400] "GET /wp-content/uploads/WPL/9/Nx3.php HTTP/1.1" 301 795 "-" "Mozilla/5.0 (Windows NT 10.0; Win64; x64) AppleWebKit/537.36"
103.87.250.79 - - [20/Jun/2026:08:20:10 -0400] "GET /wp-content/uploads/WPL/3/Nx3.php HTTP/1.1" 301 795 "-" "Mozilla/5.0 (Windows NT 10.0; Win64; x64) AppleWebKit/537.36"
103.87.250.79 - - [20/Jun/2026:08:20:10 -0400] "GET /wp-content/uploads/WPL/2/Nx3.php HTTP/1.1" 301 795 "-" "Mozilla/5.0 (Windows NT 10.0; Win64; x64) AppleWebKit/537.36"
103.87.250.79 - - [20/Jun/2026:08:20:10 -0400] "GET /wp-content/uploads/WPL/10/Nx3.php HTTP/1.1" 301 795 "-" "Mozilla/5.0 (Windows NT 10.0; Win64; x64) AppleWebKit/537.36"
103.87.250.79 - - [20/Jun/2026:08:20:10 -0400] "GET /wp-content/uploads/WPL/5/Nx3.php HTTP/1.1" 301 795 "-" "Mozilla/5.0 (Windows NT 10.0; Win64; x64) AppleWebKit/537.36"
103.87.250.79 - - [20/Jun/2026:08:20:10 -0400] "GET /wp-content/uploads/WPL/8/Nx3.php HTTP/1.1" 301 795 "-" "Mozilla/5.0 (Windows NT 10.0; Win64; x64) AppleWebKit/537.36"
103.87.250.79 - - [20/Jun/2026:08:20:11 -0400] "GET /wp-content/uploads/WPL/14/Nx3.php HTTP/1.1" 301 795 "-" "Mozilla/5.0 (Windows NT 10.0; Win64; x64) AppleWebKit/537.36"
103.87.250.79 - - [20/Jun/2026:08:20:11 -0400] "GET /wp-content/uploads/WPL/12/Nx3.php HTTP/1.1" 301 795 "-" "Mozilla/5.0 (Windows NT 10.0; Win64; x64) AppleWebKit/537.36"
209.97.160.213 - - [20/Jun/2026:08:11:34 -0400] "GET /wp-content/uploads/WPL/5/nx10.php HTTP/1.1" 301 795 "-" "Mozilla/5.0 (Windows NT 10.0; Win64; x64) AppleWebKit/537.36"
209.97.160.213 - - [20/Jun/2026:08:11:34 -0400] "GET /wp-content/uploads/WPL/6/nx10.php HTTP/1.1" 301 795 "-" "Mozilla/5.0 (Windows NT 10.0; Win64; x64) AppleWebKit/537.36"
209.97.160.213 - - [20/Jun/2026:08:11:34 -0400] "GET /wp-content/uploads/WPL/1/nx10.php HTTP/1.1" 301 795 "-" "Mozilla/5.0 (Windows NT 10.0; Win64; x64) AppleWebKit/537.36"
209.97.160.213 - - [20/Jun/2026:08:11:34 -0400] "GET /wp-content/uploads/WPL/7/nx10.php HTTP/1.1" 301 795 "-" "Mozilla/5.0 (Windows NT 10.0; Win64; x64) AppleWebKit/537.36"
209.97.160.213 - - [20/Jun/2026:08:11:34 -0400] "GET /wp-content/uploads/WPL/4/nx10.php HTTP/1.1" 301 795 "-" "Mozilla/5.0 (Windows NT 10.0; Win64; x64) AppleWebKit/537.36"
209.97.160.213 - - [20/Jun/2026:08:11:34 -0400] "GET /wp-content/uploads/WPL/10/nx10.php HTTP/1.1" 301 795 "-" "Mozilla/5.0 (Windows NT 10.0; Win64; x64) AppleWebKit/537.36"
209.97.160.213 - - [20/Jun/2026:08:11:34 -0400] "GET /wp-content/uploads/WPL/9/nx10.php HTTP/1.1" 301 795 "-" "Mozilla/5.0 (Windows NT 10.0; Win64; x64) AppleWebKit/537.36"
209.97.160.213 - - [20/Jun/2026:08:11:34 -0400] "GET /wp-content/uploads/WPL/2/nx10.php HTTP/1.1" 301 795 "-" "Mozilla/5.0 (Windows NT 10.0; Win64; x64) AppleWebKit/537.36"
209.97.160.213 - - [20/Jun/2026:08:11:35 -0400] "GET /wp-content/uploads/WPL/11/nx10.php HTTP/1.1" 301 795 "-" "Mozilla/5.0 (Windows NT 10.0; Win64; x64) AppleWebKit/537.36"
209.97.160.213 - - [20/Jun/2026:08:11:35 -0400] "GET /wp-content/uploads/WPL/19/nx10.php HTTP/1.1" 301 795 "-" "Mozilla/5.0 (Windows NT 10.0; Win64; x64) AppleWebKit/537.36"
209.97.160.213 - - [20/Jun/2026:08:11:35 -0400] "GET /wp-content/uploads/WPL/16/nx10.php HTTP/1.1" 301 795 "-" "Mozilla/5.0 (Windows NT 10.0; Win64; x64) AppleWebKit/537.36"
209.97.160.213 - - [20/Jun/2026:08:11:35 -0400] "GET /wp-content/uploads/WPL/18/nx10.php HTTP/1.1" 301 795 "-" "Mozilla/5.0 (Windows NT 10.0; Win64; x64) AppleWebKit/537.36"
209.97.160.213 - - [20/Jun/2026:08:11:35 -0400] "GET /wp-content/uploads/WPL/12/nx10.php HTTP/1.1" 301 795 "-" "Mozilla/5.0 (Windows NT 10.0; Win64; x64) AppleWebKit/537.36"
209.97.160.213 - - [20/Jun/2026:08:11:35 -0400] "GET /wp-content/uploads/WPL/13/nx10.php HTTP/1.1" 301 795 "-" "Mozilla/5.0 (Windows NT 10.0; Win64; x64) AppleWebKit/537.36"
209.97.160.213 - - [20/Jun/2026:08:11:35 -0400] "GET /wp-content/uploads/WPL/26/nx10.php HTTP/1.1" 301 795 "-" "Mozilla/5.0 (Windows NT 10.0; Win64; x64) AppleWebKit/537.36"
209.97.160.213 - - [20/Jun/2026:08:11:35 -0400] "GET /wp-content/uploads/WPL/24/nx10.php HTTP/1.1" 301 795 "-" "Mozilla/5.0 (Windows NT 10.0; Win64; x64) AppleWebKit/537.36"
209.97.160.213 - - [20/Jun/2026:08:11:35 -0400] "GET /wp-content/uploads/WPL/27/nx10.php HTTP/1.1" 301 795 "-" "Mozilla/5.0 (Windows NT 10.0; Win64; x64) AppleWebKit/537.36"
209.97.160.213 - - [20/Jun/2026:08:11:35 -0400] "GET /wp-content/uploads/WPL/30/nx10.php HTTP/1.1" 301 795 "-" "Mozilla/5.0 (Windows NT 10.0; Win64; x64) AppleWebKit/537.36"
167.235.143.113 - - [20/Jun/2026:08:15:22 -0400] "HEAD / HTTP/1.1" 301 0 "http://metrohometrader.com/" "Mozilla/5.0+(compatible; UptimeRobot/2.0; http://www.uptimerobot.com/)"
103.87.250.79 - - [20/Jun/2026:08:20:10 -0400] "GET /wp-content/uploads/WPL/6/Nx3.php HTTP/1.1" 301 795 "-" "Mozilla/5.0 (Windows NT 10.0; Win64; x64) AppleWebKit/537.36"
103.87.250.79 - - [20/Jun/2026:08:20:10 -0400] "GET /wp-content/uploads/WPL/4/Nx3.php HTTP/1.1" 301 795 "-" "Mozilla/5.0 (Windows NT 10.0; Win64; x64) AppleWebKit/537.36"
103.87.250.79 - - [20/Jun/2026:08:20:10 -0400] "GET /wp-content/uploads/WPL/7/Nx3.php HTTP/1.1" 301 795 "-" "Mozilla/5.0 (Windows NT 10.0; Win64; x64) AppleWebKit/537.36"
103.87.250.79 - - [20/Jun/2026:08:20:11 -0400] "GET /wp-content/uploads/WPL/11/Nx3.php HTTP/1.1" 301 795 "-" "Mozilla/5.0 (Windows NT 10.0; Win64; x64) AppleWebKit/537.36"
103.87.250.79 - - [20/Jun/2026:08:20:11 -0400] "GET /wp-content/uploads/WPL/15/Nx3.php HTTP/1.1" 301 795 "-" "Mozilla/5.0 (Windows NT 10.0; Win64; x64) AppleWebKit/537.36"
103.87.250.79 - - [20/Jun/2026:08:20:11 -0400] "GET /wp-content/uploads/WPL/13/Nx3.php HTTP/1.1" 301 795 "-" "Mozilla/5.0 (Windows NT 10.0; Win64; x64) AppleWebKit/537.36"
194.26.192.110 - - [20/Jun/2026:08:27:22 -0400] "GET /wp-content/plugins/fix/up.php HTTP/1.1" 301 795 "-" "Mozilla/5.0 (Windows NT 10.0; Win64; x64) AppleWebKit/537.36 (KHTML, like Gecko) Chrome/85.0.4183.102 Safari/537.36"
194.26.192.110 - - [20/Jun/2026:08:27:24 -0400] "POST /alfacgiapi/perl.alfa HTTP/1.1" 301 795 "www.google.com" "Mozlila/5.0 (Linux; Android 7.0; SM-G892A Bulid/NRD90M; wv) AppleWebKit/537.36 (KHTML, like Gecko) Version/4.0 Chrome/60.0.3112.107 Moblie Safari/537.36"
66.249.74.166 - - [20/Jun/2026:08:29:56 -0400] "GET /rapratings/gp_user_review-sitemap.xml HTTP/1.1" 301 795 "-" "Mozilla/5.0 (compatible; Googlebot/2.1; +http://www.google.com/bot.html)"
52.59.43.236 - - [20/Jun/2026:08:30:44 -0400] "HEAD / HTTP/1.1" 301 0 "http://metrohometrader.com/" "Mozilla/5.0+(compatible; UptimeRobot/2.0; http://www.uptimerobot.com/)"
106.54.62.156 - - [20/Jun/2026:08:32:24 -0400] "GET / HTTP/1.1" 301 795 "http://fivestarreal.estate" "Mozilla/5.0 (iPhone; CPU iPhone OS 13_2_3 like Mac OS X) AppleWebKit/605.1.15 (KHTML, like Gecko) Version/13.0.3 Mobile/15E148 Safari/604.1"
18.192.166.72 - - [20/Jun/2026:08:40:58 -0400] "HEAD / HTTP/1.1" 301 0 "http://metrohometrader.com/" "Mozilla/5.0+(compatible; UptimeRobot/2.0; http://www.uptimerobot.com/)"
43.157.153.236 - - [20/Jun/2026:08:42:48 -0400] "GET / HTTP/1.1" 301 795 "http://www.fivestarreal.estate" "Mozilla/5.0 (iPhone; CPU iPhone OS 13_2_3 like Mac OS X) AppleWebKit/605.1.15 (KHTML, like Gecko) Version/13.0.3 Mobile/15E148 Safari/604.1"
63.178.84.147 - - [20/Jun/2026:08:46:03 -0400] "HEAD / HTTP/1.1" 301 0 "http://metrohometrader.com/" "Mozilla/5.0+(compatible; UptimeRobot/2.0; http://www.uptimerobot.com/)"
88.99.80.227 - - [20/Jun/2026:08:51:08 -0400] "HEAD / HTTP/1.1" 301 0 "http://metrohometrader.com/" "Mozilla/5.0+(compatible; UptimeRobot/2.0; http://www.uptimerobot.com/)"
62.60.130.228 - - [20/Jun/2026:09:00:52 -0400] "GET //cgi-bin/cgi-bin/cgi-bin/cgi-bin/cache.php HTTP/1.1" 301 795 "www.google.com" "Mozlila/5.0 (Linux; Android 7.0; SM-G892A Bulid/NRD90M; wv) AppleWebKit/537.36 (KHTML, like Gecko) Version/4.0 Chrome/60.0.3112.107 Moblie Safari/537.36"
62.60.130.228 - - [20/Jun/2026:09:00:55 -0400] "GET //images/images/images/images/images/images/images/cache.php HTTP/1.1" 301 795 "www.google.com" "Mozlila/5.0 (Linux; Android 7.0; SM-G892A Bulid/NRD90M; wv) AppleWebKit/537.36 (KHTML, like Gecko) Version/4.0 Chrome/60.0.3112.107 Moblie Safari/537.36"
62.60.130.228 - - [20/Jun/2026:09:00:56 -0400] "GET //images/images/images/images/images/images/cache.php HTTP/1.1" 301 795 "www.google.com" "Mozlila/5.0 (Linux; Android 7.0; SM-G892A Bulid/NRD90M; wv) AppleWebKit/537.36 (KHTML, like Gecko) Version/4.0 Chrome/60.0.3112.107 Moblie Safari/537.36"
62.60.130.228 - - [20/Jun/2026:09:00:59 -0400] "GET //images/images/images/images/cache.php HTTP/1.1" 301 795 "www.google.com" "Mozlila/5.0 (Linux; Android 7.0; SM-G892A Bulid/NRD90M; wv) AppleWebKit/537.36 (KHTML, like Gecko) Version/4.0 Chrome/60.0.3112.107 Moblie Safari/537.36"
62.60.130.228 - - [20/Jun/2026:09:01:02 -0400] "GET //wp-content/plugins/plugins/cache.php HTTP/1.1" 301 795 "www.google.com" "Mozlila/5.0 (Linux; Android 7.0; SM-G892A Bulid/NRD90M; wv) AppleWebKit/537.36 (KHTML, like Gecko) Version/4.0 Chrome/60.0.3112.107 Moblie Safari/537.36"
62.60.130.228 - - [20/Jun/2026:09:01:04 -0400] "GET //assets/images/images/cache.php HTTP/1.1" 301 795 "www.google.com" "Mozlila/5.0 (Linux; Android 7.0; SM-G892A Bulid/NRD90M; wv) AppleWebKit/537.36 (KHTML, like Gecko) Version/4.0 Chrome/60.0.3112.107 Moblie Safari/537.36"
103.141.164.244 - - [20/Jun/2026:09:03:11 -0400] "POST / HTTP/1.1" 301 795 "-" "Mozilla/5.0 (Windows NT 10.0; Win64; x64) AppleWebKit/537.36"
168.119.53.160 - - [20/Jun/2026:08:20:29 -0400] "HEAD / HTTP/1.1" 301 0 "http://metrohometrader.com/" "Mozilla/5.0+(compatible; UptimeRobot/2.0; http://www.uptimerobot.com/)"
3.77.67.4 - - [20/Jun/2026:08:25:35 -0400] "HEAD / HTTP/1.1" 301 0 "http://metrohometrader.com/" "Mozilla/5.0+(compatible; UptimeRobot/2.0; http://www.uptimerobot.com/)"
194.26.192.110 - - [20/Jun/2026:08:27:22 -0400] "POST /ALFA_DATA/alfacgiapi/perl.alfa HTTP/1.1" 301 795 "www.google.com" "Mozlila/5.0 (Linux; Android 7.0; SM-G892A Bulid/NRD90M; wv) AppleWebKit/537.36 (KHTML, like Gecko) Version/4.0 Chrome/60.0.3112.107 Moblie Safari/537.36"
194.26.192.110 - - [20/Jun/2026:08:27:22 -0400] "GET / HTTP/1.1" 301 795 "-" "Mozlila/5.0 (Linux; Android 7.0; SM-G892A Bulid/NRD90M; wv) AppleWebKit/537.36 (KHTML, like Gecko) Version/4.0 Chrome/60.0.3112.107 Moblie Safari/537.36"
194.26.192.110 - - [20/Jun/2026:08:27:22 -0400] "GET /wp-content/themes/seotheme/db.php?u HTTP/1.1" 301 795 "www.google.com" "Mozlila/5.0 (Linux; Android 7.0; SM-G892A Bulid/NRD90M; wv) AppleWebKit/537.36 (KHTML, like Gecko) Version/4.0 Chrome/60.0.3112.107 Moblie Safari/537.36"
194.26.192.110 - - [20/Jun/2026:08:27:23 -0400] "GET /brlfkoev.php?Fox=d3wL7 HTTP/1.1" 301 795 "www.google.com" "Mozilla/5.0 (Linux; Android 7.0; SM-G892A Bulid/NRD90M; wv) AppleWebKit/537.36 (KHTML, like Gecko) Version/4.0 Chrome/60.0.3112.107 Moblie Safari/537.36"
167.235.143.113 - - [20/Jun/2026:08:35:50 -0400] "HEAD / HTTP/1.1" 301 0 "http://metrohometrader.com/" "Mozilla/5.0+(compatible; UptimeRobot/2.0; http://www.uptimerobot.com/)"
88.216.68.133 - - [20/Jun/2026:08:47:55 -0400] "GET / HTTP/1.1" 301 795 "http://fivestarreal.estate/" "Mozilla/5.0 (Windows NT 10.0; Win64; x64) AppleWebKit/537.36 (KHTML, like Gecko) Chrome/91.0.4472.124 Safari/537.36"
49.13.164.148 - - [20/Jun/2026:08:56:16 -0400] "HEAD / HTTP/1.1" 301 0 "http://metrohometrader.com/" "Mozilla/5.0+(compatible; UptimeRobot/2.0; http://www.uptimerobot.com/)"
62.60.130.228 - - [20/Jun/2026:09:00:50 -0400] "GET //images/images/cache.php HTTP/1.1" 301 795 "www.google.com" "Mozlila/5.0 (Linux; Android 7.0; SM-G892A Bulid/NRD90M; wv) AppleWebKit/537.36 (KHTML, like Gecko) Version/4.0 Chrome/60.0.3112.107 Moblie Safari/537.36"
62.60.130.228 - - [20/Jun/2026:09:00:53 -0400] "GET //images/images/images/images/images/images/images/images/cache.php HTTP/1.1" 301 795 "www.google.com" "Mozlila/5.0 (Linux; Android 7.0; SM-G892A Bulid/NRD90M; wv) AppleWebKit/537.36 (KHTML, like Gecko) Version/4.0 Chrome/60.0.3112.107 Moblie Safari/537.36"
62.60.130.228 - - [20/Jun/2026:09:00:58 -0400] "GET //images/images/images/images/images/cache.php HTTP/1.1" 301 795 "www.google.com" "Mozlila/5.0 (Linux; Android 7.0; SM-G892A Bulid/NRD90M; wv) AppleWebKit/537.36 (KHTML, like Gecko) Version/4.0 Chrome/60.0.3112.107 Moblie Safari/537.36"
62.60.130.228 - - [20/Jun/2026:09:01:01 -0400] "GET //images/images/images/cache.php HTTP/1.1" 301 795 "www.google.com" "Mozlila/5.0 (Linux; Android 7.0; SM-G892A Bulid/NRD90M; wv) AppleWebKit/537.36 (KHTML, like Gecko) Version/4.0 Chrome/60.0.3112.107 Moblie Safari/537.36"
62.60.130.228 - - [20/Jun/2026:09:01:05 -0400] "GET //blogs/media/media/cache.php HTTP/1.1" 301 795 "www.google.com" "Mozlila/5.0 (Linux; Android 7.0; SM-G892A Bulid/NRD90M; wv) AppleWebKit/537.36 (KHTML, like Gecko) Version/4.0 Chrome/60.0.3112.107 Moblie Safari/537.36"
62.60.130.228 - - [20/Jun/2026:09:01:07 -0400] "GET //cache/cache/cache.php HTTP/1.1" 301 795 "www.google.com" "Mozlila/5.0 (Linux; Android 7.0; SM-G892A Bulid/NRD90M; wv) AppleWebKit/537.36 (KHTML, like Gecko) Version/4.0 Chrome/60.0.3112.107 Moblie Safari/537.36"
128.140.41.193 - - [20/Jun/2026:09:01:24 -0400] "HEAD / HTTP/1.1" 301 0 "http://metrohometrader.com/" "Mozilla/5.0+(compatible; UptimeRobot/2.0; http://www.uptimerobot.com/)"
103.141.164.244 - - [20/Jun/2026:09:03:16 -0400] "GET /wp-content/uploads/WPL/3/anakemas.php HTTP/1.1" 301 795 "-" "Mozilla/5.0 (Windows NT 10.0; Win64; x64) AppleWebKit/537.36"
103.141.164.244 - - [20/Jun/2026:09:03:16 -0400] "GET /wp-content/uploads/WPL/1/anakemas.php HTTP/1.1" 301 795 "-" "Mozilla/5.0 (Windows NT 10.0; Win64; x64) AppleWebKit/537.36"
103.141.164.244 - - [20/Jun/2026:09:03:16 -0400] "GET /wp-content/uploads/WPL/9/anakemas.php HTTP/1.1" 301 795 "-" "Mozilla/5.0 (Windows NT 10.0; Win64; x64) AppleWebKit/537.36"
103.141.164.244 - - [20/Jun/2026:09:03:16 -0400] "GET /wp-content/uploads/WPL/8/anakemas.php HTTP/1.1" 301 795 "-" "Mozilla/5.0 (Windows NT 10.0; Win64; x64) AppleWebKit/537.36"
103.141.164.244 - - [20/Jun/2026:09:03:16 -0400] "GET /wp-content/uploads/WPL/7/anakemas.php HTTP/1.1" 301 795 "-" "Mozilla/5.0 (Windows NT 10.0; Win64; x64) AppleWebKit/537.36"
103.141.164.244 - - [20/Jun/2026:09:03:16 -0400] "GET /wp-content/uploads/WPL/4/anakemas.php HTTP/1.1" 301 795 "-" "Mozilla/5.0 (Windows NT 10.0; Win64; x64) AppleWebKit/537.36"
103.141.164.244 - - [20/Jun/2026:09:03:16 -0400] "GET /wp-content/uploads/WPL/2/anakemas.php HTTP/1.1" 301 795 "-" "Mozilla/5.0 (Windows NT 10.0; Win64; x64) AppleWebKit/537.36"
103.141.164.244 - - [20/Jun/2026:09:03:17 -0400] "GET /wp-content/uploads/WPL/15/anakemas.php HTTP/1.1" 301 795 "-" "Mozilla/5.0 (Windows NT 10.0; Win64; x64) AppleWebKit/537.36"
103.141.164.244 - - [20/Jun/2026:09:03:17 -0400] "GET /wp-content/uploads/WPL/12/anakemas.php HTTP/1.1" 301 795 "-" "Mozilla/5.0 (Windows NT 10.0; Win64; x64) AppleWebKit/537.36"
104.249.46.64 - - [20/Jun/2026:09:10:36 -0400] "GET /wp-login.php HTTP/1.1" 301 795 "-" "Mozilla/5.0 (Windows NT 10.0; Win64; x64) AppleWebKit/537.36 (KHTML, like Gecko) Chrome/118.0.0.0 Safari/537.36"
103.141.164.244 - - [20/Jun/2026:09:11:35 -0400] "POST / HTTP/1.1" 301 795 "-" "Mozilla/5.0 (Windows NT 10.0; Win64; x64) AppleWebKit/537.36"
103.141.164.244 - - [20/Jun/2026:09:11:37 -0400] "GET /wp-content/uploads/WPL/6/pler.php HTTP/1.1" 301 795 "-" "Mozilla/5.0 (Windows NT 10.0; Win64; x64) AppleWebKit/537.36"
103.141.164.244 - - [20/Jun/2026:09:11:37 -0400] "GET /wp-content/uploads/WPL/8/pler.php HTTP/1.1" 301 795 "-" "Mozilla/5.0 (Windows NT 10.0; Win64; x64) AppleWebKit/537.36"
103.141.164.244 - - [20/Jun/2026:09:11:38 -0400] "GET /wp-content/uploads/WPL/14/pler.php HTTP/1.1" 301 795 "-" "Mozilla/5.0 (Windows NT 10.0; Win64; x64) AppleWebKit/537.36"
103.141.164.244 - - [20/Jun/2026:09:11:38 -0400] "GET /wp-content/uploads/WPL/15/pler.php HTTP/1.1" 301 795 "-" "Mozilla/5.0 (Windows NT 10.0; Win64; x64) AppleWebKit/537.36"
78.46.215.1 - - [20/Jun/2026:09:11:45 -0400] "HEAD / HTTP/1.1" 301 0 "http://metrohometrader.com/" "Mozilla/5.0+(compatible; UptimeRobot/2.0; http://www.uptimerobot.com/)"
103.141.164.244 - - [20/Jun/2026:09:03:16 -0400] "GET /wp-content/uploads/WPL/6/anakemas.php HTTP/1.1" 301 795 "-" "Mozilla/5.0 (Windows NT 10.0; Win64; x64) AppleWebKit/537.36"
103.141.164.244 - - [20/Jun/2026:09:03:16 -0400] "GET /wp-content/uploads/WPL/10/anakemas.php HTTP/1.1" 301 795 "-" "Mozilla/5.0 (Windows NT 10.0; Win64; x64) AppleWebKit/537.36"
103.141.164.244 - - [20/Jun/2026:09:03:16 -0400] "GET /wp-content/uploads/WPL/5/anakemas.php HTTP/1.1" 301 795 "-" "Mozilla/5.0 (Windows NT 10.0; Win64; x64) AppleWebKit/537.36"
103.141.164.244 - - [20/Jun/2026:09:03:17 -0400] "GET /wp-content/uploads/WPL/11/anakemas.php HTTP/1.1" 301 795 "-" "Mozilla/5.0 (Windows NT 10.0; Win64; x64) AppleWebKit/537.36"
103.141.164.244 - - [20/Jun/2026:09:03:17 -0400] "GET /wp-content/uploads/WPL/13/anakemas.php HTTP/1.1" 301 795 "-" "Mozilla/5.0 (Windows NT 10.0; Win64; x64) AppleWebKit/537.36"
103.141.164.244 - - [20/Jun/2026:09:03:17 -0400] "GET /wp-content/uploads/WPL/14/anakemas.php HTTP/1.1" 301 795 "-" "Mozilla/5.0 (Windows NT 10.0; Win64; x64) AppleWebKit/537.36"
78.47.173.76 - - [20/Jun/2026:09:06:30 -0400] "HEAD / HTTP/1.1" 301 0 "http://metrohometrader.com/" "Mozilla/5.0+(compatible; UptimeRobot/2.0; http://www.uptimerobot.com/)"
66.102.9.161 - - [20/Jun/2026:09:10:27 -0400] "HEAD /feed/ HTTP/1.1" 301 0 "-" "FeedBurner/1.0 (http://www.FeedBurner.com)"
104.249.46.64 - - [20/Jun/2026:09:10:38 -0400] "GET /wp-login.php HTTP/1.1" 301 795 "-" "Mozilla/5.0 (Windows NT 10.0; Win64; x64) AppleWebKit/537.36 (KHTML, like Gecko) Chrome/118.0.0.0 Safari/537.36"
103.141.164.244 - - [20/Jun/2026:09:11:37 -0400] "GET /wp-content/uploads/WPL/5/pler.php HTTP/1.1" 301 795 "-" "Mozilla/5.0 (Windows NT 10.0; Win64; x64) AppleWebKit/537.36"
103.141.164.244 - - [20/Jun/2026:09:11:37 -0400] "GET /wp-content/uploads/WPL/2/pler.php HTTP/1.1" 301 795 "-" "Mozilla/5.0 (Windows NT 10.0; Win64; x64) AppleWebKit/537.36"
103.141.164.244 - - [20/Jun/2026:09:11:37 -0400] "GET /wp-content/uploads/WPL/10/pler.php HTTP/1.1" 301 795 "-" "Mozilla/5.0 (Windows NT 10.0; Win64; x64) AppleWebKit/537.36"
103.141.164.244 - - [20/Jun/2026:09:11:37 -0400] "GET /wp-content/uploads/WPL/3/pler.php HTTP/1.1" 301 795 "-" "Mozilla/5.0 (Windows NT 10.0; Win64; x64) AppleWebKit/537.36"
103.141.164.244 - - [20/Jun/2026:09:11:37 -0400] "GET /wp-content/uploads/WPL/9/pler.php HTTP/1.1" 301 795 "-" "Mozilla/5.0 (Windows NT 10.0; Win64; x64) AppleWebKit/537.36"
103.141.164.244 - - [20/Jun/2026:09:11:37 -0400] "GET /wp-content/uploads/WPL/1/pler.php HTTP/1.1" 301 795 "-" "Mozilla/5.0 (Windows NT 10.0; Win64; x64) AppleWebKit/537.36"
103.141.164.244 - - [20/Jun/2026:09:11:37 -0400] "GET /wp-content/uploads/WPL/4/pler.php HTTP/1.1" 301 795 "-" "Mozilla/5.0 (Windows NT 10.0; Win64; x64) AppleWebKit/537.36"
103.141.164.244 - - [20/Jun/2026:09:11:37 -0400] "GET /wp-content/uploads/WPL/7/pler.php HTTP/1.1" 301 795 "-" "Mozilla/5.0 (Windows NT 10.0; Win64; x64) AppleWebKit/537.36"
103.141.164.244 - - [20/Jun/2026:09:11:38 -0400] "GET /wp-content/uploads/WPL/13/pler.php HTTP/1.1" 301 795 "-" "Mozilla/5.0 (Windows NT 10.0; Win64; x64) AppleWebKit/537.36"
103.141.164.244 - - [20/Jun/2026:09:11:38 -0400] "GET /wp-content/uploads/WPL/11/pler.php HTTP/1.1" 301 795 "-" "Mozilla/5.0 (Windows NT 10.0; Win64; x64) AppleWebKit/537.36"
103.141.164.244 - - [20/Jun/2026:09:11:38 -0400] "GET /wp-content/uploads/WPL/12/pler.php HTTP/1.1" 301 795 "-" "Mozilla/5.0 (Windows NT 10.0; Win64; x64) AppleWebKit/537.36"
157.90.156.63 - - [20/Jun/2026:09:16:50 -0400] "HEAD / HTTP/1.1" 301 0 "http://metrohometrader.com/" "Mozilla/5.0+(compatible; UptimeRobot/2.0; http://www.uptimerobot.com/)"
66.102.9.160 - - [20/Jun/2026:09:22:55 -0400] "HEAD /feed/ HTTP/1.1" 301 0 "-" "FeedBurner/1.0 (http://www.FeedBurner.com)"
157.90.156.63 - - [20/Jun/2026:09:27:09 -0400] "HEAD / HTTP/1.1" 301 0 "http://metrohometrader.com/" "Mozilla/5.0+(compatible; UptimeRobot/2.0; http://www.uptimerobot.com/)"
193.148.56.79 - - [20/Jun/2026:09:31:16 -0400] "POST /wp-json/sure-triggers/v1/automation/action HTTP/1.1" 301 795 "https://duckduckgo.com/" "Mozilla/5.0 (X11; Linux x86_64) AppleWebKit/537.36 (KHTML, like Gecko) Chrome/120.0.0.0 Safari/537.36"
193.148.56.79 - - [20/Jun/2026:09:31:23 -0400] "GET / HTTP/1.1" 301 795 "https://www.google.com/" "Mozilla/5.0 (iPhone; CPU iPhone OS 17_2 like Mac OS X) AppleWebKit/605.1.15 (KHTML, like Gecko) Version/17.2 Mobile/15E148 Safari/604.1"
128.140.106.114 - - [20/Jun/2026:09:22:04 -0400] "HEAD / HTTP/1.1" 301 0 "http://metrohometrader.com/" "Mozilla/5.0+(compatible; UptimeRobot/2.0; http://www.uptimerobot.com/)"
146.70.186.148 - - [20/Jun/2026:09:25:21 -0400] "GET /wp-json/wp/v2/posts HTTP/1.1" 301 795 "-" "Mozilla/5.0 (Windows NT 10.0; Win64; x64) AppleWebKit/537.36 (KHTML, like Gecko) Chrome/120.0.0.0 Safari/537.36"
193.148.56.79 - - [20/Jun/2026:09:31:18 -0400] "GET / HTTP/1.1" 301 795 "https://duckduckgo.com/" "Mozilla/5.0 (iPhone; CPU iPhone OS 17_2 like Mac OS X) AppleWebKit/605.1.15 (KHTML, like Gecko) Version/17.2 Mobile/15E148 Safari/604.1"
193.148.56.79 - - [20/Jun/2026:09:31:21 -0400] "GET / HTTP/1.1" 301 795 "https://duckduckgo.com/" "Mozilla/5.0 (iPhone; CPU iPhone OS 17_2 like Mac OS X) AppleWebKit/605.1.15 (KHTML, like Gecko) Version/17.2 Mobile/15E148 Safari/604.1"
193.148.56.79 - - [20/Jun/2026:09:31:25 -0400] "GET /administrator/ HTTP/1.1" 301 795 "https://duckduckgo.com/" "Mozilla/5.0 (Windows NT 10.0; Win64; x64; rv:120.0) Gecko/20100101 Firefox/120.0"
52.28.162.93 - - [20/Jun/2026:09:32:18 -0400] "HEAD / HTTP/1.1" 301 0 "http://metrohometrader.com/" "Mozilla/5.0+(compatible; UptimeRobot/2.0; http://www.uptimerobot.com/)"
78.46.215.1 - - [20/Jun/2026:09:37:31 -0400] "HEAD / HTTP/1.1" 301 0 "http://metrohometrader.com/" "Mozilla/5.0+(compatible; UptimeRobot/2.0; http://www.uptimerobot.com/)"
128.140.106.114 - - [20/Jun/2026:09:47:50 -0400] "HEAD / HTTP/1.1" 301 0 "http://metrohometrader.com/" "Mozilla/5.0+(compatible; UptimeRobot/2.0; http://www.uptimerobot.com/)"
3.77.67.4 - - [20/Jun/2026:09:42:42 -0400] "HEAD / HTTP/1.1" 301 0 "http://metrohometrader.com/" "Mozilla/5.0+(compatible; UptimeRobot/2.0; http://www.uptimerobot.com/)"
20.80.52.246 - - [20/Jun/2026:09:45:14 -0400] "GET / HTTP/1.1" 301 795 "-" "Mozilla/5.0 (X11; Linux x86_64; rv:52.0) Gecko/20100101 Firefox/52.0"
88.99.80.227 - - [20/Jun/2026:10:03:22 -0400] "HEAD / HTTP/1.1" 301 0 "http://metrohometrader.com/" "Mozilla/5.0+(compatible; UptimeRobot/2.0; http://www.uptimerobot.com/)"
159.69.158.189 - - [20/Jun/2026:09:53:07 -0400] "HEAD / HTTP/1.1" 301 0 "http://metrohometrader.com/" "Mozilla/5.0+(compatible; UptimeRobot/2.0; http://www.uptimerobot.com/)"
128.140.41.193 - - [20/Jun/2026:09:58:14 -0400] "HEAD / HTTP/1.1" 301 0 "http://metrohometrader.com/" "Mozilla/5.0+(compatible; UptimeRobot/2.0; http://www.uptimerobot.com/)"
84.233.216.174 - - [20/Jun/2026:09:59:25 -0400] "GET /wp-content/plugins/fix/up.php HTTP/1.1" 301 795 "-" "Mozilla/5.0"
220.181.51.113 - - [20/Jun/2026:09:59:51 -0400] "GET /robots.txt HTTP/1.1" 301 795 "-" "Mozilla/5.0 (Windows NT 10.0; WOW64) AppleWebKit/537.36 (KHTML, like Gecko) Chrome/48.0.2564.116 Safari/537.36"
119.249.100.52 - - [20/Jun/2026:10:00:05 -0400] "GET /robots.txt HTTP/1.1" 301 795 "-" "Mozilla/5.0 (Windows NT 10.0; WOW64) AppleWebKit/537.36 (KHTML, like Gecko) Chrome/48.0.2564.116 Safari/537.36"
141.98.11.224 - - [20/Jun/2026:10:01:30 -0400] "GET / HTTP/1.0" 301 795 "http://metrohometrader.com/" "Mozilla/5.0 (Windows NT 10.0; Win64; x64) AppleWebKit/537.36 (KHTML, like Gecko) Chrome/130.0.0.0 Safari/537.36"
1.15.52.154 - - [20/Jun/2026:10:06:52 -0400] "GET / HTTP/1.1" 301 795 "-" "Mozilla/5.0 (iPhone; CPU iPhone OS 13_2_3 like Mac OS X) AppleWebKit/605.1.15 (KHTML, like Gecko) Version/13.0.3 Mobile/15E148 Safari/604.1"
13.232.190.34 - - [20/Jun/2026:10:10:08 -0400] "GET /wp-admin/css/colors/blue/ HTTP/1.1" 301 795 "-" "Mozilla/5.0 (Windows NT 10.0; Win64; x64) AppleWebKit/537.36 (KHTML, like Gecko) Chrome/120.0.0.0 Safari/537.36"
13.232.190.34 - - [20/Jun/2026:10:10:11 -0400] "GET /wp-admin/includes/ HTTP/1.1" 301 795 "-" "Mozilla/5.0 (Windows NT 10.0; Win64; x64) AppleWebKit/537.36 (KHTML, like Gecko) Chrome/120.0.0.0 Safari/537.36"
78.47.98.55 - - [20/Jun/2026:10:13:37 -0400] "HEAD / HTTP/1.1" 301 0 "http://metrohometrader.com/" "Mozilla/5.0+(compatible; UptimeRobot/2.0; http://www.uptimerobot.com/)"
198.54.115.165 - - [20/Jun/2026:10:14:29 -0400] "GET / HTTP/1.1" 301 795 "-" "Mozilla/5.0 (Windows NT 10.0; Win64; x64; rv:122.0) Gecko/20100101 Firefox/122.0"
167.235.143.113 - - [20/Jun/2026:10:18:46 -0400] "HEAD / HTTP/1.1" 301 0 "http://metrohometrader.com/" "Mozilla/5.0+(compatible; UptimeRobot/2.0; http://www.uptimerobot.com/)"
13.232.190.34 - - [20/Jun/2026:10:20:35 -0400] "GET /wp-admin/maint/ HTTP/1.1" 301 795 "-" "Mozilla/5.0 (Windows NT 10.0; Win64; x64) AppleWebKit/537.36 (KHTML, like Gecko) Chrome/120.0.0.0 Safari/537.36"
13.232.190.34 - - [20/Jun/2026:10:20:55 -0400] "GET /wp-admin/js/widgets/ HTTP/1.1" 301 795 "-" "Mozilla/5.0 (Windows NT 10.0; Win64; x64) AppleWebKit/537.36 (KHTML, like Gecko) Chrome/120.0.0.0 Safari/537.36"
13.232.190.34 - - [20/Jun/2026:10:21:07 -0400] "GET /wp-admin/images/ HTTP/1.1" 301 795 "-" "Mozilla/5.0 (Windows NT 10.0; Win64; x64) AppleWebKit/537.36 (KHTML, like Gecko) Chrome/120.0.0.0 Safari/537.36"
213.165.42.185 - - [20/Jun/2026:10:21:53 -0400] "GET /wp-json/wp/v2/posts HTTP/1.1" 301 795 "-" "Mozilla/5.0 (Windows NT 10.0; Win64; x64) AppleWebKit/537.36 (KHTML, like Gecko) Chrome/120.0.0.0 Safari/537.36"
52.28.162.93 - - [20/Jun/2026:10:08:28 -0400] "HEAD / HTTP/1.1" 301 0 "http://metrohometrader.com/" "Mozilla/5.0+(compatible; UptimeRobot/2.0; http://www.uptimerobot.com/)"
66.102.9.161 - - [20/Jun/2026:10:10:24 -0400] "HEAD /feed/ HTTP/1.1" 301 0 "-" "FeedBurner/1.0 (http://www.FeedBurner.com)"
13.232.190.34 - - [20/Jun/2026:10:20:45 -0400] "GET /wp-admin/js/ HTTP/1.1" 301 795 "-" "Mozilla/5.0 (Windows NT 10.0; Win64; x64) AppleWebKit/537.36 (KHTML, like Gecko) Chrome/120.0.0.0 Safari/537.36"
195.177.94.173 - - [20/Jun/2026:10:23:32 -0400] "POST /wp-admin/admin-ajax.php HTTP/1.1" 301 795 "-" "Mozilla/5.0"
195.177.94.173 - - [20/Jun/2026:10:23:37 -0400] "POST /wp-admin/admin-ajax.php HTTP/1.1" 301 795 "-" "Mozilla/5.0"
195.177.94.173 - - [20/Jun/2026:10:23:39 -0400] "POST / HTTP/1.1" 301 795 "-" "Mozilla/5.0"
195.177.94.173 - - [20/Jun/2026:10:23:41 -0400] "POST /wp-admin/admin-ajax.php HTTP/1.1" 301 795 "-" "Mozilla/5.0"
13.232.190.34 - - [20/Jun/2026:10:24:05 -0400] "GET /wp-includes/css/ HTTP/1.1" 301 795 "-" "Mozilla/5.0 (Windows NT 10.0; Win64; x64) AppleWebKit/537.36 (KHTML, like Gecko) Chrome/120.0.0.0 Safari/537.36"
13.232.190.34 - - [20/Jun/2026:10:25:08 -0400] "GET /wp-includes/fonts/ HTTP/1.1" 301 795 "-" "Mozilla/5.0 (Windows NT 10.0; Win64; x64) AppleWebKit/537.36 (KHTML, like Gecko) Chrome/120.0.0.0 Safari/537.36"
13.232.190.34 - - [20/Jun/2026:10:25:14 -0400] "GET /wp-includes/ID3/ HTTP/1.1" 301 795 "-" "Mozilla/5.0 (Windows NT 10.0; Win64; x64) AppleWebKit/537.36 (KHTML, like Gecko) Chrome/120.0.0.0 Safari/537.36"
13.232.190.34 - - [20/Jun/2026:10:25:36 -0400] "GET /wp-includes/sitemaps/ HTTP/1.1" 301 795 "-" "Mozilla/5.0 (Windows NT 10.0; Win64; x64) AppleWebKit/537.36 (KHTML, like Gecko) Chrome/120.0.0.0 Safari/537.36"
63.178.84.147 - - [20/Jun/2026:10:29:07 -0400] "HEAD / HTTP/1.1" 301 0 "http://metrohometrader.com/" "Mozilla/5.0+(compatible; UptimeRobot/2.0; http://www.uptimerobot.com/)"
13.232.190.34 - - [20/Jun/2026:10:30:08 -0400] "GET /wp-includes/widgets/ HTTP/1.1" 301 795 "-" "Mozilla/5.0 (Windows NT 10.0; Win64; x64) AppleWebKit/537.36 (KHTML, like Gecko) Chrome/120.0.0.0 Safari/537.36"
13.232.190.34 - - [20/Jun/2026:10:30:15 -0400] "GET /wp-content/ HTTP/1.1" 301 795 "-" "Mozilla/5.0 (Windows NT 10.0; Win64; x64) AppleWebKit/537.36 (KHTML, like Gecko) Chrome/120.0.0.0 Safari/537.36"
13.232.190.34 - - [20/Jun/2026:10:30:19 -0400] "GET /wp-content/languages/ HTTP/1.1" 301 795 "-" "Mozilla/5.0 (Windows NT 10.0; Win64; x64) AppleWebKit/537.36 (KHTML, like Gecko) Chrome/120.0.0.0 Safari/537.36"
13.232.190.34 - - [20/Jun/2026:10:30:24 -0400] "GET /wp-content/uploads/ HTTP/1.1" 301 795 "-" "Mozilla/5.0 (Windows NT 10.0; Win64; x64) AppleWebKit/537.36 (KHTML, like Gecko) Chrome/120.0.0.0 Safari/537.36"
13.232.190.34 - - [20/Jun/2026:10:30:28 -0400] "GET /wp-content/plugins/ HTTP/1.1" 301 795 "-" "Mozilla/5.0 (Windows NT 10.0; Win64; x64) AppleWebKit/537.36 (KHTML, like Gecko) Chrome/120.0.0.0 Safari/537.36"
13.232.190.34 - - [20/Jun/2026:10:30:36 -0400] "GET /uploads/ HTTP/1.1" 301 795 "-" "Mozilla/5.0 (Windows NT 10.0; Win64; x64) AppleWebKit/537.36 (KHTML, like Gecko) Chrome/120.0.0.0 Safari/537.36"
13.232.190.34 - - [20/Jun/2026:10:30:40 -0400] "GET /files/ HTTP/1.1" 301 795 "-" "Mozilla/5.0 (Windows NT 10.0; Win64; x64) AppleWebKit/537.36 (KHTML, like Gecko) Chrome/120.0.0.0 Safari/537.36"
13.232.190.34 - - [20/Jun/2026:10:30:43 -0400] "GET /file/ HTTP/1.1" 301 795 "-" "Mozilla/5.0 (Windows NT 10.0; Win64; x64) AppleWebKit/537.36 (KHTML, like Gecko) Chrome/120.0.0.0 Safari/537.36"
13.232.190.34 - - [20/Jun/2026:10:30:48 -0400] "GET /images/ HTTP/1.1" 301 795 "-" "Mozilla/5.0 (Windows NT 10.0; Win64; x64) AppleWebKit/537.36 (KHTML, like Gecko) Chrome/120.0.0.0 Safari/537.36"
13.232.190.34 - - [20/Jun/2026:10:30:51 -0400] "GET /admin/ HTTP/1.1" 301 795 "-" "Mozilla/5.0 (Windows NT 10.0; Win64; x64) AppleWebKit/537.36 (KHTML, like Gecko) Chrome/120.0.0.0 Safari/537.36"
13.232.190.34 - - [20/Jun/2026:10:31:05 -0400] "GET /cgi-bin/ HTTP/1.1" 301 795 "-" "Mozilla/5.0 (Windows NT 10.0; Win64; x64) AppleWebKit/537.36 (KHTML, like Gecko) Chrome/120.0.0.0 Safari/537.36"
168.119.96.239 - - [20/Jun/2026:10:34:16 -0400] "HEAD / HTTP/1.1" 301 0 "http://metrohometrader.com/" "Mozilla/5.0+(compatible; UptimeRobot/2.0; http://www.uptimerobot.com/)"
195.177.94.173 - - [20/Jun/2026:10:23:20 -0400] "POST /wp-admin/admin-ajax.php HTTP/1.1" 301 795 "-" "Mozilla/5.0"
195.177.94.173 - - [20/Jun/2026:10:23:30 -0400] "POST / HTTP/1.1" 301 795 "-" "Mozilla/5.0"
195.177.94.173 - - [20/Jun/2026:10:23:34 -0400] "POST / HTTP/1.1" 301 795 "-" "Mozilla/5.0"
195.177.94.173 - - [20/Jun/2026:10:23:50 -0400] "POST / HTTP/1.1" 301 795 "-" "Mozilla/5.0"
13.232.190.34 - - [20/Jun/2026:10:23:54 -0400] "GET /wp-includes/Text/Diff/ HTTP/1.1" 301 795 "-" "Mozilla/5.0 (Windows NT 10.0; Win64; x64) AppleWebKit/537.36 (KHTML, like Gecko) Chrome/120.0.0.0 Safari/537.36"
142.132.180.39 - - [20/Jun/2026:10:23:54 -0400] "HEAD / HTTP/1.1" 301 0 "http://metrohometrader.com/" "Mozilla/5.0+(compatible; UptimeRobot/2.0; http://www.uptimerobot.com/)"
13.232.190.34 - - [20/Jun/2026:10:25:49 -0400] "GET /wp-includes/sitemaps/providers/ HTTP/1.1" 301 795 "-" "Mozilla/5.0 (Windows NT 10.0; Win64; x64) AppleWebKit/537.36 (KHTML, like Gecko) Chrome/120.0.0.0 Safari/537.36"
13.232.190.34 - - [20/Jun/2026:10:30:21 -0400] "GET /wp-content/IXR/ HTTP/1.1" 301 795 "-" "Mozilla/5.0 (Windows NT 10.0; Win64; x64) AppleWebKit/537.36 (KHTML, like Gecko) Chrome/120.0.0.0 Safari/537.36"
13.232.190.34 - - [20/Jun/2026:10:30:25 -0400] "GET /wp-content/upgrade/ HTTP/1.1" 301 795 "-" "Mozilla/5.0 (Windows NT 10.0; Win64; x64) AppleWebKit/537.36 (KHTML, like Gecko) Chrome/120.0.0.0 Safari/537.36"
13.232.190.34 - - [20/Jun/2026:10:30:31 -0400] "GET /wp-content/themes/ HTTP/1.1" 301 795 "-" "Mozilla/5.0 (Windows NT 10.0; Win64; x64) AppleWebKit/537.36 (KHTML, like Gecko) Chrome/120.0.0.0 Safari/537.36"
13.232.190.34 - - [20/Jun/2026:10:30:34 -0400] "GET /.well-known/ HTTP/1.1" 301 795 "-" "Mozilla/5.0 (Windows NT 10.0; Win64; x64) AppleWebKit/537.36 (KHTML, like Gecko) Chrome/120.0.0.0 Safari/537.36"
78.46.190.63 - - [20/Jun/2026:10:39:25 -0400] "HEAD / HTTP/1.1" 301 0 "http://metrohometrader.com/" "Mozilla/5.0+(compatible; UptimeRobot/2.0; http://www.uptimerobot.com/)"
66.102.9.161 - - [20/Jun/2026:10:39:47 -0400] "HEAD /feed/ HTTP/1.1" 301 0 "-" "FeedBurner/1.0 (http://www.FeedBurner.com)"
35.173.38.202 - - [20/Jun/2026:10:45:48 -0400] "GET / HTTP/1.1" 301 795 "-" "Mozilla/5.0 AppleWebKit/537.36 (KHTML, like Gecko; compatible; Amazonbot/0.1; +https://developer.amazon.com/support/amazonbot) Chrome/119.0.6045.214 Safari/537.36"
88.99.80.227 - - [20/Jun/2026:10:44:33 -0400] "HEAD / HTTP/1.1" 301 0 "http://metrohometrader.com/" "Mozilla/5.0+(compatible; UptimeRobot/2.0; http://www.uptimerobot.com/)"
3.79.134.69 - - [20/Jun/2026:10:49:42 -0400] "HEAD / HTTP/1.1" 301 0 "http://metrohometrader.com/" "Mozilla/5.0+(compatible; UptimeRobot/2.0; http://www.uptimerobot.com/)"
142.132.180.39 - - [20/Jun/2026:10:54:51 -0400] "HEAD / HTTP/1.1" 301 0 "http://metrohometrader.com/" "Mozilla/5.0+(compatible; UptimeRobot/2.0; http://www.uptimerobot.com/)"
193.70.46.38 - - [20/Jun/2026:10:55:00 -0400] "GET /robots.txt HTTP/1.1" 301 795 "-" "Mozilla/5.0 (compatible; MJ12bot/v1.4.8; http://mj12bot.com/)"
157.90.155.240 - - [20/Jun/2026:10:59:56 -0400] "HEAD / HTTP/1.1" 301 0 "http://metrohometrader.com/" "Mozilla/5.0+(compatible; UptimeRobot/2.0; http://www.uptimerobot.com/)"
66.102.9.161 - - [20/Jun/2026:11:04:17 -0400] "HEAD /feed/ HTTP/1.1" 301 0 "-" "FeedBurner/1.0 (http://www.FeedBurner.com)"
168.119.96.239 - - [20/Jun/2026:11:05:03 -0400] "HEAD / HTTP/1.1" 301 0 "http://metrohometrader.com/" "Mozilla/5.0+(compatible; UptimeRobot/2.0; http://www.uptimerobot.com/)"
170.106.152.218 - - [20/Jun/2026:11:08:15 -0400] "GET / HTTP/1.1" 301 795 "-" "Mozilla/5.0 (iPhone; CPU iPhone OS 13_2_3 like Mac OS X) AppleWebKit/605.1.15 (KHTML, like Gecko) Version/13.0.3 Mobile/15E148 Safari/604.1"
66.102.9.161 - - [20/Jun/2026:11:08:39 -0400] "HEAD /feed/ HTTP/1.1" 301 0 "-" "FeedBurner/1.0 (http://www.FeedBurner.com)"
168.119.96.239 - - [20/Jun/2026:11:10:11 -0400] "HEAD / HTTP/1.1" 301 0 "http://metrohometrader.com/" "Mozilla/5.0+(compatible; UptimeRobot/2.0; http://www.uptimerobot.com/)"
128.140.106.114 - - [20/Jun/2026:11:15:34 -0400] "HEAD / HTTP/1.1" 301 0 "http://metrohometrader.com/" "Mozilla/5.0+(compatible; UptimeRobot/2.0; http://www.uptimerobot.com/)"
78.47.173.76 - - [20/Jun/2026:11:20:39 -0400] "HEAD / HTTP/1.1" 301 0 "http://metrohometrader.com/" "Mozilla/5.0+(compatible; UptimeRobot/2.0; http://www.uptimerobot.com/)"
78.47.98.55 - - [20/Jun/2026:11:25:55 -0400] "HEAD / HTTP/1.1" 301 0 "http://metrohometrader.com/" "Mozilla/5.0+(compatible; UptimeRobot/2.0; http://www.uptimerobot.com/)"
78.46.215.1 - - [20/Jun/2026:11:31:03 -0400] "HEAD / HTTP/1.1" 301 0 "http://metrohometrader.com/" "Mozilla/5.0+(compatible; UptimeRobot/2.0; http://www.uptimerobot.com/)"
157.90.156.63 - - [20/Jun/2026:11:41:26 -0400] "HEAD / HTTP/1.1" 301 0 "http://metrohometrader.com/" "Mozilla/5.0+(compatible; UptimeRobot/2.0; http://www.uptimerobot.com/)"
52.28.162.93 - - [20/Jun/2026:11:36:12 -0400] "HEAD / HTTP/1.1" 301 0 "http://metrohometrader.com/" "Mozilla/5.0+(compatible; UptimeRobot/2.0; http://www.uptimerobot.com/)"
88.99.80.227 - - [20/Jun/2026:11:46:43 -0400] "HEAD / HTTP/1.1" 301 0 "http://metrohometrader.com/" "Mozilla/5.0+(compatible; UptimeRobot/2.0; http://www.uptimerobot.com/)"
63.178.84.147 - - [20/Jun/2026:11:51:51 -0400] "HEAD / HTTP/1.1" 301 0 "http://metrohometrader.com/" "Mozilla/5.0+(compatible; UptimeRobot/2.0; http://www.uptimerobot.com/)"
88.99.80.227 - - [20/Jun/2026:11:57:00 -0400] "HEAD / HTTP/1.1" 301 0 "http://metrohometrader.com/" "Mozilla/5.0+(compatible; UptimeRobot/2.0; http://www.uptimerobot.com/)"
157.90.156.63 - - [20/Jun/2026:12:02:09 -0400] "HEAD / HTTP/1.1" 301 0 "http://metrohometrader.com/" "Mozilla/5.0+(compatible; UptimeRobot/2.0; http://www.uptimerobot.com/)"
101.33.81.73 - - [20/Jun/2026:12:02:30 -0400] "GET / HTTP/1.1" 301 795 "-" "Mozilla/5.0 (iPhone; CPU iPhone OS 13_2_3 like Mac OS X) AppleWebKit/605.1.15 (KHTML, like Gecko) Version/13.0.3 Mobile/15E148 Safari/604.1"
45.153.34.16 - - [20/Jun/2026:12:04:14 -0400] "GET /_profiler/phpinfo HTTP/1.1" 301 795 "-" "Mozilla/5.0 (X11; Linux x86_64) AppleWebKit/537.36 (KHTML, like Gecko) Chrome/91.0.4472.124 Safari/537.36"
45.153.34.16 - - [20/Jun/2026:12:04:15 -0400] "GET /php.php HTTP/1.1" 301 795 "-" "Mozilla/5.0 (Macintosh; Intel Mac OS X 10_15_7) AppleWebKit/537.36 (KHTML, like Gecko) Chrome/91.0.4472.124 Safari/537.36"
45.153.34.16 - - [20/Jun/2026:12:04:15 -0400] "GET /php_info.php HTTP/1.1" 301 795 "-" "Mozilla/5.0 (Windows NT 10.0; Win64; x64) AppleWebKit/537.36 (KHTML, like Gecko) Chrome/91.0.4472.124 Safari/537.36"
45.153.34.16 - - [20/Jun/2026:12:04:15 -0400] "GET /i.php HTTP/1.1" 301 795 "-" "Mozilla/5.0 (Windows NT 10.0; Win64; x64) AppleWebKit/537.36 (KHTML, like Gecko) Chrome/91.0.4472.124 Safari/537.36"
45.153.34.16 - - [20/Jun/2026:12:04:16 -0400] "GET /pi.php HTTP/1.1" 301 795 "-" "Mozilla/5.0 (Windows NT 10.0; Win64; x64) AppleWebKit/537.36 (KHTML, like Gecko) Chrome/91.0.4472.124 Safari/537.36"
45.153.34.16 - - [20/Jun/2026:12:04:17 -0400] "GET /admin/phpinfo.php HTTP/1.1" 301 795 "-" "Mozilla/5.0 (Windows NT 10.0; Win64; x64) AppleWebKit/537.36 (KHTML, like Gecko) Chrome/91.0.4472.124 Safari/537.36"
45.153.34.16 - - [20/Jun/2026:12:04:18 -0400] "GET /pinfo.php HTTP/1.1" 301 795 "-" "Mozilla/5.0 (X11; Linux x86_64) AppleWebKit/537.36 (KHTML, like Gecko) Chrome/91.0.4472.124 Safari/537.36"
45.153.34.16 - - [20/Jun/2026:12:04:19 -0400] "GET /php_version.php HTTP/1.1" 301 795 "-" "Mozilla/5.0 (Macintosh; Intel Mac OS X 10_15_7) AppleWebKit/537.36 (KHTML, like Gecko) Chrome/91.0.4472.124 Safari/537.36"
45.153.34.16 - - [20/Jun/2026:12:04:19 -0400] "GET /server-info.php HTTP/1.1" 301 795 "-" "Mozilla/5.0 (Macintosh; Intel Mac OS X 10_15_7) AppleWebKit/537.36 (KHTML, like Gecko) Chrome/91.0.4472.124 Safari/537.36"
45.153.34.16 - - [20/Jun/2026:12:04:19 -0400] "GET /env.php HTTP/1.1" 301 795 "-" "Mozilla/5.0 (Macintosh; Intel Mac OS X 10_15_7) AppleWebKit/537.36 (KHTML, like Gecko) Chrome/91.0.4472.124 Safari/537.36"
45.153.34.16 - - [20/Jun/2026:12:04:20 -0400] "GET /init.php HTTP/1.1" 301 795 "-" "Mozilla/5.0 (X11; Linux x86_64) AppleWebKit/537.36 (KHTML, like Gecko) Chrome/91.0.4472.124 Safari/537.36"
45.153.34.16 - - [20/Jun/2026:12:04:20 -0400] "GET /.env.bak HTTP/1.1" 301 795 "-" "Mozilla/5.0 (X11; Linux x86_64) AppleWebKit/537.36 (KHTML, like Gecko) Chrome/91.0.4472.124 Safari/537.36"
45.153.34.16 - - [20/Jun/2026:12:04:21 -0400] "GET /.env-ku HTTP/1.1" 301 795 "-" "Mozilla/5.0 (Windows NT 10.0; Win64; x64) AppleWebKit/537.36 (KHTML, like Gecko) Chrome/91.0.4472.124 Safari/537.36"
52.59.43.236 - - [20/Jun/2026:12:07:23 -0400] "HEAD / HTTP/1.1" 301 0 "http://metrohometrader.com/" "Mozilla/5.0+(compatible; UptimeRobot/2.0; http://www.uptimerobot.com/)"
45.153.34.16 - - [20/Jun/2026:12:04:09 -0400] "GET /phpinfo HTTP/1.1" 301 795 "-" "Mozilla/5.0 (Windows NT 10.0; Win64; x64) AppleWebKit/537.36 (KHTML, like Gecko) Chrome/91.0.4472.124 Safari/537.36"
88.201.241.104 - - [20/Jun/2026:12:04:10 -0400] "GET /wp-content/plugins/suretriggers/readme.txt HTTP/1.1" 301 795 "-" "Mozilla/5.0 (X11; Linux i686) AppleWebKit/537.36 (KHTML, like Gecko) Chrome/51.0.2735.81 Safari/537.36"
45.153.34.16 - - [20/Jun/2026:12:04:13 -0400] "GET /phpinfo.php HTTP/1.1" 301 795 "-" "Mozilla/5.0 (X11; Linux x86_64) AppleWebKit/537.36 (KHTML, like Gecko) Chrome/91.0.4472.124 Safari/537.36"
45.153.34.16 - - [20/Jun/2026:12:04:13 -0400] "GET /test.php HTTP/1.1" 301 795 "-" "Mozilla/5.0 (Macintosh; Intel Mac OS X 10_15_7) AppleWebKit/537.36 (KHTML, like Gecko) Chrome/91.0.4472.124 Safari/537.36"
45.153.34.16 - - [20/Jun/2026:12:04:14 -0400] "GET /info.php HTTP/1.1" 301 795 "-" "Mozilla/5.0 (X11; Linux x86_64) AppleWebKit/537.36 (KHTML, like Gecko) Chrome/91.0.4472.124 Safari/537.36"
45.153.34.16 - - [20/Jun/2026:12:04:16 -0400] "GET /config.phpinfo HTTP/1.1" 301 795 "-" "Mozilla/5.0 (Macintosh; Intel Mac OS X 10_15_7) AppleWebKit/537.36 (KHTML, like Gecko) Chrome/91.0.4472.124 Safari/537.36"
45.153.34.16 - - [20/Jun/2026:12:04:17 -0400] "GET /.aws/credentials HTTP/1.1" 301 795 "-" "Mozilla/5.0 (X11; Linux x86_64) AppleWebKit/537.36 (KHTML, like Gecko) Chrome/91.0.4472.124 Safari/537.36"
45.153.34.16 - - [20/Jun/2026:12:04:18 -0400] "GET /phpinfo2.php HTTP/1.1" 301 795 "-" "Mozilla/5.0 (Macintosh; Intel Mac OS X 10_15_7) AppleWebKit/537.36 (KHTML, like Gecko) Chrome/91.0.4472.124 Safari/537.36"
45.153.34.16 - - [20/Jun/2026:12:04:19 -0400] "GET /version.php HTTP/1.1" 301 795 "-" "Mozilla/5.0 (X11; Linux x86_64) AppleWebKit/537.36 (KHTML, like Gecko) Chrome/91.0.4472.124 Safari/537.36"
45.153.34.16 - - [20/Jun/2026:12:04:20 -0400] "GET /.env HTTP/1.1" 301 795 "-" "Mozilla/5.0 (Windows NT 10.0; Win64; x64) AppleWebKit/537.36 (KHTML, like Gecko) Chrome/91.0.4472.124 Safari/537.36"
45.153.34.16 - - [20/Jun/2026:12:04:21 -0400] "GET /backup_web_config.txt HTTP/1.1" 301 795 "-" "Mozilla/5.0 (Windows NT 10.0; Win64; x64) AppleWebKit/537.36 (KHTML, like Gecko) Chrome/91.0.4472.124 Safari/537.36"
45.153.34.16 - - [20/Jun/2026:12:04:22 -0400] "GET /app_dev.php/_profiler/open?file-app/config/parameters.yml HTTP/1.1" 301 795 "-" "Mozilla/5.0 (Macintosh; Intel Mac OS X 10_15_7) AppleWebKit/537.36 (KHTML, like Gecko) Chrome/91.0.4472.124 Safari/537.36"
45.153.34.16 - - [20/Jun/2026:12:04:22 -0400] "GET /web/dump-6-18-15.sql HTTP/1.1" 301 795 "-" "Mozilla/5.0 (Windows NT 10.0; Win64; x64) AppleWebKit/537.36 (KHTML, like Gecko) Chrome/91.0.4472.124 Safari/537.36"
162.62.213.187 - - [20/Jun/2026:12:04:58 -0400] "GET / HTTP/1.1" 301 795 "http://fivestarreal.estate" "Mozilla/5.0 (iPhone; CPU iPhone OS 13_2_3 like Mac OS X) AppleWebKit/605.1.15 (KHTML, like Gecko) Version/13.0.3 Mobile/15E148 Safari/604.1"
66.102.9.160 - - [20/Jun/2026:12:09:57 -0400] "HEAD /feed/ HTTP/1.1" 301 0 "-" "FeedBurner/1.0 (http://www.FeedBurner.com)"
78.47.173.76 - - [20/Jun/2026:12:22:55 -0400] "HEAD / HTTP/1.1" 301 0 "http://metrohometrader.com/" "Mozilla/5.0+(compatible; UptimeRobot/2.0; http://www.uptimerobot.com/)"
167.235.143.113 - - [20/Jun/2026:12:12:33 -0400] "HEAD / HTTP/1.1" 301 0 "http://metrohometrader.com/" "Mozilla/5.0+(compatible; UptimeRobot/2.0; http://www.uptimerobot.com/)"
78.46.215.1 - - [20/Jun/2026:12:17:39 -0400] "HEAD / HTTP/1.1" 301 0 "http://metrohometrader.com/" "Mozilla/5.0+(compatible; UptimeRobot/2.0; http://www.uptimerobot.com/)"
167.235.143.113 - - [20/Jun/2026:12:28:04 -0400] "HEAD / HTTP/1.1" 301 0 "http://metrohometrader.com/" "Mozilla/5.0+(compatible; UptimeRobot/2.0; http://www.uptimerobot.com/)"
63.178.84.147 - - [20/Jun/2026:12:38:29 -0400] "HEAD / HTTP/1.1" 301 0 "http://metrohometrader.com/" "Mozilla/5.0+(compatible; UptimeRobot/2.0; http://www.uptimerobot.com/)"
66.102.9.160 - - [20/Jun/2026:12:29:40 -0400] "HEAD /feed/ HTTP/1.1" 301 0 "-" "FeedBurner/1.0 (http://www.FeedBurner.com)"
168.119.96.239 - - [20/Jun/2026:12:33:09 -0400] "HEAD / HTTP/1.1" 301 0 "http://metrohometrader.com/" "Mozilla/5.0+(compatible; UptimeRobot/2.0; http://www.uptimerobot.com/)"
142.132.180.39 - - [20/Jun/2026:12:43:34 -0400] "HEAD / HTTP/1.1" 301 0 "http://metrohometrader.com/" "Mozilla/5.0+(compatible; UptimeRobot/2.0; http://www.uptimerobot.com/)"
78.47.173.76 - - [20/Jun/2026:12:48:40 -0400] "HEAD / HTTP/1.1" 301 0 "http://metrohometrader.com/" "Mozilla/5.0+(compatible; UptimeRobot/2.0; http://www.uptimerobot.com/)"
43.157.188.74 - - [20/Jun/2026:12:51:54 -0400] "GET / HTTP/1.1" 301 795 "http://www.fivestarreal.estate" "Mozilla/5.0 (iPhone; CPU iPhone OS 13_2_3 like Mac OS X) AppleWebKit/605.1.15 (KHTML, like Gecko) Version/13.0.3 Mobile/15E148 Safari/604.1"
114.119.154.242 - - [20/Jun/2026:12:53:51 -0400] "GET /robots.txt HTTP/1.1" 301 795 "http://metrohometrader.com/robots.txt" "Mozilla/5.0 (compatible;PetalBot;+https://webmaster.petalsearch.com/site/petalbot)"
20.104.244.165 - - [20/Jun/2026:12:57:47 -0400] "GET / HTTP/1.1" 301 795 "-" "-"
20.104.244.165 - - [20/Jun/2026:12:57:48 -0400] "GET / HTTP/1.1" 301 795 "-" "-"
20.104.244.165 - - [20/Jun/2026:12:57:50 -0400] "GET / HTTP/1.1" 301 795 "-" "-"
20.104.244.165 - - [20/Jun/2026:12:57:53 -0400] "GET / HTTP/1.1" 301 795 "-" "-"
20.104.244.165 - - [20/Jun/2026:12:57:56 -0400] "GET / HTTP/1.1" 301 795 "-" "-"
20.104.244.165 - - [20/Jun/2026:12:58:01 -0400] "GET / HTTP/1.1" 301 795 "-" "-"
20.104.244.165 - - [20/Jun/2026:12:58:01 -0400] "GET / HTTP/1.1" 301 795 "-" "-"
20.104.244.165 - - [20/Jun/2026:12:58:02 -0400] "GET / HTTP/1.1" 301 795 "-" "-"
20.104.244.165 - - [20/Jun/2026:12:58:06 -0400] "GET / HTTP/1.1" 301 795 "-" "-"
20.104.244.165 - - [20/Jun/2026:12:58:08 -0400] "GET / HTTP/1.1" 301 795 "-" "-"
20.104.244.165 - - [20/Jun/2026:12:58:09 -0400] "GET / HTTP/1.1" 301 795 "-" "-"
20.104.244.165 - - [20/Jun/2026:12:58:14 -0400] "GET / HTTP/1.1" 301 795 "-" "-"
20.104.244.165 - - [20/Jun/2026:12:58:18 -0400] "GET / HTTP/1.1" 301 795 "-" "-"
20.104.244.165 - - [20/Jun/2026:12:58:19 -0400] "GET / HTTP/1.1" 301 795 "-" "-"
20.104.244.165 - - [20/Jun/2026:12:58:20 -0400] "GET / HTTP/1.1" 301 795 "-" "-"
20.104.244.165 - - [20/Jun/2026:12:58:22 -0400] "GET / HTTP/1.1" 301 795 "-" "-"
20.104.244.165 - - [20/Jun/2026:12:58:23 -0400] "GET / HTTP/1.1" 301 795 "-" "-"
20.104.244.165 - - [20/Jun/2026:12:58:23 -0400] "GET / HTTP/1.1" 301 795 "-" "-"
20.104.244.165 - - [20/Jun/2026:12:58:27 -0400] "GET / HTTP/1.1" 301 795 "-" "-"
20.104.244.165 - - [20/Jun/2026:12:58:32 -0400] "GET / HTTP/1.1" 301 795 "-" "-"
20.104.244.165 - - [20/Jun/2026:12:58:34 -0400] "GET / HTTP/1.1" 301 795 "-" "-"
20.104.244.165 - - [20/Jun/2026:12:58:36 -0400] "GET / HTTP/1.1" 301 795 "-" "-"
20.104.244.165 - - [20/Jun/2026:12:58:38 -0400] "GET / HTTP/1.1" 301 795 "-" "-"
20.104.244.165 - - [20/Jun/2026:12:58:41 -0400] "GET / HTTP/1.1" 301 795 "-" "-"
20.104.244.165 - - [20/Jun/2026:12:58:55 -0400] "GET / HTTP/1.1" 301 795 "-" "-"
157.90.155.240 - - [20/Jun/2026:12:58:57 -0400] "HEAD / HTTP/1.1" 301 0 "http://metrohometrader.com/" "Mozilla/5.0+(compatible; UptimeRobot/2.0; http://www.uptimerobot.com/)"
49.13.130.29 - - [20/Jun/2026:12:53:45 -0400] "HEAD / HTTP/1.1" 301 0 "http://metrohometrader.com/" "Mozilla/5.0+(compatible; UptimeRobot/2.0; http://www.uptimerobot.com/)"
20.104.244.165 - - [20/Jun/2026:12:57:41 -0400] "GET / HTTP/1.1" 301 795 "-" "-"
20.104.244.165 - - [20/Jun/2026:12:57:43 -0400] "GET / HTTP/1.1" 301 795 "-" "-"
20.104.244.165 - - [20/Jun/2026:12:57:45 -0400] "GET / HTTP/1.1" 301 795 "-" "-"
20.104.244.165 - - [20/Jun/2026:12:57:46 -0400] "GET / HTTP/1.1" 301 795 "-" "-"
20.104.244.165 - - [20/Jun/2026:12:57:46 -0400] "GET / HTTP/1.1" 301 795 "-" "-"
20.104.244.165 - - [20/Jun/2026:12:57:49 -0400] "GET / HTTP/1.1" 301 795 "-" "-"
20.104.244.165 - - [20/Jun/2026:12:57:52 -0400] "GET / HTTP/1.1" 301 795 "-" "-"
20.104.244.165 - - [20/Jun/2026:12:57:53 -0400] "GET / HTTP/1.1" 301 795 "-" "-"
