20.104.244.165 - - [20/Jun/2026:12:57:54 -0400] "GET / HTTP/1.1" 301 795 "-" "-"
20.104.244.165 - - [20/Jun/2026:12:57:55 -0400] "GET / HTTP/1.1" 301 795 "-" "-"
20.104.244.165 - - [20/Jun/2026:12:57:57 -0400] "GET / HTTP/1.1" 301 795 "-" "-"
20.104.244.165 - - [20/Jun/2026:12:57:58 -0400] "GET / HTTP/1.1" 301 795 "-" "-"
20.104.244.165 - - [20/Jun/2026:12:58:00 -0400] "GET / HTTP/1.1" 301 795 "-" "-"
20.104.244.165 - - [20/Jun/2026:12:58:04 -0400] "GET / HTTP/1.1" 301 795 "-" "-"
20.104.244.165 - - [20/Jun/2026:12:58:05 -0400] "GET / HTTP/1.1" 301 795 "-" "-"
20.104.244.165 - - [20/Jun/2026:12:58:07 -0400] "GET / HTTP/1.1" 301 795 "-" "-"
20.104.244.165 - - [20/Jun/2026:12:58:08 -0400] "GET / HTTP/1.1" 301 795 "-" "-"
20.104.244.165 - - [20/Jun/2026:12:58:10 -0400] "GET / HTTP/1.1" 301 795 "-" "-"
20.104.244.165 - - [20/Jun/2026:12:58:12 -0400] "GET / HTTP/1.1" 301 795 "-" "-"
20.104.244.165 - - [20/Jun/2026:12:58:13 -0400] "GET / HTTP/1.1" 301 795 "-" "-"
20.104.244.165 - - [20/Jun/2026:12:58:15 -0400] "GET / HTTP/1.1" 301 795 "-" "-"
20.104.244.165 - - [20/Jun/2026:12:58:16 -0400] "GET / HTTP/1.1" 301 795 "-" "-"
20.104.244.165 - - [20/Jun/2026:12:58:17 -0400] "GET / HTTP/1.1" 301 795 "-" "-"
20.104.244.165 - - [20/Jun/2026:12:58:21 -0400] "GET / HTTP/1.1" 301 795 "-" "-"
20.104.244.165 - - [20/Jun/2026:12:58:25 -0400] "GET / HTTP/1.1" 301 795 "-" "-"
20.104.244.165 - - [20/Jun/2026:12:58:29 -0400] "GET / HTTP/1.1" 301 795 "-" "-"
20.104.244.165 - - [20/Jun/2026:12:58:43 -0400] "GET / HTTP/1.1" 301 795 "-" "-"
20.104.244.165 - - [20/Jun/2026:12:58:47 -0400] "GET / HTTP/1.1" 301 795 "-" "-"
20.104.244.165 - - [20/Jun/2026:12:58:51 -0400] "GET / HTTP/1.1" 301 795 "-" "-"
20.104.244.165 - - [20/Jun/2026:12:58:58 -0400] "GET / HTTP/1.1" 301 795 "-" "-"
20.104.244.165 - - [20/Jun/2026:12:59:04 -0400] "GET / HTTP/1.1" 301 795 "-" "-"
20.104.244.165 - - [20/Jun/2026:12:59:06 -0400] "GET / HTTP/1.1" 301 795 "-" "-"
20.104.244.165 - - [20/Jun/2026:12:59:11 -0400] "GET / HTTP/1.1" 301 795 "-" "-"
20.104.244.165 - - [20/Jun/2026:12:59:12 -0400] "GET / HTTP/1.1" 301 795 "-" "-"
20.104.244.165 - - [20/Jun/2026:12:59:14 -0400] "GET / HTTP/1.1" 301 795 "-" "-"
20.104.244.165 - - [20/Jun/2026:12:59:16 -0400] "GET / HTTP/1.1" 301 795 "-" "-"
20.104.244.165 - - [20/Jun/2026:12:59:22 -0400] "GET / HTTP/1.1" 301 795 "-" "-"
20.104.244.165 - - [20/Jun/2026:12:59:24 -0400] "GET / HTTP/1.1" 301 795 "-" "-"
20.104.244.165 - - [20/Jun/2026:12:59:28 -0400] "GET / HTTP/1.1" 301 795 "-" "-"
20.104.244.165 - - [20/Jun/2026:12:59:30 -0400] "GET / HTTP/1.1" 301 795 "-" "-"
20.104.244.165 - - [20/Jun/2026:12:59:33 -0400] "GET / HTTP/1.1" 301 795 "-" "-"
20.104.244.165 - - [20/Jun/2026:12:59:35 -0400] "GET / HTTP/1.1" 301 795 "-" "-"
20.104.244.165 - - [20/Jun/2026:12:59:36 -0400] "GET / HTTP/1.1" 301 795 "-" "-"
20.104.244.165 - - [20/Jun/2026:12:59:37 -0400] "GET / HTTP/1.1" 301 795 "-" "-"
20.104.244.165 - - [20/Jun/2026:12:59:38 -0400] "GET / HTTP/1.1" 301 795 "-" "-"
20.104.244.165 - - [20/Jun/2026:12:59:40 -0400] "GET / HTTP/1.1" 301 795 "-" "-"
20.104.244.165 - - [20/Jun/2026:12:59:42 -0400] "GET / HTTP/1.1" 301 795 "-" "-"
20.104.244.165 - - [20/Jun/2026:12:59:43 -0400] "GET / HTTP/1.1" 301 795 "-" "-"
20.104.244.165 - - [20/Jun/2026:12:59:45 -0400] "GET / HTTP/1.1" 301 795 "-" "-"
20.104.244.165 - - [20/Jun/2026:12:59:47 -0400] "GET / HTTP/1.1" 301 795 "-" "-"
20.104.244.165 - - [20/Jun/2026:12:59:48 -0400] "GET / HTTP/1.1" 301 795 "-" "-"
20.104.244.165 - - [20/Jun/2026:12:59:51 -0400] "GET / HTTP/1.1" 301 795 "-" "-"
20.104.244.165 - - [20/Jun/2026:12:59:52 -0400] "GET / HTTP/1.1" 301 795 "-" "-"
20.104.244.165 - - [20/Jun/2026:12:59:54 -0400] "GET / HTTP/1.1" 301 795 "-" "-"
20.104.244.165 - - [20/Jun/2026:12:59:55 -0400] "GET / HTTP/1.1" 301 795 "-" "-"
20.104.244.165 - - [20/Jun/2026:12:59:56 -0400] "GET / HTTP/1.1" 301 795 "-" "-"
20.104.244.165 - - [20/Jun/2026:13:00:00 -0400] "GET / HTTP/1.1" 301 795 "-" "-"
20.104.244.165 - - [20/Jun/2026:13:00:02 -0400] "GET / HTTP/1.1" 301 795 "-" "-"
3.77.67.4 - - [20/Jun/2026:13:04:03 -0400] "HEAD / HTTP/1.1" 301 0 "http://metrohometrader.com/" "Mozilla/5.0+(compatible; UptimeRobot/2.0; http://www.uptimerobot.com/)"
20.104.244.165 - - [20/Jun/2026:12:59:01 -0400] "GET / HTTP/1.1" 301 795 "-" "-"
20.104.244.165 - - [20/Jun/2026:12:59:07 -0400] "GET / HTTP/1.1" 301 795 "-" "-"
20.104.244.165 - - [20/Jun/2026:12:59:09 -0400] "GET / HTTP/1.1" 301 795 "-" "-"
20.104.244.165 - - [20/Jun/2026:12:59:15 -0400] "GET / HTTP/1.1" 301 795 "-" "-"
20.104.244.165 - - [20/Jun/2026:12:59:17 -0400] "GET / HTTP/1.1" 301 795 "-" "-"
20.104.244.165 - - [20/Jun/2026:12:59:18 -0400] "GET / HTTP/1.1" 301 795 "-" "-"
20.104.244.165 - - [20/Jun/2026:12:59:19 -0400] "GET / HTTP/1.1" 301 795 "-" "-"
20.104.244.165 - - [20/Jun/2026:12:59:21 -0400] "GET / HTTP/1.1" 301 795 "-" "-"
20.104.244.165 - - [20/Jun/2026:12:59:23 -0400] "GET / HTTP/1.1" 301 795 "-" "-"
20.104.244.165 - - [20/Jun/2026:12:59:25 -0400] "GET / HTTP/1.1" 301 795 "-" "-"
20.104.244.165 - - [20/Jun/2026:12:59:31 -0400] "GET / HTTP/1.1" 301 795 "-" "-"
20.104.244.165 - - [20/Jun/2026:12:59:32 -0400] "GET / HTTP/1.1" 301 795 "-" "-"
20.104.244.165 - - [20/Jun/2026:12:59:34 -0400] "GET / HTTP/1.1" 301 795 "-" "-"
20.104.244.165 - - [20/Jun/2026:12:59:39 -0400] "GET / HTTP/1.1" 301 795 "-" "-"
20.104.244.165 - - [20/Jun/2026:12:59:41 -0400] "GET / HTTP/1.1" 301 795 "-" "-"
20.104.244.165 - - [20/Jun/2026:12:59:41 -0400] "GET / HTTP/1.1" 301 795 "-" "-"
20.104.244.165 - - [20/Jun/2026:12:59:44 -0400] "GET / HTTP/1.1" 301 795 "-" "-"
20.104.244.165 - - [20/Jun/2026:12:59:46 -0400] "GET / HTTP/1.1" 301 795 "-" "-"
20.104.244.165 - - [20/Jun/2026:12:59:49 -0400] "GET / HTTP/1.1" 301 795 "-" "-"
20.104.244.165 - - [20/Jun/2026:12:59:49 -0400] "GET / HTTP/1.1" 301 795 "-" "-"
20.104.244.165 - - [20/Jun/2026:12:59:50 -0400] "GET / HTTP/1.1" 301 795 "-" "-"
20.104.244.165 - - [20/Jun/2026:12:59:53 -0400] "GET / HTTP/1.1" 301 795 "-" "-"
20.104.244.165 - - [20/Jun/2026:12:59:56 -0400] "GET / HTTP/1.1" 301 795 "-" "-"
20.104.244.165 - - [20/Jun/2026:12:59:57 -0400] "GET / HTTP/1.1" 301 795 "-" "-"
20.104.244.165 - - [20/Jun/2026:12:59:58 -0400] "GET / HTTP/1.1" 301 795 "-" "-"
20.104.244.165 - - [20/Jun/2026:12:59:59 -0400] "GET / HTTP/1.1" 301 795 "-" "-"
20.104.244.165 - - [20/Jun/2026:13:00:01 -0400] "GET / HTTP/1.1" 301 795 "-" "-"
20.104.244.165 - - [20/Jun/2026:13:00:03 -0400] "GET / HTTP/1.1" 301 795 "-" "-"
78.47.98.55 - - [20/Jun/2026:13:09:08 -0400] "HEAD / HTTP/1.1" 301 0 "http://metrohometrader.com/" "Mozilla/5.0+(compatible; UptimeRobot/2.0; http://www.uptimerobot.com/)"
52.28.162.93 - - [20/Jun/2026:13:14:14 -0400] "HEAD / HTTP/1.1" 301 0 "http://metrohometrader.com/" "Mozilla/5.0+(compatible; UptimeRobot/2.0; http://www.uptimerobot.com/)"
193.47.60.186 - - [20/Jun/2026:13:18:08 -0400] "GET / HTTP/1.1" 301 795 "-" "Mozilla/5.0 (Windows NT 6.2) AppleWebKit/537.36 (KHTML, like Gecko) Chrome/49.0.2653.79 Safari/537.36"
193.47.60.186 - - [20/Jun/2026:13:18:40 -0400] "GET / HTTP/1.1" 301 795 "-" "Mozilla/5.0 (compatible; MSIE 8.0; Windows NT 6.3; Trident/4.0)"
49.13.130.29 - - [20/Jun/2026:13:19:25 -0400] "HEAD / HTTP/1.1" 301 0 "http://metrohometrader.com/" "Mozilla/5.0+(compatible; UptimeRobot/2.0; http://www.uptimerobot.com/)"
49.13.130.29 - - [20/Jun/2026:13:29:36 -0400] "HEAD / HTTP/1.1" 301 0 "http://metrohometrader.com/" "Mozilla/5.0+(compatible; UptimeRobot/2.0; http://www.uptimerobot.com/)"
66.102.9.160 - - [20/Jun/2026:13:33:16 -0400] "HEAD /feed/ HTTP/1.1" 301 0 "-" "FeedBurner/1.0 (http://www.FeedBurner.com)"
49.13.134.145 - - [20/Jun/2026:13:34:49 -0400] "HEAD / HTTP/1.1" 301 0 "http://metrohometrader.com/" "Mozilla/5.0+(compatible; UptimeRobot/2.0; http://www.uptimerobot.com/)"
49.13.24.81 - - [20/Jun/2026:13:24:30 -0400] "HEAD / HTTP/1.1" 301 0 "http://metrohometrader.com/" "Mozilla/5.0+(compatible; UptimeRobot/2.0; http://www.uptimerobot.com/)"
66.102.9.160 - - [20/Jun/2026:13:30:15 -0400] "HEAD /feed/ HTTP/1.1" 301 0 "-" "FeedBurner/1.0 (http://www.FeedBurner.com)"
195.2.84.198 - - [20/Jun/2026:13:30:48 -0400] "GET /wp-login.php HTTP/1.0" 301 795 "http://metrohometrader.com/wp-login.php" "Mozilla/5.0 (Windows NT 10.0; Win64; x64) AppleWebKit/537.36 (KHTML, like Gecko) Chrome/131.0.0.0 Safari/537.36"
159.69.158.189 - - [20/Jun/2026:13:50:11 -0400] "HEAD / HTTP/1.1" 301 0 "http://metrohometrader.com/" "Mozilla/5.0+(compatible; UptimeRobot/2.0; http://www.uptimerobot.com/)"
157.90.156.63 - - [20/Jun/2026:13:39:55 -0400] "HEAD / HTTP/1.1" 301 0 "http://metrohometrader.com/" "Mozilla/5.0+(compatible; UptimeRobot/2.0; http://www.uptimerobot.com/)"
168.119.96.239 - - [20/Jun/2026:13:45:04 -0400] "HEAD / HTTP/1.1" 301 0 "http://metrohometrader.com/" "Mozilla/5.0+(compatible; UptimeRobot/2.0; http://www.uptimerobot.com/)"
18.192.166.72 - - [20/Jun/2026:13:55:16 -0400] "HEAD / HTTP/1.1" 301 0 "http://metrohometrader.com/" "Mozilla/5.0+(compatible; UptimeRobot/2.0; http://www.uptimerobot.com/)"
195.2.67.184 - - [20/Jun/2026:13:57:06 -0400] "GET /wp-login.php HTTP/1.0" 301 795 "http://metrohometrader.com/wp-login.php" "Mozilla/5.0 (Windows NT 10.0; Win64; x64) AppleWebKit/537.36 (KHTML, like Gecko) Chrome/131.0.0.0 Safari/537.36 Avast/131.0.0.0"
52.206.61.49 - - [20/Jun/2026:14:06:31 -0400] "GET /robots.txt HTTP/1.1" 301 795 "-" "Mozilla/5.0 (Macintosh; Intel Mac OS X 10_10_1) AppleWebKit/600.2.5 (KHTML, like Gecko) Version/8.0.2 Safari/600.2.5 (Gort)"
168.119.123.75 - - [20/Jun/2026:14:10:35 -0400] "HEAD / HTTP/1.1" 301 0 "http://metrohometrader.com/" "Mozilla/5.0+(compatible; UptimeRobot/2.0; http://www.uptimerobot.com/)"
35.199.57.151 - - [20/Jun/2026:14:00:24 -0400] "GET /?p=680 HTTP/1.1" 301 795 "-" "IDX Pt Dynamic Wrapper bot (User: 13472) http://middleware.idxbroker.com/docs/wrapperbot.php"
49.13.167.123 - - [20/Jun/2026:14:00:24 -0400] "HEAD / HTTP/1.1" 301 0 "http://metrohometrader.com/" "Mozilla/5.0+(compatible; UptimeRobot/2.0; http://www.uptimerobot.com/)"
49.13.167.123 - - [20/Jun/2026:14:05:29 -0400] "HEAD / HTTP/1.1" 301 0 "http://metrohometrader.com/" "Mozilla/5.0+(compatible; UptimeRobot/2.0; http://www.uptimerobot.com/)"
3.79.134.69 - - [20/Jun/2026:14:15:47 -0400] "HEAD / HTTP/1.1" 301 0 "http://metrohometrader.com/" "Mozilla/5.0+(compatible; UptimeRobot/2.0; http://www.uptimerobot.com/)"
54.146.84.151 - - [20/Jun/2026:14:18:49 -0400] "GET / HTTP/1.1" 301 795 "-" "Mozilla/5.0 (Linux; Android 10; HMA-L29) AppleWebKit/537.36 (KHTML, like Gecko) Chrome/84.0.4147.89 Mobile Safari/537.36"
3.79.134.69 - - [20/Jun/2026:14:20:57 -0400] "HEAD / HTTP/1.1" 301 0 "http://metrohometrader.com/" "Mozilla/5.0+(compatible; UptimeRobot/2.0; http://www.uptimerobot.com/)"
128.140.41.193 - - [20/Jun/2026:14:26:10 -0400] "HEAD / HTTP/1.1" 301 0 "http://metrohometrader.com/" "Mozilla/5.0+(compatible; UptimeRobot/2.0; http://www.uptimerobot.com/)"
192.144.148.122 - - [20/Jun/2026:14:27:08 -0400] "GET / HTTP/1.1" 301 795 "http://www.fivestarreal.estate" "Mozilla/5.0 (iPhone; CPU iPhone OS 13_2_3 like Mac OS X) AppleWebKit/605.1.15 (KHTML, like Gecko) Version/13.0.3 Mobile/15E148 Safari/604.1"
18.192.166.72 - - [20/Jun/2026:14:31:17 -0400] "HEAD / HTTP/1.1" 301 0 "http://metrohometrader.com/" "Mozilla/5.0+(compatible; UptimeRobot/2.0; http://www.uptimerobot.com/)"
66.102.9.161 - - [20/Jun/2026:14:36:55 -0400] "HEAD /feed/ HTTP/1.1" 301 0 "-" "FeedBurner/1.0 (http://www.FeedBurner.com)"
52.28.162.93 - - [20/Jun/2026:14:41:41 -0400] "HEAD / HTTP/1.1" 301 0 "http://metrohometrader.com/" "Mozilla/5.0+(compatible; UptimeRobot/2.0; http://www.uptimerobot.com/)"
3.77.67.4 - - [20/Jun/2026:14:36:32 -0400] "HEAD / HTTP/1.1" 301 0 "http://metrohometrader.com/" "Mozilla/5.0+(compatible; UptimeRobot/2.0; http://www.uptimerobot.com/)"
128.140.41.193 - - [20/Jun/2026:14:46:50 -0400] "HEAD / HTTP/1.1" 301 0 "http://metrohometrader.com/" "Mozilla/5.0+(compatible; UptimeRobot/2.0; http://www.uptimerobot.com/)"
64.89.162.167 - - [20/Jun/2026:14:50:45 -0400] "GET /wp-content/plugins/fix/up.php HTTP/1.1" 301 795 "-" "Mozilla/5.0 (Windows NT 10.0; Win64; x64) AppleWebKit/537.36 (KHTML, like Gecko) Chrome/85.0.4183.102 Safari/537.36"
78.47.173.76 - - [20/Jun/2026:14:51:57 -0400] "HEAD / HTTP/1.1" 301 0 "http://metrohometrader.com/" "Mozilla/5.0+(compatible; UptimeRobot/2.0; http://www.uptimerobot.com/)"
78.47.173.76 - - [20/Jun/2026:15:02:14 -0400] "HEAD / HTTP/1.1" 301 0 "http://metrohometrader.com/" "Mozilla/5.0+(compatible; UptimeRobot/2.0; http://www.uptimerobot.com/)"
66.102.9.174 - - [20/Jun/2026:14:49:13 -0400] "HEAD /feed/ HTTP/1.1" 301 0 "-" "FeedBurner/1.0 (http://www.FeedBurner.com)"
64.89.162.167 - - [20/Jun/2026:14:50:45 -0400] "GET / HTTP/1.1" 301 795 "-" "Mozlila/5.0 (Linux; Android 7.0; SM-G892A Bulid/NRD90M; wv) AppleWebKit/537.36 (KHTML, like Gecko) Version/4.0 Chrome/60.0.3112.107 Moblie Safari/537.36"
64.89.162.167 - - [20/Jun/2026:14:50:45 -0400] "GET /wp-content/themes/seotheme/db.php?u HTTP/1.1" 301 795 "www.google.com" "Mozlila/5.0 (Linux; Android 7.0; SM-G892A Bulid/NRD90M; wv) AppleWebKit/537.36 (KHTML, like Gecko) Version/4.0 Chrome/60.0.3112.107 Moblie Safari/537.36"
64.89.162.167 - - [20/Jun/2026:14:50:45 -0400] "POST /ALFA_DATA/alfacgiapi/perl.alfa HTTP/1.1" 301 795 "www.google.com" "Mozlila/5.0 (Linux; Android 7.0; SM-G892A Bulid/NRD90M; wv) AppleWebKit/537.36 (KHTML, like Gecko) Version/4.0 Chrome/60.0.3112.107 Moblie Safari/537.36"
64.89.162.167 - - [20/Jun/2026:14:50:45 -0400] "GET /whlhnhdv.php?Fox=d3wL7 HTTP/1.1" 301 795 "www.google.com" "Mozilla/5.0 (Linux; Android 7.0; SM-G892A Bulid/NRD90M; wv) AppleWebKit/537.36 (KHTML, like Gecko) Version/4.0 Chrome/60.0.3112.107 Moblie Safari/537.36"
64.89.162.167 - - [20/Jun/2026:14:50:47 -0400] "POST /alfacgiapi/perl.alfa HTTP/1.1" 301 795 "www.google.com" "Mozlila/5.0 (Linux; Android 7.0; SM-G892A Bulid/NRD90M; wv) AppleWebKit/537.36 (KHTML, like Gecko) Version/4.0 Chrome/60.0.3112.107 Moblie Safari/537.36"
3.77.67.4 - - [20/Jun/2026:14:57:06 -0400] "HEAD / HTTP/1.1" 301 0 "http://metrohometrader.com/" "Mozilla/5.0+(compatible; UptimeRobot/2.0; http://www.uptimerobot.com/)"
49.13.164.148 - - [20/Jun/2026:15:07:19 -0400] "HEAD / HTTP/1.1" 301 0 "http://metrohometrader.com/" "Mozilla/5.0+(compatible; UptimeRobot/2.0; http://www.uptimerobot.com/)"
35.225.51.47 - - [20/Jun/2026:15:13:39 -0400] "HEAD /wordpress/ HTTP/1.1" 301 0 "-" "Mozilla/5.0 (Macintosh; Intel Mac OS X 13_5) AppleWebKit/605.1.15 (KHTML, like Gecko) Version/16.5 Safari/605.1.15"
35.225.51.47 - - [20/Jun/2026:15:13:41 -0400] "HEAD /new/ HTTP/1.1" 301 0 "-" "Mozilla/5.0 (Linux; Android 11; moto g31) AppleWebKit/537.36 (KHTML, like Gecko) Chrome/122.0.6261.96 Mobile Safari/537.36"
35.225.51.47 - - [20/Jun/2026:15:13:41 -0400] "HEAD /old/ HTTP/1.1" 301 0 "-" "Mozilla/5.0 (Windows NT 10.0; Win64; x64) AppleWebKit/537.36 (KHTML, like Gecko) Chrome/126.0.6478.70 Safari/537.36 Vivaldi/6.7.3200.25"
54.205.105.185 - - [20/Jun/2026:15:17:24 -0400] "GET / HTTP/1.1" 301 795 "-" "Mozilla/5.0 AppleWebKit/605.1.15 (KHTML, like Gecko) Chrome/139.0.0.0 Safari/605.1.15"
78.47.98.55 - - [20/Jun/2026:15:12:27 -0400] "HEAD / HTTP/1.1" 301 0 "http://metrohometrader.com/" "Mozilla/5.0+(compatible; UptimeRobot/2.0; http://www.uptimerobot.com/)"
35.225.51.47 - - [20/Jun/2026:15:13:39 -0400] "HEAD /backup/ HTTP/1.1" 301 0 "-" "Mozilla/5.0 (Linux; Android 11; RMX2195) AppleWebKit/537.36 (KHTML, like Gecko) Chrome/120.0.6099.210 Mobile Safari/537.36 OPR/75.2.3995.72468"
35.225.51.47 - - [20/Jun/2026:15:13:40 -0400] "HEAD /wp/ HTTP/1.1" 301 0 "-" "Mozilla/5.0 (Linux; Android 13; Pixel 7a) AppleWebKit/537.36 (KHTML, like Gecko) Chrome/124.0.6367.82 Mobile Safari/537.36"
35.225.51.47 - - [20/Jun/2026:15:13:42 -0400] "HEAD /blog/ HTTP/1.1" 301 0 "-" "Mozilla/5.0 (Linux; Android 12; TECNO CK6n) AppleWebKit/537.36 (KHTML, like Gecko) Chrome/125.0.6422.50 Mobile Safari/537.36"
35.225.51.47 - - [20/Jun/2026:15:13:42 -0400] "HEAD / HTTP/1.1" 301 0 "-" "Mozilla/5.0 (Linux; Android 10; vivo 1904) AppleWebKit/537.36 (KHTML, like Gecko) Chrome/117.0.5938.60 Mobile Safari/537.36"
3.81.253.213 - - [20/Jun/2026:15:15:37 -0400] "GET / HTTP/1.1" 301 795 "-" "Mozilla/5.0 AppleWebKit/537.36 (KHTML, like Gecko; compatible; Amazonbot/0.1; +https://developer.amazon.com/support/amazonbot) Chrome/119.0.6045.214 Safari/537.36"
3.94.157.25 - - [20/Jun/2026:15:15:49 -0400] "GET / HTTP/1.1" 301 795 "-" "Mozilla/5.0 AppleWebKit/537.36 (KHTML, like Gecko; compatible; Amazonbot/0.1; +https://developer.amazon.com/support/amazonbot) Chrome/119.0.6045.214 Safari/537.36"
43.156.250.82 - - [20/Jun/2026:15:16:50 -0400] "GET / HTTP/1.1" 301 795 "-" "Mozilla/5.0 (iPhone; CPU iPhone OS 13_2_3 like Mac OS X) AppleWebKit/605.1.15 (KHTML, like Gecko) Version/13.0.3 Mobile/15E148 Safari/604.1"
167.235.143.113 - - [20/Jun/2026:15:17:33 -0400] "HEAD / HTTP/1.1" 301 0 "http://metrohometrader.com/" "Mozilla/5.0+(compatible; UptimeRobot/2.0; http://www.uptimerobot.com/)"
78.47.98.55 - - [20/Jun/2026:15:22:39 -0400] "HEAD / HTTP/1.1" 301 0 "http://metrohometrader.com/" "Mozilla/5.0+(compatible; UptimeRobot/2.0; http://www.uptimerobot.com/)"
49.13.24.81 - - [20/Jun/2026:15:27:48 -0400] "HEAD / HTTP/1.1" 301 0 "http://metrohometrader.com/" "Mozilla/5.0+(compatible; UptimeRobot/2.0; http://www.uptimerobot.com/)"
168.119.123.75 - - [20/Jun/2026:15:38:03 -0400] "HEAD / HTTP/1.1" 301 0 "http://metrohometrader.com/" "Mozilla/5.0+(compatible; UptimeRobot/2.0; http://www.uptimerobot.com/)"
157.90.156.63 - - [20/Jun/2026:15:32:56 -0400] "HEAD / HTTP/1.1" 301 0 "http://metrohometrader.com/" "Mozilla/5.0+(compatible; UptimeRobot/2.0; http://www.uptimerobot.com/)"
3.79.134.69 - - [20/Jun/2026:15:43:09 -0400] "HEAD / HTTP/1.1" 301 0 "http://metrohometrader.com/" "Mozilla/5.0+(compatible; UptimeRobot/2.0; http://www.uptimerobot.com/)"
147.182.194.128 - - [20/Jun/2026:15:53:05 -0400] "GET / HTTP/1.1" 301 795 "-" "Mozilla/5.0 (X11; Linux x86_64) AppleWebKit/537.36 (KHTML, like Gecko) Chrome/142.0.0.0 Safari/537.36"
147.182.194.128 - - [20/Jun/2026:15:53:05 -0400] "GET /favicon.ico HTTP/1.1" 301 795 "http://metrohometrader.com/" "Mozilla/5.0 (X11; Linux x86_64) AppleWebKit/537.36 (KHTML, like Gecko) Chrome/142.0.0.0 Safari/537.36"
78.47.173.76 - - [20/Jun/2026:15:53:32 -0400] "HEAD / HTTP/1.1" 301 0 "http://metrohometrader.com/" "Mozilla/5.0+(compatible; UptimeRobot/2.0; http://www.uptimerobot.com/)"
216.244.66.198 - - [20/Jun/2026:15:45:52 -0400] "GET /robots.txt HTTP/1.1" 301 795 "-" "Mozilla/5.0 (compatible; DotBot/1.2; +https://opensiteexplorer.org/dotbot; help@moz.com)"
168.119.123.75 - - [20/Jun/2026:15:48:19 -0400] "HEAD / HTTP/1.1" 301 0 "http://metrohometrader.com/" "Mozilla/5.0+(compatible; UptimeRobot/2.0; http://www.uptimerobot.com/)"
51.68.107.148 - - [20/Jun/2026:15:53:19 -0400] "GET /robots.txt HTTP/1.1" 301 795 "-" "Mozilla/5.0 (compatible; MJ12bot/v2.0.5; http://mj12bot.com/)"
51.68.107.148 - - [20/Jun/2026:15:53:20 -0400] "GET / HTTP/1.1" 301 795 "-" "Mozilla/5.0 (compatible; MJ12bot/v2.0.5; http://mj12bot.com/)"
52.28.162.93 - - [20/Jun/2026:15:58:38 -0400] "HEAD / HTTP/1.1" 301 0 "http://metrohometrader.com/" "Mozilla/5.0+(compatible; UptimeRobot/2.0; http://www.uptimerobot.com/)"
34.162.88.207 - - [20/Jun/2026:16:02:19 -0400] "HEAD /blog/ HTTP/1.1" 301 0 "-" "Mozilla/5.0 (Macintosh; Intel Mac OS X 13_5) AppleWebKit/605.1.15 (KHTML, like Gecko) Version/16.5 Safari/605.1.15"
66.102.9.174 - - [20/Jun/2026:16:02:21 -0400] "HEAD /feed/ HTTP/1.1" 301 0 "-" "FeedBurner/1.0 (http://www.FeedBurner.com)"
34.162.88.207 - - [20/Jun/2026:16:02:22 -0400] "HEAD /wp/ HTTP/1.1" 301 0 "-" "Mozilla/5.0 (Linux; Android 10; vivo 1904) AppleWebKit/537.36 (KHTML, like Gecko) Chrome/117.0.5938.60 Mobile Safari/537.36"
34.162.88.207 - - [20/Jun/2026:16:02:24 -0400] "HEAD /old/ HTTP/1.1" 301 0 "-" "Mozilla/5.0 (Linux; Android 14; Samsung SM-A546B) AppleWebKit/537.36 (KHTML, like Gecko) Chrome/126.0.6478.14 Mobile Safari/537.36"
34.162.88.207 - - [20/Jun/2026:16:02:25 -0400] "HEAD / HTTP/1.1" 301 0 "-" "Mozilla/5.0 (Linux; Android 12; Redmi Note 11) AppleWebKit/537.36 (KHTML, like Gecko) Chrome/123.0.6312.112 Mobile Safari/537.36"
18.192.166.72 - - [20/Jun/2026:16:08:56 -0400] "HEAD / HTTP/1.1" 301 0 "http://metrohometrader.com/" "Mozilla/5.0+(compatible; UptimeRobot/2.0; http://www.uptimerobot.com/)"
66.102.9.160 - - [20/Jun/2026:16:11:05 -0400] "HEAD /feed/ HTTP/1.1" 301 0 "-" "FeedBurner/1.0 (http://www.FeedBurner.com)"
168.119.53.160 - - [20/Jun/2026:16:14:05 -0400] "HEAD / HTTP/1.1" 301 0 "http://metrohometrader.com/" "Mozilla/5.0+(compatible; UptimeRobot/2.0; http://www.uptimerobot.com/)"
43.153.10.13 - - [20/Jun/2026:16:14:15 -0400] "GET / HTTP/1.1" 301 795 "http://fivestarreal.estate" "Mozilla/5.0 (iPhone; CPU iPhone OS 13_2_3 like Mac OS X) AppleWebKit/605.1.15 (KHTML, like Gecko) Version/13.0.3 Mobile/15E148 Safari/604.1"
34.162.88.207 - - [20/Jun/2026:16:02:21 -0400] "HEAD /backup/ HTTP/1.1" 301 0 "-" "Mozilla/5.0 (Windows NT 10.0; WOW64) AppleWebKit/537.36 (KHTML, like Gecko) Chrome/118.0.5993.90 Safari/537.36"
34.162.88.207 - - [20/Jun/2026:16:02:23 -0400] "HEAD /new/ HTTP/1.1" 301 0 "-" "Mozilla/5.0 (Macintosh; Intel Mac OS X 15_0) AppleWebKit/537.36 (KHTML, like Gecko) Chrome/125.0.6422.141 Safari/537.36"
34.162.88.207 - - [20/Jun/2026:16:02:26 -0400] "HEAD /wordpress/ HTTP/1.1" 301 0 "-" "Mozilla/5.0 (iPhone; CPU iPhone OS 16_7 like Mac OS X) AppleWebKit/605.1.15 (KHTML, like Gecko) Version/16.7 Mobile/15E148 Safari/604.1"
78.46.190.63 - - [20/Jun/2026:16:03:48 -0400] "HEAD / HTTP/1.1" 301 0 "http://metrohometrader.com/" "Mozilla/5.0+(compatible; UptimeRobot/2.0; http://www.uptimerobot.com/)"
129.226.217.17 - - [20/Jun/2026:16:17:54 -0400] "GET / HTTP/1.1" 301 795 "-" "Mozilla/5.0 (iPhone; CPU iPhone OS 13_2_3 like Mac OS X) AppleWebKit/605.1.15 (KHTML, like Gecko) Version/13.0.3 Mobile/15E148 Safari/604.1"
18.193.252.127 - - [20/Jun/2026:16:19:11 -0400] "HEAD / HTTP/1.1" 301 0 "http://metrohometrader.com/" "Mozilla/5.0+(compatible; UptimeRobot/2.0; http://www.uptimerobot.com/)"
168.119.96.239 - - [20/Jun/2026:16:24:17 -0400] "HEAD / HTTP/1.1" 301 0 "http://metrohometrader.com/" "Mozilla/5.0+(compatible; UptimeRobot/2.0; http://www.uptimerobot.com/)"
168.119.53.160 - - [20/Jun/2026:16:29:22 -0400] "HEAD / HTTP/1.1" 301 0 "http://metrohometrader.com/" "Mozilla/5.0+(compatible; UptimeRobot/2.0; http://www.uptimerobot.com/)"
128.140.106.114 - - [20/Jun/2026:16:34:34 -0400] "HEAD / HTTP/1.1" 301 0 "http://metrohometrader.com/" "Mozilla/5.0+(compatible; UptimeRobot/2.0; http://www.uptimerobot.com/)"
3.79.134.69 - - [20/Jun/2026:16:44:47 -0400] "HEAD / HTTP/1.1" 301 0 "http://metrohometrader.com/" "Mozilla/5.0+(compatible; UptimeRobot/2.0; http://www.uptimerobot.com/)"
139.155.134.17 - - [20/Jun/2026:16:46:15 -0400] "GET / HTTP/1.1" 301 795 "-" "Mozilla/5.0 (iPhone; CPU iPhone OS 13_2_3 like Mac OS X) AppleWebKit/605.1.15 (KHTML, like Gecko) Version/13.0.3 Mobile/15E148 Safari/604.1"
128.140.41.193 - - [20/Jun/2026:16:39:39 -0400] "HEAD / HTTP/1.1" 301 0 "http://metrohometrader.com/" "Mozilla/5.0+(compatible; UptimeRobot/2.0; http://www.uptimerobot.com/)"
66.102.9.161 - - [20/Jun/2026:16:45:13 -0400] "HEAD /feed/ HTTP/1.1" 301 0 "-" "FeedBurner/1.0 (http://www.FeedBurner.com)"
8.235.16.52 - - [20/Jun/2026:17:02:05 -0400] "HEAD / HTTP/1.1" 301 0 "http://fivestarreal.estate/backup/" "Mozilla/5.0 (Linux; Android 13; Nokia G42 5G) AppleWebKit/537.36 (KHTML, like Gecko) Chrome/126.0.6478.41 Mobile Safari/537.36"
8.235.16.52 - - [20/Jun/2026:17:02:06 -0400] "HEAD / HTTP/1.1" 301 0 "http://fivestarreal.estate/old/" "Mozilla/5.0 (Macintosh; Intel Mac OS X 13_5) AppleWebKit/605.1.15 (KHTML, like Gecko) Version/16.5 Safari/605.1.15"
8.235.16.52 - - [20/Jun/2026:17:02:07 -0400] "HEAD / HTTP/1.1" 301 0 "http://fivestarreal.estate/wp/" "Mozilla/5.0 (Macintosh; Intel Mac OS X 14_5) AppleWebKit/605.1.15 (KHTML, like Gecko) Version/17.5 Safari/605.1.15"
8.235.16.52 - - [20/Jun/2026:17:02:07 -0400] "HEAD / HTTP/1.1" 301 0 "http://fivestarreal.estate/new/" "Mozilla/5.0 (X11; Linux x86_64; rv:127.0) Gecko/20100101 Firefox/127.0"
8.235.16.52 - - [20/Jun/2026:17:02:08 -0400] "HEAD / HTTP/1.1" 301 0 "http://fivestarreal.estate/wordpress/" "Mozilla/5.0 (X11; Linux x86_64; rv:127.0) Gecko/20100101 Firefox/127.0"
128.140.41.193 - - [20/Jun/2026:16:49:54 -0400] "HEAD / HTTP/1.1" 301 0 "http://metrohometrader.com/" "Mozilla/5.0+(compatible; UptimeRobot/2.0; http://www.uptimerobot.com/)"
49.13.24.81 - - [20/Jun/2026:16:55:02 -0400] "HEAD / HTTP/1.1" 301 0 "http://metrohometrader.com/" "Mozilla/5.0+(compatible; UptimeRobot/2.0; http://www.uptimerobot.com/)"
168.119.123.75 - - [20/Jun/2026:17:00:11 -0400] "HEAD / HTTP/1.1" 301 0 "http://metrohometrader.com/" "Mozilla/5.0+(compatible; UptimeRobot/2.0; http://www.uptimerobot.com/)"
8.235.16.52 - - [20/Jun/2026:17:02:06 -0400] "HEAD / HTTP/1.1" 301 0 "http://fivestarreal.estate/" "Mozilla/5.0 (iPad; CPU OS 17_4 like Mac OS X) AppleWebKit/605.1.15 (KHTML, like Gecko) Version/17.4 Mobile/15E148 Safari/604.1"
8.235.16.52 - - [20/Jun/2026:17:02:09 -0400] "HEAD / HTTP/1.1" 301 0 "http://fivestarreal.estate/blog/" "Mozilla/5.0 (Linux; Android 12; TECNO CK6n) AppleWebKit/537.36 (KHTML, like Gecko) Chrome/125.0.6422.50 Mobile Safari/537.36"
66.102.9.161 - - [20/Jun/2026:17:03:38 -0400] "HEAD /feed/ HTTP/1.1" 301 0 "-" "FeedBurner/1.0 (http://www.FeedBurner.com)"
167.235.143.113 - - [20/Jun/2026:17:05:20 -0400] "HEAD / HTTP/1.1" 301 0 "http://metrohometrader.com/" "Mozilla/5.0+(compatible; UptimeRobot/2.0; http://www.uptimerobot.com/)"
43.134.188.114 - - [20/Jun/2026:17:05:22 -0400] "GET / HTTP/1.1" 301 795 "http://www.fivestarreal.estate" "Mozilla/5.0 (iPhone; CPU iPhone OS 13_2_3 like Mac OS X) AppleWebKit/605.1.15 (KHTML, like Gecko) Version/13.0.3 Mobile/15E148 Safari/604.1"
157.90.156.63 - - [20/Jun/2026:17:10:28 -0400] "HEAD / HTTP/1.1" 301 0 "http://metrohometrader.com/" "Mozilla/5.0+(compatible; UptimeRobot/2.0; http://www.uptimerobot.com/)"
62.60.130.228 - - [20/Jun/2026:17:19:57 -0400] "GET //cgi-bin/cgi-bin/cgi-bin/cgi-bin/cache.php HTTP/1.1" 301 795 "www.google.com" "Mozlila/5.0 (Linux; Android 7.0; SM-G892A Bulid/NRD90M; wv) AppleWebKit/537.36 (KHTML, like Gecko) Version/4.0 Chrome/60.0.3112.107 Moblie Safari/537.36"
62.60.130.228 - - [20/Jun/2026:17:19:58 -0400] "GET //images/images/images/images/images/images/images/images/cache.php HTTP/1.1" 301 795 "www.google.com" "Mozlila/5.0 (Linux; Android 7.0; SM-G892A Bulid/NRD90M; wv) AppleWebKit/537.36 (KHTML, like Gecko) Version/4.0 Chrome/60.0.3112.107 Moblie Safari/537.36"
62.60.130.228 - - [20/Jun/2026:17:20:03 -0400] "GET //images/images/images/images/images/images/images/cache.php HTTP/1.1" 301 795 "www.google.com" "Mozlila/5.0 (Linux; Android 7.0; SM-G892A Bulid/NRD90M; wv) AppleWebKit/537.36 (KHTML, like Gecko) Version/4.0 Chrome/60.0.3112.107 Moblie Safari/537.36"
62.60.130.228 - - [20/Jun/2026:17:20:06 -0400] "GET //images/images/images/images/images/cache.php HTTP/1.1" 301 795 "www.google.com" "Mozlila/5.0 (Linux; Android 7.0; SM-G892A Bulid/NRD90M; wv) AppleWebKit/537.36 (KHTML, like Gecko) Version/4.0 Chrome/60.0.3112.107 Moblie Safari/537.36"
62.60.130.228 - - [20/Jun/2026:17:20:08 -0400] "GET //images/images/images/images/cache.php HTTP/1.1" 301 795 "www.google.com" "Mozlila/5.0 (Linux; Android 7.0; SM-G892A Bulid/NRD90M; wv) AppleWebKit/537.36 (KHTML, like Gecko) Version/4.0 Chrome/60.0.3112.107 Moblie Safari/537.36"
62.60.130.228 - - [20/Jun/2026:17:20:13 -0400] "GET //assets/images/images/cache.php HTTP/1.1" 301 795 "www.google.com" "Mozlila/5.0 (Linux; Android 7.0; SM-G892A Bulid/NRD90M; wv) AppleWebKit/537.36 (KHTML, like Gecko) Version/4.0 Chrome/60.0.3112.107 Moblie Safari/537.36"
62.60.130.228 - - [20/Jun/2026:17:20:14 -0400] "GET //blogs/media/media/cache.php HTTP/1.1" 301 795 "www.google.com" "Mozlila/5.0 (Linux; Android 7.0; SM-G892A Bulid/NRD90M; wv) AppleWebKit/537.36 (KHTML, like Gecko) Version/4.0 Chrome/60.0.3112.107 Moblie Safari/537.36"
62.60.130.228 - - [20/Jun/2026:17:20:17 -0400] "GET //cache/cache/cache.php HTTP/1.1" 301 795 "www.google.com" "Mozlila/5.0 (Linux; Android 7.0; SM-G892A Bulid/NRD90M; wv) AppleWebKit/537.36 (KHTML, like Gecko) Version/4.0 Chrome/60.0.3112.107 Moblie Safari/537.36"
52.28.162.93 - - [20/Jun/2026:17:15:36 -0400] "HEAD / HTTP/1.1" 301 0 "http://metrohometrader.com/" "Mozilla/5.0+(compatible; UptimeRobot/2.0; http://www.uptimerobot.com/)"
62.60.130.228 - - [20/Jun/2026:17:19:55 -0400] "GET //images/images/cache.php HTTP/1.1" 301 795 "www.google.com" "Mozlila/5.0 (Linux; Android 7.0; SM-G892A Bulid/NRD90M; wv) AppleWebKit/537.36 (KHTML, like Gecko) Version/4.0 Chrome/60.0.3112.107 Moblie Safari/537.36"
62.60.130.228 - - [20/Jun/2026:17:20:04 -0400] "GET //images/images/images/images/images/images/cache.php HTTP/1.1" 301 795 "www.google.com" "Mozlila/5.0 (Linux; Android 7.0; SM-G892A Bulid/NRD90M; wv) AppleWebKit/537.36 (KHTML, like Gecko) Version/4.0 Chrome/60.0.3112.107 Moblie Safari/537.36"
62.60.130.228 - - [20/Jun/2026:17:20:09 -0400] "GET //images/images/images/cache.php HTTP/1.1" 301 795 "www.google.com" "Mozlila/5.0 (Linux; Android 7.0; SM-G892A Bulid/NRD90M; wv) AppleWebKit/537.36 (KHTML, like Gecko) Version/4.0 Chrome/60.0.3112.107 Moblie Safari/537.36"
62.60.130.228 - - [20/Jun/2026:17:20:11 -0400] "GET //wp-content/plugins/plugins/cache.php HTTP/1.1" 301 795 "www.google.com" "Mozlila/5.0 (Linux; Android 7.0; SM-G892A Bulid/NRD90M; wv) AppleWebKit/537.36 (KHTML, like Gecko) Version/4.0 Chrome/60.0.3112.107 Moblie Safari/537.36"
49.13.130.29 - - [20/Jun/2026:17:20:45 -0400] "HEAD / HTTP/1.1" 301 0 "http://metrohometrader.com/" "Mozilla/5.0+(compatible; UptimeRobot/2.0; http://www.uptimerobot.com/)"
142.132.180.39 - - [20/Jun/2026:17:25:51 -0400] "HEAD / HTTP/1.1" 301 0 "http://metrohometrader.com/" "Mozilla/5.0+(compatible; UptimeRobot/2.0; http://www.uptimerobot.com/)"
3.77.67.4 - - [20/Jun/2026:17:36:09 -0400] "HEAD / HTTP/1.1" 301 0 "http://metrohometrader.com/" "Mozilla/5.0+(compatible; UptimeRobot/2.0; http://www.uptimerobot.com/)"
52.28.162.93 - - [20/Jun/2026:17:41:18 -0400] "HEAD / HTTP/1.1" 301 0 "http://metrohometrader.com/" "Mozilla/5.0+(compatible; UptimeRobot/2.0; http://www.uptimerobot.com/)"
78.46.215.1 - - [20/Jun/2026:17:30:58 -0400] "HEAD / HTTP/1.1" 301 0 "http://metrohometrader.com/" "Mozilla/5.0+(compatible; UptimeRobot/2.0; http://www.uptimerobot.com/)"
128.140.106.114 - - [20/Jun/2026:17:51:39 -0400] "HEAD / HTTP/1.1" 301 0 "http://metrohometrader.com/" "Mozilla/5.0+(compatible; UptimeRobot/2.0; http://www.uptimerobot.com/)"
54.88.84.219 - - [20/Jun/2026:17:52:40 -0400] "GET / HTTP/1.1" 301 795 "-" "Mozilla/5.0 AppleWebKit/537.36 (KHTML, like Gecko; compatible; Amazonbot/0.1; +https://developer.amazon.com/support/amazonbot) Chrome/119.0.6045.214 Safari/537.36"
106.63.26.22 - - [20/Jun/2026:17:55:51 -0400] "GET / HTTP/1.1" 301 795 "-" "Mozilla/5.0 (Macintosh; Intel Mac OS X 10_15_7) AppleWebKit/537.36 (KHTML, like Gecko) Chrome/120.0.0.0 Safari/537.36 Edg/120.0.0.0"
106.63.26.141 - - [20/Jun/2026:17:56:22 -0400] "GET /favicon.ico HTTP/1.1" 301 795 "-" "Mozilla/5.0 (Macintosh; Intel Mac OS X 10_15_7) AppleWebKit/537.36 (KHTML, like Gecko) Chrome/120.0.0.0 Safari/537.36 Edg/120.0.0.0"
106.63.26.13 - - [20/Jun/2026:17:56:33 -0400] "GET /sitemap.xml HTTP/1.1" 301 795 "-" "Mozilla/5.0 (Macintosh; Intel Mac OS X 10_15_7) AppleWebKit/537.36 (KHTML, like Gecko) Chrome/120.0.0.0 Safari/537.36 Edg/120.0.0.0"
49.13.134.145 - - [20/Jun/2026:17:46:30 -0400] "HEAD / HTTP/1.1" 301 0 "http://metrohometrader.com/" "Mozilla/5.0+(compatible; UptimeRobot/2.0; http://www.uptimerobot.com/)"
106.63.26.21 - - [20/Jun/2026:17:56:28 -0400] "GET /robots.txt HTTP/1.1" 301 795 "-" "Mozilla/5.0 (Macintosh; Intel Mac OS X 10_15_7) AppleWebKit/537.36 (KHTML, like Gecko) Chrome/120.0.0.0 Safari/537.36 Edg/120.0.0.0"
49.13.164.148 - - [20/Jun/2026:17:56:48 -0400] "HEAD / HTTP/1.1" 301 0 "http://metrohometrader.com/" "Mozilla/5.0+(compatible; UptimeRobot/2.0; http://www.uptimerobot.com/)"
78.46.215.1 - - [20/Jun/2026:18:01:54 -0400] "HEAD / HTTP/1.1" 301 0 "http://metrohometrader.com/" "Mozilla/5.0+(compatible; UptimeRobot/2.0; http://www.uptimerobot.com/)"
168.119.123.75 - - [20/Jun/2026:18:07:02 -0400] "HEAD / HTTP/1.1" 301 0 "http://metrohometrader.com/" "Mozilla/5.0+(compatible; UptimeRobot/2.0; http://www.uptimerobot.com/)"
49.13.164.148 - - [20/Jun/2026:18:12:13 -0400] "HEAD / HTTP/1.1" 301 0 "http://metrohometrader.com/" "Mozilla/5.0+(compatible; UptimeRobot/2.0; http://www.uptimerobot.com/)"
168.119.123.75 - - [20/Jun/2026:18:17:19 -0400] "HEAD / HTTP/1.1" 301 0 "http://metrohometrader.com/" "Mozilla/5.0+(compatible; UptimeRobot/2.0; http://www.uptimerobot.com/)"
66.102.9.161 - - [20/Jun/2026:18:16:25 -0400] "HEAD /feed/ HTTP/1.1" 301 0 "-" "FeedBurner/1.0 (http://www.FeedBurner.com)"
203.95.198.162 - - [20/Jun/2026:18:17:24 -0400] "GET //wp-json/wp/v2/posts HTTP/1.0" 301 795 "-" "Mozilla/5.0 (Windows NT 10.0; Win64; x64) AppleWebKit/537.36 (KHTML, like Gecko) Chrome/120.0.0.0 Safari/537.36"
18.192.166.72 - - [20/Jun/2026:18:22:25 -0400] "HEAD / HTTP/1.1" 301 0 "http://metrohometrader.com/" "Mozilla/5.0+(compatible; UptimeRobot/2.0; http://www.uptimerobot.com/)"
157.15.40.6 - - [20/Jun/2026:18:23:50 -0400] "GET / HTTP/1.1" 301 795 "http://fivestarreal.estate/wp-content/plugins/fix/up.php" "Mozilla/5.0 (Windows NT 10.0; Win64; x64) AppleWebKit/537.36 (KHTML, like Gecko)"
157.15.40.6 - - [20/Jun/2026:18:23:53 -0400] "GET / HTTP/1.1" 301 795 "http://fivestarreal.estate/wp-content/plugins/fix/up.php" "Mozilla/5.0 (Windows NT 10.0; Win64; x64) AppleWebKit/537.36 (KHTML, like Gecko)"
78.47.98.55 - - [20/Jun/2026:18:27:31 -0400] "HEAD / HTTP/1.1" 301 0 "http://metrohometrader.com/" "Mozilla/5.0+(compatible; UptimeRobot/2.0; http://www.uptimerobot.com/)"
66.102.9.161 - - [20/Jun/2026:18:22:17 -0400] "HEAD /feed/ HTTP/1.1" 301 0 "-" "FeedBurner/1.0 (http://www.FeedBurner.com)"
157.15.40.6 - - [20/Jun/2026:18:23:54 -0400] "GET / HTTP/1.1" 301 795 "http://fivestarreal.estate/wp-content/plugins/fix/up.php" "Mozilla/5.0 (Windows NT 10.0; Win64; x64) AppleWebKit/537.36 (KHTML, like Gecko)"
49.13.134.145 - - [20/Jun/2026:18:32:38 -0400] "HEAD / HTTP/1.1" 301 0 "http://metrohometrader.com/" "Mozilla/5.0+(compatible; UptimeRobot/2.0; http://www.uptimerobot.com/)"
100.49.88.137 - - [20/Jun/2026:18:34:29 -0400] "GET /robots.txt HTTP/1.1" 301 795 "-" "Mozilla/5.0 (Macintosh; Intel Mac OS X 10_10_1) AppleWebKit/600.2.5 (KHTML, like Gecko) Version/8.0.2 Safari/600.2.5 (Gort)"
49.13.164.148 - - [20/Jun/2026:18:42:56 -0400] "HEAD / HTTP/1.1" 301 0 "http://metrohometrader.com/" "Mozilla/5.0+(compatible; UptimeRobot/2.0; http://www.uptimerobot.com/)"
52.28.162.93 - - [20/Jun/2026:18:48:03 -0400] "HEAD / HTTP/1.1" 301 0 "http://metrohometrader.com/" "Mozilla/5.0+(compatible; UptimeRobot/2.0; http://www.uptimerobot.com/)"
78.47.98.55 - - [20/Jun/2026:18:37:48 -0400] "HEAD / HTTP/1.1" 301 0 "http://metrohometrader.com/" "Mozilla/5.0+(compatible; UptimeRobot/2.0; http://www.uptimerobot.com/)"
142.132.180.39 - - [20/Jun/2026:18:53:07 -0400] "HEAD / HTTP/1.1" 301 0 "http://metrohometrader.com/" "Mozilla/5.0+(compatible; UptimeRobot/2.0; http://www.uptimerobot.com/)"
157.90.155.240 - - [20/Jun/2026:18:58:12 -0400] "HEAD / HTTP/1.1" 301 0 "http://metrohometrader.com/" "Mozilla/5.0+(compatible; UptimeRobot/2.0; http://www.uptimerobot.com/)"
216.73.216.95 - - [20/Jun/2026:19:00:35 -0400] "GET /robots.txt HTTP/1.1" 301 795 "-" "Mozilla/5.0 AppleWebKit/537.36 (KHTML, like Gecko; compatible; ClaudeBot/1.0; +claudebot@anthropic.com)"
216.73.216.95 - - [20/Jun/2026:19:00:38 -0400] "GET /wp-content/uploads/WPL/6/hrx.php HTTP/1.1" 301 795 "-" "Mozilla/5.0 AppleWebKit/537.36 (KHTML, like Gecko; compatible; ClaudeBot/1.0; +claudebot@anthropic.com)"
18.192.166.72 - - [20/Jun/2026:19:03:19 -0400] "HEAD / HTTP/1.1" 301 0 "http://metrohometrader.com/" "Mozilla/5.0+(compatible; UptimeRobot/2.0; http://www.uptimerobot.com/)"
216.73.216.95 - - [20/Jun/2026:19:03:52 -0400] "GET /wp-content/uploads/WPL/4/shell.php HTTP/1.1" 301 795 "-" "Mozilla/5.0 AppleWebKit/537.36 (KHTML, like Gecko; compatible; ClaudeBot/1.0; +claudebot@anthropic.com)"
66.102.9.161 - - [20/Jun/2026:19:11:34 -0400] "HEAD /feed/ HTTP/1.1" 301 0 "-" "FeedBurner/1.0 (http://www.FeedBurner.com)"
168.119.53.160 - - [20/Jun/2026:19:13:29 -0400] "HEAD / HTTP/1.1" 301 0 "http://metrohometrader.com/" "Mozilla/5.0+(compatible; UptimeRobot/2.0; http://www.uptimerobot.com/)"
106.63.26.21 - - [20/Jun/2026:19:14:12 -0400] "GET /robots.txt HTTP/1.1" 301 795 "-" "Mozilla/5.0 (Macintosh; Intel Mac OS X 10_15_7) AppleWebKit/537.36 (KHTML, like Gecko) Chrome/120.0.0.0 Safari/537.36 Edg/120.0.0.0"
216.73.216.95 - - [20/Jun/2026:19:05:36 -0400] "GET /wp-content/uploads/WPL/9/pler.php HTTP/1.1" 301 795 "-" "Mozilla/5.0 AppleWebKit/537.36 (KHTML, like Gecko; compatible; ClaudeBot/1.0; +claudebot@anthropic.com)"
216.73.216.95 - - [20/Jun/2026:19:06:21 -0400] "GET /wp-content/uploads/WPL/7/anakemas.php HTTP/1.1" 301 795 "-" "Mozilla/5.0 AppleWebKit/537.36 (KHTML, like Gecko; compatible; ClaudeBot/1.0; +claudebot@anthropic.com)"
52.59.43.236 - - [20/Jun/2026:19:08:24 -0400] "HEAD / HTTP/1.1" 301 0 "http://metrohometrader.com/" "Mozilla/5.0+(compatible; UptimeRobot/2.0; http://www.uptimerobot.com/)"
216.73.216.95 - - [20/Jun/2026:19:12:27 -0400] "GET /wp-content/uploads/WPL/5/nx10.php HTTP/1.1" 301 795 "-" "Mozilla/5.0 AppleWebKit/537.36 (KHTML, like Gecko; compatible; ClaudeBot/1.0; +claudebot@anthropic.com)"
106.63.26.132 - - [20/Jun/2026:19:13:38 -0400] "GET / HTTP/1.1" 301 795 "-" "Mozilla/5.0 (Macintosh; Intel Mac OS X 10_15_7) AppleWebKit/537.36 (KHTML, like Gecko) Chrome/120.0.0.0 Safari/537.36 Edg/120.0.0.0"
216.73.216.95 - - [20/Jun/2026:19:19:19 -0400] "GET /wp-content/uploads/WPL/8/hrx.php HTTP/1.1" 301 795 "-" "Mozilla/5.0 AppleWebKit/537.36 (KHTML, like Gecko; compatible; ClaudeBot/1.0; +claudebot@anthropic.com)"
18.192.166.72 - - [20/Jun/2026:19:28:49 -0400] "HEAD / HTTP/1.1" 301 0 "http://metrohometrader.com/" "Mozilla/5.0+(compatible; UptimeRobot/2.0; http://www.uptimerobot.com/)"
106.63.26.148 - - [20/Jun/2026:19:14:24 -0400] "GET /sitemap.xml HTTP/1.1" 301 795 "-" "Mozilla/5.0 (Macintosh; Intel Mac OS X 10_15_7) AppleWebKit/537.36 (KHTML, like Gecko) Chrome/120.0.0.0 Safari/537.36 Edg/120.0.0.0"
78.46.215.1 - - [20/Jun/2026:19:18:33 -0400] "HEAD / HTTP/1.1" 301 0 "http://metrohometrader.com/" "Mozilla/5.0+(compatible; UptimeRobot/2.0; http://www.uptimerobot.com/)"
216.73.216.95 - - [20/Jun/2026:19:18:40 -0400] "GET /wp-content/uploads/WPL/3/Nx3.php HTTP/1.1" 301 795 "-" "Mozilla/5.0 AppleWebKit/537.36 (KHTML, like Gecko; compatible; ClaudeBot/1.0; +claudebot@anthropic.com)"
18.192.166.72 - - [20/Jun/2026:19:23:39 -0400] "HEAD / HTTP/1.1" 301 0 "http://metrohometrader.com/" "Mozilla/5.0+(compatible; UptimeRobot/2.0; http://www.uptimerobot.com/)"
43.133.139.6 - - [20/Jun/2026:19:30:50 -0400] "GET / HTTP/1.1" 301 795 "-" "Mozilla/5.0 (iPhone; CPU iPhone OS 13_2_3 like Mac OS X) AppleWebKit/605.1.15 (KHTML, like Gecko) Version/13.0.3 Mobile/15E148 Safari/604.1"
168.119.123.75 - - [20/Jun/2026:19:39:04 -0400] "HEAD / HTTP/1.1" 301 0 "http://metrohometrader.com/" "Mozilla/5.0+(compatible; UptimeRobot/2.0; http://www.uptimerobot.com/)"
66.102.9.174 - - [20/Jun/2026:19:32:22 -0400] "HEAD /feed/ HTTP/1.1" 301 0 "-" "FeedBurner/1.0 (http://www.FeedBurner.com)"
1.12.70.96 - - [20/Jun/2026:19:33:29 -0400] "GET / HTTP/1.1" 301 795 "http://fivestarreal.estate" "Mozilla/5.0 (iPhone; CPU iPhone OS 13_2_3 like Mac OS X) AppleWebKit/605.1.15 (KHTML, like Gecko) Version/13.0.3 Mobile/15E148 Safari/604.1"
18.193.252.127 - - [20/Jun/2026:19:33:58 -0400] "HEAD / HTTP/1.1" 301 0 "http://metrohometrader.com/" "Mozilla/5.0+(compatible; UptimeRobot/2.0; http://www.uptimerobot.com/)"
52.59.43.236 - - [20/Jun/2026:19:44:09 -0400] "HEAD / HTTP/1.1" 301 0 "http://metrohometrader.com/" "Mozilla/5.0+(compatible; UptimeRobot/2.0; http://www.uptimerobot.com/)"
49.13.130.29 - - [20/Jun/2026:19:49:15 -0400] "HEAD / HTTP/1.1" 301 0 "http://metrohometrader.com/" "Mozilla/5.0+(compatible; UptimeRobot/2.0; http://www.uptimerobot.com/)"
49.13.167.123 - - [20/Jun/2026:19:59:31 -0400] "HEAD / HTTP/1.1" 301 0 "http://metrohometrader.com/" "Mozilla/5.0+(compatible; UptimeRobot/2.0; http://www.uptimerobot.com/)"
157.90.156.63 - - [20/Jun/2026:19:54:24 -0400] "HEAD / HTTP/1.1" 301 0 "http://metrohometrader.com/" "Mozilla/5.0+(compatible; UptimeRobot/2.0; http://www.uptimerobot.com/)"
49.13.134.145 - - [20/Jun/2026:20:14:53 -0400] "HEAD / HTTP/1.1" 301 0 "http://metrohometrader.com/" "Mozilla/5.0+(compatible; UptimeRobot/2.0; http://www.uptimerobot.com/)"
78.47.98.55 - - [20/Jun/2026:20:04:40 -0400] "HEAD / HTTP/1.1" 301 0 "http://metrohometrader.com/" "Mozilla/5.0+(compatible; UptimeRobot/2.0; http://www.uptimerobot.com/)"
49.13.167.123 - - [20/Jun/2026:20:09:48 -0400] "HEAD / HTTP/1.1" 301 0 "http://metrohometrader.com/" "Mozilla/5.0+(compatible; UptimeRobot/2.0; http://www.uptimerobot.com/)"
43.157.188.74 - - [20/Jun/2026:20:17:48 -0400] "GET / HTTP/1.1" 301 795 "http://fivestarreal.estate" "Mozilla/5.0 (iPhone; CPU iPhone OS 13_2_3 like Mac OS X) AppleWebKit/605.1.15 (KHTML, like Gecko) Version/13.0.3 Mobile/15E148 Safari/604.1"
168.119.96.239 - - [20/Jun/2026:20:20:01 -0400] "HEAD / HTTP/1.1" 301 0 "http://metrohometrader.com/" "Mozilla/5.0+(compatible; UptimeRobot/2.0; http://www.uptimerobot.com/)"
157.90.155.240 - - [20/Jun/2026:20:25:09 -0400] "HEAD / HTTP/1.1" 301 0 "http://metrohometrader.com/" "Mozilla/5.0+(compatible; UptimeRobot/2.0; http://www.uptimerobot.com/)"
128.140.106.114 - - [20/Jun/2026:20:30:17 -0400] "HEAD / HTTP/1.1" 301 0 "http://metrohometrader.com/" "Mozilla/5.0+(compatible; UptimeRobot/2.0; http://www.uptimerobot.com/)"
43.159.138.217 - - [20/Jun/2026:20:30:29 -0400] "GET / HTTP/1.1" 301 795 "-" "Mozilla/5.0 (iPhone; CPU iPhone OS 13_2_3 like Mac OS X) AppleWebKit/605.1.15 (KHTML, like Gecko) Version/13.0.3 Mobile/15E148 Safari/604.1"
144.172.106.68 - - [20/Jun/2026:20:33:12 -0400] "HEAD / HTTP/1.1" 301 0 "-" "Mozilla/5.0 (Windows NT 10.0; Win64; x64) AppleWebKit/537.36"
3.79.134.69 - - [20/Jun/2026:20:35:22 -0400] "HEAD / HTTP/1.1" 301 0 "http://metrohometrader.com/" "Mozilla/5.0+(compatible; UptimeRobot/2.0; http://www.uptimerobot.com/)"
66.102.9.174 - - [20/Jun/2026:20:39:13 -0400] "HEAD /feed/ HTTP/1.1" 301 0 "-" "FeedBurner/1.0 (http://www.FeedBurner.com)"
192.71.142.146 - - [20/Jun/2026:20:45:02 -0400] "GET / HTTP/1.1" 301 795 "-" "Mozilla/5.0 (Linux; U; Android 13; sk-sk; Xiaomi 11T Pro Build/TKQ1.220829.002) AppleWebKit/537.36 (KHTML, like Gecko) Version/4.0 Chrome/112.0.5615.136 Mobile Safari/537.36 XiaoMi/MiuiBrowser/14.4.0-g"
3.77.67.4 - - [20/Jun/2026:20:50:43 -0400] "HEAD / HTTP/1.1" 301 0 "http://metrohometrader.com/" "Mozilla/5.0+(compatible; UptimeRobot/2.0; http://www.uptimerobot.com/)"
18.192.166.72 - - [20/Jun/2026:20:40:30 -0400] "HEAD / HTTP/1.1" 301 0 "http://metrohometrader.com/" "Mozilla/5.0+(compatible; UptimeRobot/2.0; http://www.uptimerobot.com/)"
142.132.180.39 - - [20/Jun/2026:20:45:35 -0400] "HEAD / HTTP/1.1" 301 0 "http://metrohometrader.com/" "Mozilla/5.0+(compatible; UptimeRobot/2.0; http://www.uptimerobot.com/)"
52.59.43.236 - - [20/Jun/2026:20:55:50 -0400] "HEAD / HTTP/1.1" 301 0 "http://metrohometrader.com/" "Mozilla/5.0+(compatible; UptimeRobot/2.0; http://www.uptimerobot.com/)"
66.102.9.160 - - [20/Jun/2026:21:00:23 -0400] "HEAD /feed/ HTTP/1.1" 301 0 "-" "FeedBurner/1.0 (http://www.FeedBurner.com)"
49.13.130.29 - - [20/Jun/2026:21:00:56 -0400] "HEAD / HTTP/1.1" 301 0 "http://metrohometrader.com/" "Mozilla/5.0+(compatible; UptimeRobot/2.0; http://www.uptimerobot.com/)"
185.210.86.218 - - [20/Jun/2026:20:55:18 -0400] "GET /wp-login.php HTTP/1.0" 301 795 "http://metrohometrader.com/wp-login.php" "Mozilla/5.0 (Windows NT 10.0; Win64; x64) AppleWebKit/537.36 (KHTML, like Gecko) Chrome/130.0.0.0 Safari/537.36 CCleaner/130.0.0.0"
78.47.173.76 - - [20/Jun/2026:21:16:14 -0400] "HEAD / HTTP/1.1" 301 0 "http://metrohometrader.com/" "Mozilla/5.0+(compatible; UptimeRobot/2.0; http://www.uptimerobot.com/)"
52.59.43.236 - - [20/Jun/2026:21:06:00 -0400] "HEAD / HTTP/1.1" 301 0 "http://metrohometrader.com/" "Mozilla/5.0+(compatible; UptimeRobot/2.0; http://www.uptimerobot.com/)"
78.47.173.76 - - [20/Jun/2026:21:11:06 -0400] "HEAD / HTTP/1.1" 301 0 "http://metrohometrader.com/" "Mozilla/5.0+(compatible; UptimeRobot/2.0; http://www.uptimerobot.com/)"
43.164.194.198 - - [20/Jun/2026:21:19:39 -0400] "GET / HTTP/1.1" 301 795 "http://www.fivestarreal.estate" "Mozilla/5.0 (iPhone; CPU iPhone OS 13_2_3 like Mac OS X) AppleWebKit/605.1.15 (KHTML, like Gecko) Version/13.0.3 Mobile/15E148 Safari/604.1"
142.132.180.39 - - [20/Jun/2026:21:21:19 -0400] "HEAD / HTTP/1.1" 301 0 "http://metrohometrader.com/" "Mozilla/5.0+(compatible; UptimeRobot/2.0; http://www.uptimerobot.com/)"
52.28.162.93 - - [20/Jun/2026:21:26:26 -0400] "HEAD / HTTP/1.1" 301 0 "http://metrohometrader.com/" "Mozilla/5.0+(compatible; UptimeRobot/2.0; http://www.uptimerobot.com/)"
34.193.37.226 - - [20/Jun/2026:21:30:44 -0400] "GET / HTTP/1.1" 301 795 "-" "Mozilla/5.0 AppleWebKit/605.1.15 (KHTML, like Gecko) Chrome/139.0.0.0 Safari/605.1.15"
78.47.173.76 - - [20/Jun/2026:21:31:33 -0400] "HEAD / HTTP/1.1" 301 0 "http://metrohometrader.com/" "Mozilla/5.0+(compatible; UptimeRobot/2.0; http://www.uptimerobot.com/)"
66.102.9.161 - - [20/Jun/2026:21:38:38 -0400] "HEAD /feed/ HTTP/1.1" 301 0 "-" "FeedBurner/1.0 (http://www.FeedBurner.com)"
168.119.123.75 - - [20/Jun/2026:21:41:49 -0400] "HEAD / HTTP/1.1" 301 0 "http://metrohometrader.com/" "Mozilla/5.0+(compatible; UptimeRobot/2.0; http://www.uptimerobot.com/)"
216.73.216.95 - - [20/Jun/2026:21:44:19 -0400] "GET /wp-content/uploads/WPL/qrcode/qr_028808517b9384b33e315222d844a4ad.png HTTP/1.1" 301 795 "-" "Mozilla/5.0 AppleWebKit/537.36 (KHTML, like Gecko; compatible; ClaudeBot/1.0; +claudebot@anthropic.com)"
66.102.9.174 - - [20/Jun/2026:21:45:54 -0400] "HEAD /feed/ HTTP/1.1" 301 0 "-" "FeedBurner/1.0 (http://www.FeedBurner.com)"
49.13.134.145 - - [20/Jun/2026:21:46:53 -0400] "HEAD / HTTP/1.1" 301 0 "http://metrohometrader.com/" "Mozilla/5.0+(compatible; UptimeRobot/2.0; http://www.uptimerobot.com/)"
216.73.216.95 - - [20/Jun/2026:21:48:43 -0400] "GET /wp-content/uploads/WPL/qrcode/qr_d1acb32aadf17204f11570e7d3846ad6.png HTTP/1.1" 301 795 "-" "Mozilla/5.0 AppleWebKit/537.36 (KHTML, like Gecko; compatible; ClaudeBot/1.0; +claudebot@anthropic.com)"
168.119.123.75 - - [20/Jun/2026:21:36:39 -0400] "HEAD / HTTP/1.1" 301 0 "http://metrohometrader.com/" "Mozilla/5.0+(compatible; UptimeRobot/2.0; http://www.uptimerobot.com/)"
216.73.216.95 - - [20/Jun/2026:21:44:15 -0400] "GET /robots.txt HTTP/1.1" 301 795 "-" "Mozilla/5.0 AppleWebKit/537.36 (KHTML, like Gecko; compatible; ClaudeBot/1.0; +claudebot@anthropic.com)"
216.73.216.95 - - [20/Jun/2026:21:45:12 -0400] "GET /wp-content/uploads/WPL/qrcode/qr_8d9f21ea7c8c1a0273cb9d1a2f97d6f6.png HTTP/1.1" 301 795 "-" "Mozilla/5.0 AppleWebKit/537.36 (KHTML, like Gecko; compatible; ClaudeBot/1.0; +claudebot@anthropic.com)"
216.73.216.95 - - [20/Jun/2026:21:49:35 -0400] "GET /wp-content/uploads/WPL/users/1/main_email.png HTTP/1.1" 301 795 "-" "Mozilla/5.0 AppleWebKit/537.36 (KHTML, like Gecko; compatible; ClaudeBot/1.0; +claudebot@anthropic.com)"
78.46.190.63 - - [20/Jun/2026:21:52:00 -0400] "HEAD / HTTP/1.1" 301 0 "http://metrohometrader.com/" "Mozilla/5.0+(compatible; UptimeRobot/2.0; http://www.uptimerobot.com/)"
216.73.216.95 - - [20/Jun/2026:21:59:21 -0400] "GET /wp-content/uploads/WPL/qrcode/qr_9790eeddb32ad84167ff17bce3dc5c0e.png HTTP/1.1" 301 795 "-" "Mozilla/5.0 AppleWebKit/537.36 (KHTML, like Gecko; compatible; ClaudeBot/1.0; +claudebot@anthropic.com)"
216.73.216.95 - - [20/Jun/2026:22:00:22 -0400] "GET /wp-content/uploads/WPL/qrcode/qr_64ab2639592c100eb10cb54ae59b41a9.png HTTP/1.1" 301 795 "-" "Mozilla/5.0 AppleWebKit/537.36 (KHTML, like Gecko; compatible; ClaudeBot/1.0; +claudebot@anthropic.com)"
142.132.180.39 - - [20/Jun/2026:22:02:11 -0400] "HEAD / HTTP/1.1" 301 0 "http://metrohometrader.com/" "Mozilla/5.0+(compatible; UptimeRobot/2.0; http://www.uptimerobot.com/)"
78.46.190.63 - - [20/Jun/2026:21:57:05 -0400] "HEAD / HTTP/1.1" 301 0 "http://metrohometrader.com/" "Mozilla/5.0+(compatible; UptimeRobot/2.0; http://www.uptimerobot.com/)"
216.73.216.95 - - [20/Jun/2026:22:00:39 -0400] "GET /wp-content/uploads/WPL/qrcode/qr_505d1bcb83af3470cd29408274b0c89c.png HTTP/1.1" 301 795 "-" "Mozilla/5.0 AppleWebKit/537.36 (KHTML, like Gecko; compatible; ClaudeBot/1.0; +claudebot@anthropic.com)"
216.244.66.198 - - [20/Jun/2026:22:16:52 -0400] "GET /robots.txt HTTP/1.1" 301 795 "-" "Mozilla/5.0 (compatible; DotBot/1.2; +https://opensiteexplorer.org/dotbot; help@moz.com)"
52.59.43.236 - - [20/Jun/2026:22:17:34 -0400] "HEAD / HTTP/1.1" 301 0 "http://metrohometrader.com/" "Mozilla/5.0+(compatible; UptimeRobot/2.0; http://www.uptimerobot.com/)"
49.13.130.29 - - [20/Jun/2026:22:22:40 -0400] "HEAD / HTTP/1.1" 301 0 "http://metrohometrader.com/" "Mozilla/5.0+(compatible; UptimeRobot/2.0; http://www.uptimerobot.com/)"
78.47.173.76 - - [20/Jun/2026:22:07:19 -0400] "HEAD / HTTP/1.1" 301 0 "http://metrohometrader.com/" "Mozilla/5.0+(compatible; UptimeRobot/2.0; http://www.uptimerobot.com/)"
12.50.107.219 - - [20/Jun/2026:22:07:41 -0400] "GET / HTTP/1.0" 301 795 "http://metrohometrader.com/" "Mozilla/5.0 (Windows NT 10.0; Win64; x64) AppleWebKit/537.36 (KHTML, like Gecko) Chrome/131.0.0.0 Safari/537.36"
68.210.184.44 - - [20/Jun/2026:22:09:20 -0400] "GET / HTTP/1.1" 301 795 "-" "Mozilla/5.0 (X11; Linux x86_64; rv:52.0) Gecko/20100101 Firefox/52.0"
