88.99.80.227 - - [20/Jun/2026:22:12:24 -0400] "HEAD / HTTP/1.1" 301 0 "http://metrohometrader.com/" "Mozilla/5.0+(compatible; UptimeRobot/2.0; http://www.uptimerobot.com/)"
136.143.177.64 - - [20/Jun/2026:22:27:21 -0400] "GET / HTTP/1.1" 301 795 "-" "Java/17.0.19"
66.102.9.174 - - [20/Jun/2026:22:36:03 -0400] "HEAD /feed/ HTTP/1.1" 301 0 "-" "FeedBurner/1.0 (http://www.FeedBurner.com)"
157.90.155.240 - - [20/Jun/2026:22:38:05 -0400] "HEAD / HTTP/1.1" 301 0 "http://metrohometrader.com/" "Mozilla/5.0+(compatible; UptimeRobot/2.0; http://www.uptimerobot.com/)"
136.143.177.64 - - [20/Jun/2026:22:27:21 -0400] "GET / HTTP/1.1" 301 795 "-" "Java/17.0.19"
63.178.84.147 - - [20/Jun/2026:22:27:46 -0400] "HEAD / HTTP/1.1" 301 0 "http://metrohometrader.com/" "Mozilla/5.0+(compatible; UptimeRobot/2.0; http://www.uptimerobot.com/)"
216.73.216.95 - - [20/Jun/2026:22:28:13 -0400] "GET /wp-content/uploads/WPL/qrcode/qr_509d50e1b38957b90ec250cdae6e2b6a.png HTTP/1.1" 301 795 "-" "Mozilla/5.0 AppleWebKit/537.36 (KHTML, like Gecko; compatible; ClaudeBot/1.0; +claudebot@anthropic.com)"
3.79.134.69 - - [20/Jun/2026:22:32:56 -0400] "HEAD / HTTP/1.1" 301 0 "http://metrohometrader.com/" "Mozilla/5.0+(compatible; UptimeRobot/2.0; http://www.uptimerobot.com/)"
168.119.96.239 - - [20/Jun/2026:22:53:27 -0400] "HEAD / HTTP/1.1" 301 0 "http://metrohometrader.com/" "Mozilla/5.0+(compatible; UptimeRobot/2.0; http://www.uptimerobot.com/)"
167.235.143.113 - - [20/Jun/2026:22:43:14 -0400] "HEAD / HTTP/1.1" 301 0 "http://metrohometrader.com/" "Mozilla/5.0+(compatible; UptimeRobot/2.0; http://www.uptimerobot.com/)"
167.235.143.113 - - [20/Jun/2026:22:48:22 -0400] "HEAD / HTTP/1.1" 301 0 "http://metrohometrader.com/" "Mozilla/5.0+(compatible; UptimeRobot/2.0; http://www.uptimerobot.com/)"
136.143.177.60 - - [20/Jun/2026:22:57:22 -0400] "GET / HTTP/1.1" 301 795 "-" "Java/17.0.19"
136.143.177.60 - - [20/Jun/2026:22:57:22 -0400] "GET / HTTP/1.1" 301 795 "-" "Java/17.0.19"
132.145.85.22 - - [20/Jun/2026:23:03:06 -0400] "GET /wp-json/wp/v2/posts HTTP/1.1" 301 795 "-" "Mozilla/5.0 (Windows NT 10.0; Win64; x64) AppleWebKit/537.36 (KHTML, like Gecko) Chrome/120.0.0.0 Safari/537.36"
66.102.9.161 - - [20/Jun/2026:23:03:40 -0400] "HEAD /feed/ HTTP/1.1" 301 0 "-" "FeedBurner/1.0 (http://www.FeedBurner.com)"
111.230.233.46 - - [20/Jun/2026:23:04:49 -0400] "GET / HTTP/1.1" 301 795 "-" "Mozilla/5.0 (iPhone; CPU iPhone OS 13_2_3 like Mac OS X) AppleWebKit/605.1.15 (KHTML, like Gecko) Version/13.0.3 Mobile/15E148 Safari/604.1"
128.140.106.114 - - [20/Jun/2026:22:58:33 -0400] "HEAD / HTTP/1.1" 301 0 "http://metrohometrader.com/" "Mozilla/5.0+(compatible; UptimeRobot/2.0; http://www.uptimerobot.com/)"
20.215.233.154 - - [20/Jun/2026:23:01:56 -0400] "GET / HTTP/1.1" 301 795 "-" "Mozilla/5.0 (X11; Linux x86_64; rv:52.0) Gecko/20100101 Firefox/52.0"
157.90.156.63 - - [20/Jun/2026:23:03:39 -0400] "HEAD / HTTP/1.1" 301 0 "http://metrohometrader.com/" "Mozilla/5.0+(compatible; UptimeRobot/2.0; http://www.uptimerobot.com/)"
49.13.164.148 - - [20/Jun/2026:23:08:46 -0400] "HEAD / HTTP/1.1" 301 0 "http://metrohometrader.com/" "Mozilla/5.0+(compatible; UptimeRobot/2.0; http://www.uptimerobot.com/)"
157.90.155.240 - - [20/Jun/2026:23:13:52 -0400] "HEAD / HTTP/1.1" 301 0 "http://metrohometrader.com/" "Mozilla/5.0+(compatible; UptimeRobot/2.0; http://www.uptimerobot.com/)"
52.90.39.200 - - [20/Jun/2026:23:14:33 -0400] "GET / HTTP/1.1" 301 795 "-" "Mozilla/5.0 (Windows NT 10.0; Win64; x64) AppleWebKit/537.36 (KHTML, like Gecko) Chrome/87.0.4280.141 Safari/537.36"
49.13.134.145 - - [20/Jun/2026:23:19:03 -0400] "HEAD / HTTP/1.1" 301 0 "http://metrohometrader.com/" "Mozilla/5.0+(compatible; UptimeRobot/2.0; http://www.uptimerobot.com/)"
3.77.67.4 - - [20/Jun/2026:23:34:24 -0400] "HEAD / HTTP/1.1" 301 0 "http://metrohometrader.com/" "Mozilla/5.0+(compatible; UptimeRobot/2.0; http://www.uptimerobot.com/)"
3.77.67.4 - - [20/Jun/2026:23:24:11 -0400] "HEAD / HTTP/1.1" 301 0 "http://metrohometrader.com/" "Mozilla/5.0+(compatible; UptimeRobot/2.0; http://www.uptimerobot.com/)"
168.119.53.160 - - [20/Jun/2026:23:29:17 -0400] "HEAD / HTTP/1.1" 301 0 "http://metrohometrader.com/" "Mozilla/5.0+(compatible; UptimeRobot/2.0; http://www.uptimerobot.com/)"
66.249.74.166 - - [20/Jun/2026:23:30:06 -0400] "GET /rapratings/post-sitemap.xml HTTP/1.1" 301 795 "-" "Mozilla/5.0 (compatible; Googlebot/2.1; +http://www.google.com/bot.html)"
138.68.180.18 - - [20/Jun/2026:23:37:08 -0400] "GET / HTTP/1.1" 301 795 "-" "Mozilla/5.0 (Windows NT 10.0; Win64; x64) AppleWebKit/537.36 (KHTML, like Gecko) Chrome/124.0.0.0 Safari/537.36"
3.79.134.69 - - [20/Jun/2026:23:39:30 -0400] "HEAD / HTTP/1.1" 301 0 "http://metrohometrader.com/" "Mozilla/5.0+(compatible; UptimeRobot/2.0; http://www.uptimerobot.com/)"
167.235.143.113 - - [20/Jun/2026:23:44:37 -0400] "HEAD / HTTP/1.1" 301 0 "http://metrohometrader.com/" "Mozilla/5.0+(compatible; UptimeRobot/2.0; http://www.uptimerobot.com/)"
66.249.74.166 - - [20/Jun/2026:23:49:32 -0400] "GET /rapratings/gp_hubs-sitemap.xml HTTP/1.1" 301 795 "-" "Mozilla/5.0 (compatible; Googlebot/2.1; +http://www.google.com/bot.html)"
49.13.164.148 - - [20/Jun/2026:23:49:43 -0400] "HEAD / HTTP/1.1" 301 0 "http://metrohometrader.com/" "Mozilla/5.0+(compatible; UptimeRobot/2.0; http://www.uptimerobot.com/)"
66.102.9.160 - - [20/Jun/2026:23:51:05 -0400] "HEAD /feed/ HTTP/1.1" 301 0 "-" "FeedBurner/1.0 (http://www.FeedBurner.com)"
157.90.155.240 - - [20/Jun/2026:23:54:49 -0400] "HEAD / HTTP/1.1" 301 0 "http://metrohometrader.com/" "Mozilla/5.0+(compatible; UptimeRobot/2.0; http://www.uptimerobot.com/)"
167.235.143.113 - - [20/Jun/2026:23:59:58 -0400] "HEAD / HTTP/1.1" 301 0 "http://metrohometrader.com/" "Mozilla/5.0+(compatible; UptimeRobot/2.0; http://www.uptimerobot.com/)"
66.102.9.160 - - [21/Jun/2026:00:03:19 -0400] "HEAD /feed/ HTTP/1.1" 301 0 "-" "FeedBurner/1.0 (http://www.FeedBurner.com)"
159.69.158.189 - - [21/Jun/2026:00:05:10 -0400] "HEAD / HTTP/1.1" 301 0 "http://metrohometrader.com/" "Mozilla/5.0+(compatible; UptimeRobot/2.0; http://www.uptimerobot.com/)"
157.90.156.63 - - [21/Jun/2026:00:10:19 -0400] "HEAD / HTTP/1.1" 301 0 "http://metrohometrader.com/" "Mozilla/5.0+(compatible; UptimeRobot/2.0; http://www.uptimerobot.com/)"
101.128.109.149 - - [21/Jun/2026:00:25:39 -0400] "GET /wp-content/uploads/WPL/9/Nx3.php HTTP/1.1" 301 795 "-" "Mozilla/5.0 (Windows NT 10.0; Win64; x64) AppleWebKit/537.36"
101.128.109.149 - - [21/Jun/2026:00:25:39 -0400] "GET /wp-content/uploads/WPL/5/Nx3.php HTTP/1.1" 301 795 "-" "Mozilla/5.0 (Windows NT 10.0; Win64; x64) AppleWebKit/537.36"
101.128.109.149 - - [21/Jun/2026:00:25:39 -0400] "GET /wp-content/uploads/WPL/1/Nx3.php HTTP/1.1" 301 795 "-" "Mozilla/5.0 (Windows NT 10.0; Win64; x64) AppleWebKit/537.36"
101.128.109.149 - - [21/Jun/2026:00:25:39 -0400] "GET /wp-content/uploads/WPL/4/Nx3.php HTTP/1.1" 301 795 "-" "Mozilla/5.0 (Windows NT 10.0; Win64; x64) AppleWebKit/537.36"
101.128.109.149 - - [21/Jun/2026:00:25:39 -0400] "GET /wp-content/uploads/WPL/2/Nx3.php HTTP/1.1" 301 795 "-" "Mozilla/5.0 (Windows NT 10.0; Win64; x64) AppleWebKit/537.36"
101.128.109.149 - - [21/Jun/2026:00:25:39 -0400] "GET /wp-content/uploads/WPL/11/Nx3.php HTTP/1.1" 301 795 "-" "Mozilla/5.0 (Windows NT 10.0; Win64; x64) AppleWebKit/537.36"
101.128.109.149 - - [21/Jun/2026:00:25:39 -0400] "GET /wp-content/uploads/WPL/12/Nx3.php HTTP/1.1" 301 795 "-" "Mozilla/5.0 (Windows NT 10.0; Win64; x64) AppleWebKit/537.36"
101.128.109.149 - - [21/Jun/2026:00:25:39 -0400] "GET /wp-content/uploads/WPL/18/Nx3.php HTTP/1.1" 301 795 "-" "Mozilla/5.0 (Windows NT 10.0; Win64; x64) AppleWebKit/537.36"
101.128.109.149 - - [21/Jun/2026:00:25:40 -0400] "GET /wp-content/uploads/WPL/15/Nx3.php HTTP/1.1" 301 795 "-" "Mozilla/5.0 (Windows NT 10.0; Win64; x64) AppleWebKit/537.36"
101.128.109.149 - - [21/Jun/2026:00:25:40 -0400] "GET /wp-content/uploads/WPL/19/Nx3.php HTTP/1.1" 301 795 "-" "Mozilla/5.0 (Windows NT 10.0; Win64; x64) AppleWebKit/537.36"
101.128.109.149 - - [21/Jun/2026:00:25:40 -0400] "GET /wp-content/uploads/WPL/17/Nx3.php HTTP/1.1" 301 795 "-" "Mozilla/5.0 (Windows NT 10.0; Win64; x64) AppleWebKit/537.36"
101.128.109.149 - - [21/Jun/2026:00:25:40 -0400] "GET /wp-content/uploads/WPL/13/Nx3.php HTTP/1.1" 301 795 "-" "Mozilla/5.0 (Windows NT 10.0; Win64; x64) AppleWebKit/537.36"
101.128.109.149 - - [21/Jun/2026:00:25:40 -0400] "GET /wp-content/uploads/WPL/20/Nx3.php HTTP/1.1" 301 795 "-" "Mozilla/5.0 (Windows NT 10.0; Win64; x64) AppleWebKit/537.36"
101.128.109.149 - - [21/Jun/2026:00:25:41 -0400] "GET /wp-content/uploads/WPL/23/Nx3.php HTTP/1.1" 301 795 "-" "Mozilla/5.0 (Windows NT 10.0; Win64; x64) AppleWebKit/537.36"
101.128.109.149 - - [21/Jun/2026:00:25:41 -0400] "GET /wp-content/uploads/WPL/26/Nx3.php HTTP/1.1" 301 795 "-" "Mozilla/5.0 (Windows NT 10.0; Win64; x64) AppleWebKit/537.36"
101.128.109.149 - - [21/Jun/2026:00:25:41 -0400] "GET /wp-content/uploads/WPL/24/Nx3.php HTTP/1.1" 301 795 "-" "Mozilla/5.0 (Windows NT 10.0; Win64; x64) AppleWebKit/537.36"
101.128.109.149 - - [21/Jun/2026:00:25:41 -0400] "GET /wp-content/uploads/WPL/22/Nx3.php HTTP/1.1" 301 795 "-" "Mozilla/5.0 (Windows NT 10.0; Win64; x64) AppleWebKit/537.36"
101.128.109.149 - - [21/Jun/2026:00:25:41 -0400] "GET /wp-content/uploads/WPL/25/Nx3.php HTTP/1.1" 301 795 "-" "Mozilla/5.0 (Windows NT 10.0; Win64; x64) AppleWebKit/537.36"
43.130.141.193 - - [21/Jun/2026:00:13:20 -0400] "GET / HTTP/1.1" 301 795 "-" "Mozilla/5.0 (iPhone; CPU iPhone OS 13_2_3 like Mac OS X) AppleWebKit/605.1.15 (KHTML, like Gecko) Version/13.0.3 Mobile/15E148 Safari/604.1"
157.90.155.240 - - [21/Jun/2026:00:15:26 -0400] "HEAD / HTTP/1.1" 301 0 "http://metrohometrader.com/" "Mozilla/5.0+(compatible; UptimeRobot/2.0; http://www.uptimerobot.com/)"
18.193.252.127 - - [21/Jun/2026:00:20:31 -0400] "HEAD / HTTP/1.1" 301 0 "http://metrohometrader.com/" "Mozilla/5.0+(compatible; UptimeRobot/2.0; http://www.uptimerobot.com/)"
101.128.109.149 - - [21/Jun/2026:00:25:25 -0400] "POST / HTTP/1.1" 301 795 "-" "Mozilla/5.0 (Windows NT 10.0; Win64; x64) AppleWebKit/537.36"
101.128.109.149 - - [21/Jun/2026:00:25:39 -0400] "GET /wp-content/uploads/WPL/7/Nx3.php HTTP/1.1" 301 795 "-" "Mozilla/5.0 (Windows NT 10.0; Win64; x64) AppleWebKit/537.36"
101.128.109.149 - - [21/Jun/2026:00:25:39 -0400] "GET /wp-content/uploads/WPL/6/Nx3.php HTTP/1.1" 301 795 "-" "Mozilla/5.0 (Windows NT 10.0; Win64; x64) AppleWebKit/537.36"
101.128.109.149 - - [21/Jun/2026:00:25:39 -0400] "GET /wp-content/uploads/WPL/8/Nx3.php HTTP/1.1" 301 795 "-" "Mozilla/5.0 (Windows NT 10.0; Win64; x64) AppleWebKit/537.36"
101.128.109.149 - - [21/Jun/2026:00:25:39 -0400] "GET /wp-content/uploads/WPL/3/Nx3.php HTTP/1.1" 301 795 "-" "Mozilla/5.0 (Windows NT 10.0; Win64; x64) AppleWebKit/537.36"
128.140.106.114 - - [21/Jun/2026:00:25:39 -0400] "HEAD / HTTP/1.1" 301 0 "http://metrohometrader.com/" "Mozilla/5.0+(compatible; UptimeRobot/2.0; http://www.uptimerobot.com/)"
101.128.109.149 - - [21/Jun/2026:00:25:39 -0400] "GET /wp-content/uploads/WPL/10/Nx3.php HTTP/1.1" 301 795 "-" "Mozilla/5.0 (Windows NT 10.0; Win64; x64) AppleWebKit/537.36"
101.128.109.149 - - [21/Jun/2026:00:25:39 -0400] "GET /wp-content/uploads/WPL/14/Nx3.php HTTP/1.1" 301 795 "-" "Mozilla/5.0 (Windows NT 10.0; Win64; x64) AppleWebKit/537.36"
101.128.109.149 - - [21/Jun/2026:00:25:40 -0400] "GET /wp-content/uploads/WPL/16/Nx3.php HTTP/1.1" 301 795 "-" "Mozilla/5.0 (Windows NT 10.0; Win64; x64) AppleWebKit/537.36"
101.128.109.149 - - [21/Jun/2026:00:25:41 -0400] "GET /wp-content/uploads/WPL/21/Nx3.php HTTP/1.1" 301 795 "-" "Mozilla/5.0 (Windows NT 10.0; Win64; x64) AppleWebKit/537.36"
101.128.109.149 - - [21/Jun/2026:00:25:41 -0400] "GET /wp-content/uploads/WPL/28/Nx3.php HTTP/1.1" 301 795 "-" "Mozilla/5.0 (Windows NT 10.0; Win64; x64) AppleWebKit/537.36"
101.128.109.149 - - [21/Jun/2026:00:25:41 -0400] "GET /wp-content/uploads/WPL/27/Nx3.php HTTP/1.1" 301 795 "-" "Mozilla/5.0 (Windows NT 10.0; Win64; x64) AppleWebKit/537.36"
101.128.109.149 - - [21/Jun/2026:00:25:41 -0400] "GET /wp-content/uploads/WPL/29/Nx3.php HTTP/1.1" 301 795 "-" "Mozilla/5.0 (Windows NT 10.0; Win64; x64) AppleWebKit/537.36"
101.128.109.149 - - [21/Jun/2026:00:25:41 -0400] "GET /wp-content/uploads/WPL/30/Nx3.php HTTP/1.1" 301 795 "-" "Mozilla/5.0 (Windows NT 10.0; Win64; x64) AppleWebKit/537.36"
78.47.98.55 - - [21/Jun/2026:00:35:49 -0400] "HEAD / HTTP/1.1" 301 0 "http://metrohometrader.com/" "Mozilla/5.0+(compatible; UptimeRobot/2.0; http://www.uptimerobot.com/)"
66.249.74.165 - - [21/Jun/2026:00:38:25 -0400] "GET /robots.txt HTTP/1.1" 301 795 "-" "Mozilla/5.0 (compatible; Googlebot/2.1; +http://www.google.com/bot.html)"
66.249.74.166 - - [21/Jun/2026:00:38:28 -0400] "GET /ads.txt HTTP/1.1" 301 795 "-" "Mozilla/5.0 (compatible; Googlebot/2.1; +http://www.google.com/bot.html)"
167.235.143.113 - - [21/Jun/2026:00:40:59 -0400] "HEAD / HTTP/1.1" 301 0 "http://metrohometrader.com/" "Mozilla/5.0+(compatible; UptimeRobot/2.0; http://www.uptimerobot.com/)"
18.193.252.127 - - [21/Jun/2026:00:30:43 -0400] "HEAD / HTTP/1.1" 301 0 "http://metrohometrader.com/" "Mozilla/5.0+(compatible; UptimeRobot/2.0; http://www.uptimerobot.com/)"
79.143.190.73 - - [21/Jun/2026:00:39:38 -0400] "GET / HTTP/1.1" 301 795 "-" "Mozilla/5.0 (Macintosh; Intel Mac OS X 10_15_7) AppleWebKit/537.36 (KHTML, like Gecko) Chrome/142.0.0.0 Safari/537.36"
52.59.43.236 - - [21/Jun/2026:00:46:06 -0400] "HEAD / HTTP/1.1" 301 0 "http://metrohometrader.com/" "Mozilla/5.0+(compatible; UptimeRobot/2.0; http://www.uptimerobot.com/)"
43.153.113.127 - - [21/Jun/2026:00:54:58 -0400] "GET / HTTP/1.1" 301 795 "http://fivestarreal.estate" "Mozilla/5.0 (iPhone; CPU iPhone OS 13_2_3 like Mac OS X) AppleWebKit/605.1.15 (KHTML, like Gecko) Version/13.0.3 Mobile/15E148 Safari/604.1"
66.102.9.174 - - [21/Jun/2026:00:59:03 -0400] "HEAD /feed/ HTTP/1.1" 301 0 "-" "FeedBurner/1.0 (http://www.FeedBurner.com)"
114.119.150.186 - - [21/Jun/2026:00:48:39 -0400] "GET /robots.txt HTTP/1.1" 301 795 "http://www.metrohometrader.com/robots.txt" "Mozilla/5.0 (compatible;PetalBot;+https://webmaster.petalsearch.com/site/petalbot)"
18.192.166.72 - - [21/Jun/2026:00:51:12 -0400] "HEAD / HTTP/1.1" 301 0 "http://metrohometrader.com/" "Mozilla/5.0+(compatible; UptimeRobot/2.0; http://www.uptimerobot.com/)"
157.90.156.63 - - [21/Jun/2026:00:56:20 -0400] "HEAD / HTTP/1.1" 301 0 "http://metrohometrader.com/" "Mozilla/5.0+(compatible; UptimeRobot/2.0; http://www.uptimerobot.com/)"
3.79.134.69 - - [21/Jun/2026:01:01:26 -0400] "HEAD / HTTP/1.1" 301 0 "http://metrohometrader.com/" "Mozilla/5.0+(compatible; UptimeRobot/2.0; http://www.uptimerobot.com/)"
91.92.42.211 - - [21/Jun/2026:01:09:02 -0400] "GET /administrator/index2.php HTTP/1.1" 301 795 "-" "Mozilla/5.0 (Windows NT 10.0; Win64; x64) AppleWebKit/537.36 (KHTML, like Gecko) Chrome/116.0.0.0 Safari/537.36"
91.92.42.211 - - [21/Jun/2026:01:09:03 -0400] "GET /admin/ HTTP/1.1" 301 795 "-" "Mozilla/5.0 (Windows NT 10.0; Win64; x64) AppleWebKit/537.36 (KHTML, like Gecko) Chrome/116.0.0.0 Safari/537.36"
91.92.42.211 - - [21/Jun/2026:01:09:09 -0400] "GET /cms/administrator/ HTTP/1.1" 301 795 "-" "Mozilla/5.0 (Windows NT 10.0; Win64; x64) AppleWebKit/537.36 (KHTML, like Gecko) Chrome/116.0.0.0 Safari/537.36"
66.102.9.174 - - [21/Jun/2026:01:05:53 -0400] "HEAD /feed/ HTTP/1.1" 301 0 "-" "FeedBurner/1.0 (http://www.FeedBurner.com)"
49.13.24.81 - - [21/Jun/2026:01:06:36 -0400] "HEAD / HTTP/1.1" 301 0 "http://metrohometrader.com/" "Mozilla/5.0+(compatible; UptimeRobot/2.0; http://www.uptimerobot.com/)"
91.92.42.211 - - [21/Jun/2026:01:08:51 -0400] "GET /administrator/ HTTP/1.1" 301 795 "-" "Mozilla/5.0 (Windows NT 10.0; Win64; x64) AppleWebKit/537.36 (KHTML, like Gecko) Chrome/116.0.0.0 Safari/537.36"
91.92.42.211 - - [21/Jun/2026:01:08:58 -0400] "GET /administrator/index.php HTTP/1.1" 301 795 "-" "Mozilla/5.0 (Windows NT 10.0; Win64; x64) AppleWebKit/537.36 (KHTML, like Gecko) Chrome/116.0.0.0 Safari/537.36"
91.92.42.211 - - [21/Jun/2026:01:09:07 -0400] "GET /joomla/administrator/ HTTP/1.1" 301 795 "-" "Mozilla/5.0 (Windows NT 10.0; Win64; x64) AppleWebKit/537.36 (KHTML, like Gecko) Chrome/116.0.0.0 Safari/537.36"
91.92.42.211 - - [21/Jun/2026:01:09:10 -0400] "GET /site/administrator/ HTTP/1.1" 301 795 "-" "Mozilla/5.0 (Windows NT 10.0; Win64; x64) AppleWebKit/537.36 (KHTML, like Gecko) Chrome/116.0.0.0 Safari/537.36"
1.12.70.96 - - [21/Jun/2026:01:09:12 -0400] "GET / HTTP/1.1" 301 795 "http://www.fivestarreal.estate" "Mozilla/5.0 (iPhone; CPU iPhone OS 13_2_3 like Mac OS X) AppleWebKit/605.1.15 (KHTML, like Gecko) Version/13.0.3 Mobile/15E148 Safari/604.1"
91.92.42.211 - - [21/Jun/2026:01:09:12 -0400] "GET /web/administrator/ HTTP/1.1" 301 795 "-" "Mozilla/5.0 (Windows NT 10.0; Win64; x64) AppleWebKit/537.36 (KHTML, like Gecko) Chrome/116.0.0.0 Safari/537.36"
91.92.42.211 - - [21/Jun/2026:01:09:14 -0400] "GET /portal/administrator/ HTTP/1.1" 301 795 "-" "Mozilla/5.0 (Windows NT 10.0; Win64; x64) AppleWebKit/537.36 (KHTML, like Gecko) Chrome/116.0.0.0 Safari/537.36"
88.99.80.227 - - [21/Jun/2026:01:11:44 -0400] "HEAD / HTTP/1.1" 301 0 "http://metrohometrader.com/" "Mozilla/5.0+(compatible; UptimeRobot/2.0; http://www.uptimerobot.com/)"
43.130.78.203 - - [21/Jun/2026:01:15:02 -0400] "GET / HTTP/1.1" 301 795 "-" "Mozilla/5.0 (iPhone; CPU iPhone OS 13_2_3 like Mac OS X) AppleWebKit/605.1.15 (KHTML, like Gecko) Version/13.0.3 Mobile/15E148 Safari/604.1"
49.13.164.148 - - [21/Jun/2026:01:21:59 -0400] "HEAD / HTTP/1.1" 301 0 "http://metrohometrader.com/" "Mozilla/5.0+(compatible; UptimeRobot/2.0; http://www.uptimerobot.com/)"
157.90.155.240 - - [21/Jun/2026:01:16:51 -0400] "HEAD / HTTP/1.1" 301 0 "http://metrohometrader.com/" "Mozilla/5.0+(compatible; UptimeRobot/2.0; http://www.uptimerobot.com/)"
122.192.32.36 - - [21/Jun/2026:01:17:56 -0400] "GET /fivestar/cgi-sys/defaultwebpage.cgi HTTP/1.1" 301 795 "http://5starrealty.biz/" "Sogou web spider/4.0(+http://www.sogou.com/docs/help/webmasters.htm#07)"
78.47.98.55 - - [21/Jun/2026:01:37:25 -0400] "HEAD / HTTP/1.1" 301 0 "http://metrohometrader.com/" "Mozilla/5.0+(compatible; UptimeRobot/2.0; http://www.uptimerobot.com/)"
63.178.84.147 - - [21/Jun/2026:01:27:08 -0400] "HEAD / HTTP/1.1" 301 0 "http://metrohometrader.com/" "Mozilla/5.0+(compatible; UptimeRobot/2.0; http://www.uptimerobot.com/)"
159.69.158.189 - - [21/Jun/2026:01:32:17 -0400] "HEAD / HTTP/1.1" 301 0 "http://metrohometrader.com/" "Mozilla/5.0+(compatible; UptimeRobot/2.0; http://www.uptimerobot.com/)"
88.99.80.227 - - [21/Jun/2026:01:47:38 -0400] "HEAD / HTTP/1.1" 301 0 "http://metrohometrader.com/" "Mozilla/5.0+(compatible; UptimeRobot/2.0; http://www.uptimerobot.com/)"
18.193.252.127 - - [21/Jun/2026:01:42:30 -0400] "HEAD / HTTP/1.1" 301 0 "http://metrohometrader.com/" "Mozilla/5.0+(compatible; UptimeRobot/2.0; http://www.uptimerobot.com/)"
66.102.9.160 - - [21/Jun/2026:01:49:45 -0400] "HEAD /feed/ HTTP/1.1" 301 0 "-" "FeedBurner/1.0 (http://www.FeedBurner.com)"
78.46.190.63 - - [21/Jun/2026:01:52:47 -0400] "HEAD / HTTP/1.1" 301 0 "http://metrohometrader.com/" "Mozilla/5.0+(compatible; UptimeRobot/2.0; http://www.uptimerobot.com/)"
49.51.253.83 - - [21/Jun/2026:01:56:18 -0400] "GET / HTTP/1.1" 301 795 "http://www.fivestarreal.estate" "Mozilla/5.0 (iPhone; CPU iPhone OS 13_2_3 like Mac OS X) AppleWebKit/605.1.15 (KHTML, like Gecko) Version/13.0.3 Mobile/15E148 Safari/604.1"
87.106.210.166 - - [21/Jun/2026:01:58:46 -0400] "GET / HTTP/1.1" 301 795 "-" "python-requests/2.31.0"
159.69.158.189 - - [21/Jun/2026:02:08:11 -0400] "HEAD / HTTP/1.1" 301 0 "http://metrohometrader.com/" "Mozilla/5.0+(compatible; UptimeRobot/2.0; http://www.uptimerobot.com/)"
18.193.252.127 - - [21/Jun/2026:02:13:19 -0400] "HEAD / HTTP/1.1" 301 0 "http://metrohometrader.com/" "Mozilla/5.0+(compatible; UptimeRobot/2.0; http://www.uptimerobot.com/)"
167.235.143.113 - - [21/Jun/2026:01:57:54 -0400] "HEAD / HTTP/1.1" 301 0 "http://metrohometrader.com/" "Mozilla/5.0+(compatible; UptimeRobot/2.0; http://www.uptimerobot.com/)"
88.99.80.227 - - [21/Jun/2026:02:03:03 -0400] "HEAD / HTTP/1.1" 301 0 "http://metrohometrader.com/" "Mozilla/5.0+(compatible; UptimeRobot/2.0; http://www.uptimerobot.com/)"
2.58.56.116 - - [21/Jun/2026:02:17:01 -0400] "GET / HTTP/1.1" 301 795 "-" "Mozlila/5.0 (Linux; Android 7.0; SM-G892A Bulid/NRD90M; wv) AppleWebKit/537.36 (KHTML, like Gecko) Version/4.0 Chrome/60.0.3112.107 Moblie Safari/537.36"
2.58.56.116 - - [21/Jun/2026:02:17:01 -0400] "GET /wp-content/plugins/fix/up.php HTTP/1.1" 301 795 "-" "Mozilla/5.0 (Windows NT 10.0; Win64; x64) AppleWebKit/537.36 (KHTML, like Gecko) Chrome/85.0.4183.102 Safari/537.36"
2.58.56.116 - - [21/Jun/2026:02:17:01 -0400] "POST /ALFA_DATA/alfacgiapi/perl.alfa HTTP/1.1" 301 795 "www.google.com" "Mozlila/5.0 (Linux; Android 7.0; SM-G892A Bulid/NRD90M; wv) AppleWebKit/537.36 (KHTML, like Gecko) Version/4.0 Chrome/60.0.3112.107 Moblie Safari/537.36"
2.58.56.116 - - [21/Jun/2026:02:17:01 -0400] "GET /pawwbapj.php?Fox=d3wL7 HTTP/1.1" 301 795 "www.google.com" "Mozilla/5.0 (Linux; Android 7.0; SM-G892A Bulid/NRD90M; wv) AppleWebKit/537.36 (KHTML, like Gecko) Version/4.0 Chrome/60.0.3112.107 Moblie Safari/537.36"
98.94.44.44 - - [21/Jun/2026:02:18:20 -0400] "GET / HTTP/1.1" 301 795 "-" "Mozilla/5.0 (Windows NT 10.0; Win64; x64) AppleWebKit/537.36 (KHTML, like Gecko) Chrome/86.0.4240.75 Safari/537.36"
157.90.155.240 - - [21/Jun/2026:02:18:31 -0400] "HEAD / HTTP/1.1" 301 0 "http://metrohometrader.com/" "Mozilla/5.0+(compatible; UptimeRobot/2.0; http://www.uptimerobot.com/)"
216.73.216.95 - - [21/Jun/2026:02:22:05 -0400] "GET /robots.txt HTTP/1.1" 301 795 "-" "Mozilla/5.0 AppleWebKit/537.36 (KHTML, like Gecko; compatible; ClaudeBot/1.0; +claudebot@anthropic.com)"
216.73.216.95 - - [21/Jun/2026:02:22:11 -0400] "GET /wp-content/uploads/WPL/qrcode/qr_d74eb0f3550f52b78587435541e14ba8.png HTTP/1.1" 301 795 "-" "Mozilla/5.0 AppleWebKit/537.36 (KHTML, like Gecko; compatible; ClaudeBot/1.0; +claudebot@anthropic.com)"
66.102.9.161 - - [21/Jun/2026:02:15:44 -0400] "HEAD /feed/ HTTP/1.1" 301 0 "-" "FeedBurner/1.0 (http://www.FeedBurner.com)"
2.58.56.116 - - [21/Jun/2026:02:17:01 -0400] "GET /wp-content/themes/seotheme/db.php?u HTTP/1.1" 301 795 "www.google.com" "Mozlila/5.0 (Linux; Android 7.0; SM-G892A Bulid/NRD90M; wv) AppleWebKit/537.36 (KHTML, like Gecko) Version/4.0 Chrome/60.0.3112.107 Moblie Safari/537.36"
2.58.56.116 - - [21/Jun/2026:02:17:05 -0400] "POST /alfacgiapi/perl.alfa HTTP/1.1" 301 795 "www.google.com" "Mozlila/5.0 (Linux; Android 7.0; SM-G892A Bulid/NRD90M; wv) AppleWebKit/537.36 (KHTML, like Gecko) Version/4.0 Chrome/60.0.3112.107 Moblie Safari/537.36"
168.119.96.239 - - [21/Jun/2026:02:23:37 -0400] "HEAD / HTTP/1.1" 301 0 "http://metrohometrader.com/" "Mozilla/5.0+(compatible; UptimeRobot/2.0; http://www.uptimerobot.com/)"
3.77.67.4 - - [21/Jun/2026:02:28:47 -0400] "HEAD / HTTP/1.1" 301 0 "http://metrohometrader.com/" "Mozilla/5.0+(compatible; UptimeRobot/2.0; http://www.uptimerobot.com/)"
128.140.106.114 - - [21/Jun/2026:02:44:15 -0400] "HEAD / HTTP/1.1" 301 0 "http://metrohometrader.com/" "Mozilla/5.0+(compatible; UptimeRobot/2.0; http://www.uptimerobot.com/)"
168.119.96.239 - - [21/Jun/2026:02:33:54 -0400] "HEAD / HTTP/1.1" 301 0 "http://metrohometrader.com/" "Mozilla/5.0+(compatible; UptimeRobot/2.0; http://www.uptimerobot.com/)"
128.140.41.193 - - [21/Jun/2026:02:39:00 -0400] "HEAD / HTTP/1.1" 301 0 "http://metrohometrader.com/" "Mozilla/5.0+(compatible; UptimeRobot/2.0; http://www.uptimerobot.com/)"
78.47.98.55 - - [21/Jun/2026:02:49:23 -0400] "HEAD / HTTP/1.1" 301 0 "http://metrohometrader.com/" "Mozilla/5.0+(compatible; UptimeRobot/2.0; http://www.uptimerobot.com/)"
168.119.123.75 - - [21/Jun/2026:02:59:38 -0400] "HEAD / HTTP/1.1" 301 0 "http://metrohometrader.com/" "Mozilla/5.0+(compatible; UptimeRobot/2.0; http://www.uptimerobot.com/)"
3.79.134.69 - - [21/Jun/2026:02:54:29 -0400] "HEAD / HTTP/1.1" 301 0 "http://metrohometrader.com/" "Mozilla/5.0+(compatible; UptimeRobot/2.0; http://www.uptimerobot.com/)"
66.102.9.174 - - [21/Jun/2026:02:58:13 -0400] "HEAD /feed/ HTTP/1.1" 301 0 "-" "FeedBurner/1.0 (http://www.FeedBurner.com)"
168.119.96.239 - - [21/Jun/2026:03:09:50 -0400] "HEAD / HTTP/1.1" 301 0 "http://metrohometrader.com/" "Mozilla/5.0+(compatible; UptimeRobot/2.0; http://www.uptimerobot.com/)"
18.193.252.127 - - [21/Jun/2026:03:04:43 -0400] "HEAD / HTTP/1.1" 301 0 "http://metrohometrader.com/" "Mozilla/5.0+(compatible; UptimeRobot/2.0; http://www.uptimerobot.com/)"
18.193.252.127 - - [21/Jun/2026:03:14:56 -0400] "HEAD / HTTP/1.1" 301 0 "http://metrohometrader.com/" "Mozilla/5.0+(compatible; UptimeRobot/2.0; http://www.uptimerobot.com/)"
54.37.252.231 - - [21/Jun/2026:03:17:38 -0400] "GET /robots.txt HTTP/1.1" 301 795 "-" "Mozilla/5.0 (compatible; MJ12bot/v1.4.8; http://mj12bot.com/)"
66.102.9.160 - - [21/Jun/2026:03:18:19 -0400] "HEAD /feed/ HTTP/1.1" 301 0 "-" "FeedBurner/1.0 (http://www.FeedBurner.com)"
44.218.146.159 - - [21/Jun/2026:03:20:50 -0400] "GET / HTTP/1.1" 301 795 "-" "Mozilla/5.0 AppleWebKit/605.1.15 (KHTML, like Gecko) Chrome/139.0.0.0 Safari/605.1.15"
93.114.192.214 - - [21/Jun/2026:03:26:21 -0400] "GET /wp-login.php HTTP/1.0" 301 795 "http://metrohometrader.com/wp-login.php" "Mozilla/5.0 (Windows NT 10.0; Win64; x64) AppleWebKit/537.36 (KHTML, like Gecko) Chrome/131.0.0.0 Safari/537.36 Avast/131.0.0.0"
167.235.143.113 - - [21/Jun/2026:03:20:02 -0400] "HEAD / HTTP/1.1" 301 0 "http://metrohometrader.com/" "Mozilla/5.0+(compatible; UptimeRobot/2.0; http://www.uptimerobot.com/)"
128.140.41.193 - - [21/Jun/2026:03:25:11 -0400] "HEAD / HTTP/1.1" 301 0 "http://metrohometrader.com/" "Mozilla/5.0+(compatible; UptimeRobot/2.0; http://www.uptimerobot.com/)"
78.47.98.55 - - [21/Jun/2026:03:30:19 -0400] "HEAD / HTTP/1.1" 301 0 "http://metrohometrader.com/" "Mozilla/5.0+(compatible; UptimeRobot/2.0; http://www.uptimerobot.com/)"
124.202.128.70 - - [21/Jun/2026:03:32:42 -0400] "GET / HTTP/1.1" 301 795 "-" "Python-urllib/2.7"
128.140.41.193 - - [21/Jun/2026:03:35:24 -0400] "HEAD / HTTP/1.1" 301 0 "http://metrohometrader.com/" "Mozilla/5.0+(compatible; UptimeRobot/2.0; http://www.uptimerobot.com/)"
49.13.167.123 - - [21/Jun/2026:03:40:31 -0400] "HEAD / HTTP/1.1" 301 0 "http://metrohometrader.com/" "Mozilla/5.0+(compatible; UptimeRobot/2.0; http://www.uptimerobot.com/)"
18.192.166.72 - - [21/Jun/2026:03:45:37 -0400] "HEAD / HTTP/1.1" 301 0 "http://metrohometrader.com/" "Mozilla/5.0+(compatible; UptimeRobot/2.0; http://www.uptimerobot.com/)"
168.119.123.75 - - [21/Jun/2026:03:50:46 -0400] "HEAD / HTTP/1.1" 301 0 "http://metrohometrader.com/" "Mozilla/5.0+(compatible; UptimeRobot/2.0; http://www.uptimerobot.com/)"
63.178.84.147 - - [21/Jun/2026:04:01:04 -0400] "HEAD / HTTP/1.1" 301 0 "http://metrohometrader.com/" "Mozilla/5.0+(compatible; UptimeRobot/2.0; http://www.uptimerobot.com/)"
168.119.96.239 - - [21/Jun/2026:03:55:55 -0400] "HEAD / HTTP/1.1" 301 0 "http://metrohometrader.com/" "Mozilla/5.0+(compatible; UptimeRobot/2.0; http://www.uptimerobot.com/)"
153.3.233.23 - - [21/Jun/2026:04:04:27 -0400] "GET /fivestar/cgi-sys/defaultwebpage.cgi HTTP/1.1" 301 795 "http://5starrealty.biz/" "Sogou web spider/4.0(+http://www.sogou.com/docs/help/webmasters.htm#07)"
157.90.156.63 - - [21/Jun/2026:04:06:11 -0400] "HEAD / HTTP/1.1" 301 0 "http://metrohometrader.com/" "Mozilla/5.0+(compatible; UptimeRobot/2.0; http://www.uptimerobot.com/)"
66.102.9.174 - - [21/Jun/2026:04:08:29 -0400] "HEAD /feed/ HTTP/1.1" 301 0 "-" "FeedBurner/1.0 (http://www.FeedBurner.com)"
66.102.9.161 - - [21/Jun/2026:04:15:55 -0400] "HEAD /feed/ HTTP/1.1" 301 0 "-" "FeedBurner/1.0 (http://www.FeedBurner.com)"
157.90.156.63 - - [21/Jun/2026:04:11:19 -0400] "HEAD / HTTP/1.1" 301 0 "http://metrohometrader.com/" "Mozilla/5.0+(compatible; UptimeRobot/2.0; http://www.uptimerobot.com/)"
52.28.162.93 - - [21/Jun/2026:04:16:27 -0400] "HEAD / HTTP/1.1" 301 0 "http://metrohometrader.com/" "Mozilla/5.0+(compatible; UptimeRobot/2.0; http://www.uptimerobot.com/)"
18.193.252.127 - - [21/Jun/2026:04:21:35 -0400] "HEAD / HTTP/1.1" 301 0 "http://metrohometrader.com/" "Mozilla/5.0+(compatible; UptimeRobot/2.0; http://www.uptimerobot.com/)"
217.29.24.144 - - [21/Jun/2026:04:27:09 -0400] "GET http://metrohometrader.com/buy/mht-real-estate-listings/ HTTP/1.1" 301 795 "-" "Mozilla/5.0 (Macintosh; Intel Mac OS X 10.15; rv:128.0) Gecko/20100101 Firefox/128.0"
3.77.67.4 - - [21/Jun/2026:04:31:44 -0400] "HEAD / HTTP/1.1" 301 0 "http://metrohometrader.com/" "Mozilla/5.0+(compatible; UptimeRobot/2.0; http://www.uptimerobot.com/)"
78.47.98.55 - - [21/Jun/2026:04:26:40 -0400] "HEAD / HTTP/1.1" 301 0 "http://metrohometrader.com/" "Mozilla/5.0+(compatible; UptimeRobot/2.0; http://www.uptimerobot.com/)"
157.90.155.240 - - [21/Jun/2026:04:36:55 -0400] "HEAD / HTTP/1.1" 301 0 "http://metrohometrader.com/" "Mozilla/5.0+(compatible; UptimeRobot/2.0; http://www.uptimerobot.com/)"
185.223.152.214 - - [21/Jun/2026:04:38:45 -0400] "GET / HTTP/1.1" 301 795 "-" "Mozilla/5.0 (Linux; Android 11; SM-G998U1) AppleWebKit/537.36 (KHTML, like Gecko) Chrome/90.0.4430.72 Mobile Safari/537.36 EdgA/90.0.818.42"
128.140.106.114 - - [21/Jun/2026:04:42:03 -0400] "HEAD / HTTP/1.1" 301 0 "http://metrohometrader.com/" "Mozilla/5.0+(compatible; UptimeRobot/2.0; http://www.uptimerobot.com/)"
52.28.162.93 - - [21/Jun/2026:04:47:10 -0400] "HEAD / HTTP/1.1" 301 0 "http://metrohometrader.com/" "Mozilla/5.0+(compatible; UptimeRobot/2.0; http://www.uptimerobot.com/)"
78.47.173.76 - - [21/Jun/2026:04:52:18 -0400] "HEAD / HTTP/1.1" 301 0 "http://metrohometrader.com/" "Mozilla/5.0+(compatible; UptimeRobot/2.0; http://www.uptimerobot.com/)"
20.250.14.139 - - [21/Jun/2026:04:52:46 -0400] "GET /wp-content/plugins/hellopress/wp_filemanager.php HTTP/1.1" 301 795 "-" "-"
20.250.14.139 - - [21/Jun/2026:04:53:10 -0400] "GET /zr-257.php HTTP/1.1" 301 795 "-" "-"
20.250.14.139 - - [21/Jun/2026:04:53:11 -0400] "GET /XrdbXydefault.php HTTP/1.1" 301 795 "-" "-"
20.250.14.139 - - [21/Jun/2026:04:53:12 -0400] "GET /jac.php HTTP/1.1" 301 795 "-" "-"
20.250.14.139 - - [21/Jun/2026:04:53:13 -0400] "GET /122.php HTTP/1.1" 301 795 "-" "-"
20.250.14.139 - - [21/Jun/2026:04:53:14 -0400] "GET /install.php HTTP/1.1" 301 795 "-" "-"
20.250.14.139 - - [21/Jun/2026:04:53:14 -0400] "GET /2ops.php HTTP/1.1" 301 795 "-" "-"
20.250.14.139 - - [21/Jun/2026:04:53:15 -0400] "GET /new.php HTTP/1.1" 301 795 "-" "-"
20.250.14.139 - - [21/Jun/2026:04:53:15 -0400] "GET /asd67.php HTTP/1.1" 301 795 "-" "-"
20.250.14.139 - - [21/Jun/2026:04:53:16 -0400] "GET /1c.php HTTP/1.1" 301 795 "-" "-"
43.165.125.66 - - [21/Jun/2026:04:53:55 -0400] "GET / HTTP/1.1" 301 795 "-" "Mozilla/5.0 (iPhone; CPU iPhone OS 13_2_3 like Mac OS X) AppleWebKit/605.1.15 (KHTML, like Gecko) Version/13.0.3 Mobile/15E148 Safari/604.1"
20.250.14.139 - - [21/Jun/2026:04:54:04 -0400] "GET /dvjul.php HTTP/1.1" 301 795 "-" "-"
20.250.14.139 - - [21/Jun/2026:04:54:05 -0400] "GET /adminner.php HTTP/1.1" 301 795 "-" "-"
20.250.14.139 - - [21/Jun/2026:04:54:19 -0400] "GET /wp-gaib.php HTTP/1.1" 301 795 "-" "-"
20.250.14.139 - - [21/Jun/2026:04:54:29 -0400] "GET /chosen.php HTTP/1.1" 301 795 "-" "-"
20.250.14.139 - - [21/Jun/2026:04:54:30 -0400] "GET /ah25.php HTTP/1.1" 301 795 "-" "-"
20.250.14.139 - - [21/Jun/2026:04:54:30 -0400] "GET /gettest.php HTTP/1.1" 301 795 "-" "-"
20.250.14.139 - - [21/Jun/2026:04:54:31 -0400] "GET /as.php HTTP/1.1" 301 795 "-" "-"
20.250.14.139 - - [21/Jun/2026:04:54:32 -0400] "GET /zoper.php HTTP/1.1" 301 795 "-" "-"
20.250.14.139 - - [21/Jun/2026:04:54:33 -0400] "GET /s2.php HTTP/1.1" 301 795 "-" "-"
20.250.14.139 - - [21/Jun/2026:04:54:33 -0400] "GET /mosty.php HTTP/1.1" 301 795 "-" "-"
20.250.14.139 - - [21/Jun/2026:04:54:35 -0400] "GET /lgonuhol.php HTTP/1.1" 301 795 "-" "-"
20.250.14.139 - - [21/Jun/2026:04:54:36 -0400] "GET /edit.php HTTP/1.1" 301 795 "-" "-"
20.250.14.139 - - [21/Jun/2026:04:54:36 -0400] "GET /zwso.php HTTP/1.1" 301 795 "-" "-"
20.250.14.139 - - [21/Jun/2026:04:54:37 -0400] "GET /300.php HTTP/1.1" 301 795 "-" "-"
20.250.14.139 - - [21/Jun/2026:04:54:37 -0400] "GET /chomu.php HTTP/1.1" 301 795 "-" "-"
20.250.14.139 - - [21/Jun/2026:04:54:38 -0400] "GET /clouds.php HTTP/1.1" 301 795 "-" "-"
20.250.14.139 - - [21/Jun/2026:04:54:38 -0400] "GET /atkno.php HTTP/1.1" 301 795 "-" "-"
20.250.14.139 - - [21/Jun/2026:04:54:39 -0400] "GET /sxlvb.php HTTP/1.1" 301 795 "-" "-"
20.250.14.139 - - [21/Jun/2026:04:54:40 -0400] "GET /lose.php HTTP/1.1" 301 795 "-" "-"
20.250.14.139 - - [21/Jun/2026:04:54:41 -0400] "GET /wp-png.php HTTP/1.1" 301 795 "-" "-"
20.250.14.139 - - [21/Jun/2026:04:54:41 -0400] "GET /blurbs.php HTTP/1.1" 301 795 "-" "-"
20.250.14.139 - - [21/Jun/2026:04:52:57 -0400] "GET /this_is_a_new_hello_world.php HTTP/1.1" 301 795 "-" "-"
20.250.14.139 - - [21/Jun/2026:04:53:11 -0400] "GET /less.php HTTP/1.1" 301 795 "-" "-"
20.250.14.139 - - [21/Jun/2026:04:53:11 -0400] "GET /bepass.php HTTP/1.1" 301 795 "-" "-"
20.250.14.139 - - [21/Jun/2026:04:53:11 -0400] "GET /zc-113.php HTTP/1.1" 301 795 "-" "-"
20.250.14.139 - - [21/Jun/2026:04:53:14 -0400] "GET /gptsh.php HTTP/1.1" 301 795 "-" "-"
20.250.14.139 - - [21/Jun/2026:04:53:15 -0400] "GET /aa.php HTTP/1.1" 301 795 "-" "-"
20.250.14.139 - - [21/Jun/2026:04:53:41 -0400] "GET /wplogbak.php HTTP/1.1" 301 795 "-" "-"
20.250.14.139 - - [21/Jun/2026:04:54:27 -0400] "GET /wp_E1iNrr8v.php HTTP/1.1" 301 795 "-" "-"
20.250.14.139 - - [21/Jun/2026:04:54:28 -0400] "GET /track.php HTTP/1.1" 301 795 "-" "-"
20.250.14.139 - - [21/Jun/2026:04:54:29 -0400] "GET /wp_v3PLmiqy.php HTTP/1.1" 301 795 "-" "-"
20.250.14.139 - - [21/Jun/2026:04:54:29 -0400] "GET /zdd.php HTTP/1.1" 301 795 "-" "-"
20.250.14.139 - - [21/Jun/2026:04:54:31 -0400] "GET /lol.php HTTP/1.1" 301 795 "-" "-"
20.250.14.139 - - [21/Jun/2026:04:54:32 -0400] "GET /nniwi.php HTTP/1.1" 301 795 "-" "-"
20.250.14.139 - - [21/Jun/2026:04:54:33 -0400] "GET /esp.php HTTP/1.1" 301 795 "-" "-"
20.250.14.139 - - [21/Jun/2026:04:54:33 -0400] "GET /bakup.php HTTP/1.1" 301 795 "-" "-"
20.250.14.139 - - [21/Jun/2026:04:54:34 -0400] "GET /hur.php HTTP/1.1" 301 795 "-" "-"
20.250.14.139 - - [21/Jun/2026:04:54:34 -0400] "GET /class.php HTTP/1.1" 301 795 "-" "-"
20.250.14.139 - - [21/Jun/2026:04:54:34 -0400] "GET /fix.php HTTP/1.1" 301 795 "-" "-"
20.250.14.139 - - [21/Jun/2026:04:54:35 -0400] "GET /sixxis.php HTTP/1.1" 301 795 "-" "-"
20.250.14.139 - - [21/Jun/2026:04:54:35 -0400] "GET /wp-curl-file.php HTTP/1.1" 301 795 "-" "-"
20.250.14.139 - - [21/Jun/2026:04:54:36 -0400] "GET /Unlimited.php HTTP/1.1" 301 795 "-" "-"
20.250.14.139 - - [21/Jun/2026:04:54:37 -0400] "GET /wp-acc.php HTTP/1.1" 301 795 "-" "-"
20.250.14.139 - - [21/Jun/2026:04:54:38 -0400] "GET /wsoo.php HTTP/1.1" 301 795 "-" "-"
20.250.14.139 - - [21/Jun/2026:04:54:39 -0400] "GET /cmd.php HTTP/1.1" 301 795 "-" "-"
20.250.14.139 - - [21/Jun/2026:04:54:39 -0400] "GET /hosty.php HTTP/1.1" 301 795 "-" "-"
20.250.14.139 - - [21/Jun/2026:04:54:40 -0400] "GET /wp-cache.php HTTP/1.1" 301 795 "-" "-"
20.250.14.139 - - [21/Jun/2026:04:54:40 -0400] "GET /403.php HTTP/1.1" 301 795 "-" "-"
20.250.14.139 - - [21/Jun/2026:04:54:41 -0400] "GET /wp-X1s2e6h3p7.php HTTP/1.1" 301 795 "-" "-"
20.250.14.139 - - [21/Jun/2026:04:54:42 -0400] "GET /axcv.php HTTP/1.1" 301 795 "-" "-"
20.250.14.139 - - [21/Jun/2026:04:54:42 -0400] "GET /w40.php HTTP/1.1" 301 795 "-" "-"
49.13.24.81 - - [21/Jun/2026:04:57:27 -0400] "HEAD / HTTP/1.1" 301 0 "http://metrohometrader.com/" "Mozilla/5.0+(compatible; UptimeRobot/2.0; http://www.uptimerobot.com/)"
78.47.98.55 - - [21/Jun/2026:05:02:32 -0400] "HEAD / HTTP/1.1" 301 0 "http://metrohometrader.com/" "Mozilla/5.0+(compatible; UptimeRobot/2.0; http://www.uptimerobot.com/)"
52.28.162.93 - - [21/Jun/2026:05:07:38 -0400] "HEAD / HTTP/1.1" 301 0 "http://metrohometrader.com/" "Mozilla/5.0+(compatible; UptimeRobot/2.0; http://www.uptimerobot.com/)"
168.119.96.239 - - [21/Jun/2026:05:12:52 -0400] "HEAD / HTTP/1.1" 301 0 "http://metrohometrader.com/" "Mozilla/5.0+(compatible; UptimeRobot/2.0; http://www.uptimerobot.com/)"
170.106.167.214 - - [21/Jun/2026:05:16:04 -0400] "GET / HTTP/1.1" 301 795 "http://fivestarreal.estate" "Mozilla/5.0 (iPhone; CPU iPhone OS 13_2_3 like Mac OS X) AppleWebKit/605.1.15 (KHTML, like Gecko) Version/13.0.3 Mobile/15E148 Safari/604.1"
49.13.134.145 - - [21/Jun/2026:05:23:10 -0400] "HEAD / HTTP/1.1" 301 0 "http://metrohometrader.com/" "Mozilla/5.0+(compatible; UptimeRobot/2.0; http://www.uptimerobot.com/)"
66.102.9.161 - - [21/Jun/2026:05:24:11 -0400] "HEAD /feed/ HTTP/1.1" 301 0 "-" "FeedBurner/1.0 (http://www.FeedBurner.com)"
66.102.9.161 - - [21/Jun/2026:05:26:02 -0400] "HEAD /feed/ HTTP/1.1" 301 0 "-" "FeedBurner/1.0 (http://www.FeedBurner.com)"
78.46.215.1 - - [21/Jun/2026:05:28:16 -0400] "HEAD / HTTP/1.1" 301 0 "http://metrohometrader.com/" "Mozilla/5.0+(compatible; UptimeRobot/2.0; http://www.uptimerobot.com/)"
52.59.43.236 - - [21/Jun/2026:05:17:59 -0400] "HEAD / HTTP/1.1" 301 0 "http://metrohometrader.com/" "Mozilla/5.0+(compatible; UptimeRobot/2.0; http://www.uptimerobot.com/)"
3.77.67.4 - - [21/Jun/2026:05:33:31 -0400] "HEAD / HTTP/1.1" 301 0 "http://metrohometrader.com/" "Mozilla/5.0+(compatible; UptimeRobot/2.0; http://www.uptimerobot.com/)"
18.193.252.127 - - [21/Jun/2026:05:38:35 -0400] "HEAD / HTTP/1.1" 301 0 "http://metrohometrader.com/" "Mozilla/5.0+(compatible; UptimeRobot/2.0; http://www.uptimerobot.com/)"
43.166.237.57 - - [21/Jun/2026:05:37:18 -0400] "GET / HTTP/1.1" 301 795 "-" "Mozilla/5.0 (iPhone; CPU iPhone OS 13_2_3 like Mac OS X) AppleWebKit/605.1.15 (KHTML, like Gecko) Version/13.0.3 Mobile/15E148 Safari/604.1"
49.13.130.29 - - [21/Jun/2026:05:43:49 -0400] "HEAD / HTTP/1.1" 301 0 "http://metrohometrader.com/" "Mozilla/5.0+(compatible; UptimeRobot/2.0; http://www.uptimerobot.com/)"

Hry